/*
SQLyog Ultimate v8.71 
MySQL - 5.0.95 : Database - 2mperu
*********************************************************************
*/




CREATE DATABASE /*!32312 IF NOT EXISTS*/`2mperu` /*!40100 DEFAULT CHARACTER SET latin1 */;

USE `2mperu`;

/*Table structure for table `accionesadm` */


CREATE TABLE `accionesadm` (
  `IdAccionesAdm` int(11) NOT NULL auto_increment,
  `NombreAccion` varchar(80) default NULL,
  `Accion` varchar(250) default NULL,
  PRIMARY KEY  (`IdAccionesAdm`)
) ENGINE=MyISAM AUTO_INCREMENT=5 DEFAULT CHARSET=latin1;

/*Data for the table `accionesadm` */

insert  into `accionesadm`(`IdAccionesAdm`,`NombreAccion`,`Accion`) values (1,'Dar de baja',NULL),(2,'Asignar a:','PGlucHV0IHR5cGU9InRleHQiIG5hbWU9InZhbHVlYWNjaW9uIiAvPg=='),(3,'Establecer como Campaña:',NULL),(4,'Cambiar Sub Estado:',NULL);

/*Table structure for table `actividades` */


CREATE TABLE `actividades` (
  `IdActividad` int(11) NOT NULL auto_increment,
  `Actividad` varchar(50) NOT NULL,
  `FechaManual` int(11) NOT NULL default '0',
  PRIMARY KEY  (`IdActividad`)
) ENGINE=MyISAM AUTO_INCREMENT=22 DEFAULT CHARSET=utf8;

/*Data for the table `actividades` */

insert  into `actividades`(`IdActividad`,`Actividad`,`FechaManual`) values (2,'BUSQUEDA',0),(3,'IVR',0),(4,'SMS',0),(5,'LLAMADA EFECTUADA',0),(6,'LLAMADA RECIBIDA',0),(7,'VISITA RECIBIDA',0),(8,'ENVIO DE CARTA',1),(9,'ENVIO DE EMAIL',0),(1,'RECEPCION DE EMAIL',1);

/*Table structure for table `ajustecamaradet` */


CREATE TABLE `ajustecamaradet` (
  `id` int(11) NOT NULL auto_increment,
  `idIngresoSalida` int(11) NOT NULL,
  `Fecha` datetime NOT NULL,
  `Usuario` varchar(35) collate latin1_spanish_ci NOT NULL,
  `Comentario` varchar(255) collate latin1_spanish_ci default NULL,
  PRIMARY KEY  (`id`)
) ENGINE=InnoDB AUTO_INCREMENT=2 DEFAULT CHARSET=latin1 COLLATE=latin1_spanish_ci;

/*Data for the table `ajustecamaradet` */

insert  into `ajustecamaradet`(`id`,`idIngresoSalida`,`Fecha`,`Usuario`,`Comentario`) values (1,28,'2015-07-07 11:55:16','Milagros','');

/*Table structure for table `almacen` */


CREATE TABLE `almacen` (
  `NumAlmacen` int(11) NOT NULL auto_increment,
  `NomAlmacen` varchar(100) collate latin1_spanish_ci NOT NULL,
  `ContactoAlmacen` varchar(100) collate latin1_spanish_ci default NULL,
  `UbigeoAlmacen` char(6) collate latin1_spanish_ci default NULL,
  `DireccionAlmacen` varchar(100) collate latin1_spanish_ci default NULL,
  `TelfAlmacen` varchar(9) collate latin1_spanish_ci default NULL,
  `seriefac` int(6) NOT NULL,
  `seriebol` int(6) NOT NULL,
  PRIMARY KEY  (`NumAlmacen`)
) ENGINE=MyISAM AUTO_INCREMENT=12 DEFAULT CHARSET=latin1 COLLATE=latin1_spanish_ci;

/*Data for the table `almacen` */

insert  into `almacen`(`NumAlmacen`,`NomAlmacen`,`ContactoAlmacen`,`UbigeoAlmacen`,`DireccionAlmacen`,`TelfAlmacen`,`seriefac`,`seriebol`) values (9,'ALMACEN TUMBES','ROLANDO MERINO','120101','AV. BOLIVAR NÂ° 232 - TUMBES','943777653',2,2),(10,'ALMACEN TUMBES 2','MONICA HIDALGO','120101','AV. BOLIVAR 300','993101978',6,6),(11,'ALMACEN ZORRITOS','ABIGAIL DE LAMA','120301','AV REPUBLICA DEL PERÃš NÂ° 311','977124313',5,5);

/*Table structure for table `balanza` */


CREATE TABLE `balanza` (
  `campo` varchar(255) collate latin1_spanish_ci default NULL
) ENGINE=InnoDB DEFAULT CHARSET=latin1 COLLATE=latin1_spanish_ci;

/*Data for the table `balanza` */

/*Table structure for table `camal` */


CREATE TABLE `camal` (
  `NumCamal` int(11) NOT NULL auto_increment,
  `NomCamal` varchar(100) collate latin1_spanish_ci NOT NULL,
  `ContactoCamal` varchar(100) collate latin1_spanish_ci default NULL,
  `UbigeoCamal` char(6) collate latin1_spanish_ci default NULL,
  `DireccionCamal` varchar(100) collate latin1_spanish_ci default NULL,
  `TelfCamal` varchar(9) collate latin1_spanish_ci default NULL,
  PRIMARY KEY  (`NumCamal`)
) ENGINE=MyISAM AUTO_INCREMENT=8 DEFAULT CHARSET=latin1 COLLATE=latin1_spanish_ci;

/*Data for the table `camal` */

insert  into `camal`(`NumCamal`,`NomCamal`,`ContactoCamal`,`UbigeoCamal`,`DireccionCamal`,`TelfCamal`) values (1,'Almacen1','carlos','160501','calle2','2222222'),(7,'Tumbes FFVV','PEREZ HERRERA JONH','120101','---','0');

/*Table structure for table `camara` */


CREATE TABLE `camara` (
  `idIngresoSalida` int(11) NOT NULL auto_increment,
  `NumOrden` char(7) collate latin1_spanish_ci default NULL,
  `IdIngCamaraCab` char(30) collate latin1_spanish_ci default NULL,
  `CodCorte` int(11) default NULL,
  `CodCarne` int(11) default NULL,
  `DocIngSalida` varchar(30) collate latin1_spanish_ci NOT NULL,
  `TipoMov` char(1) collate latin1_spanish_ci NOT NULL COMMENT 'Tipo de Movimiento :::::  A - Ingreso por Ajuste stock / I - Ingreso de Camal a Camara / V - Venta / O - Salida Obsequio / M - Ajuste Salida por Mermas o Ajustes',
  `NroPieza` varchar(25) collate latin1_spanish_ci default NULL,
  `IdPieza` varchar(25) collate latin1_spanish_ci default NULL,
  `PartPieza` int(11) default NULL,
  `FechaMovi` datetime NOT NULL,
  `TotalMovimiento` decimal(17,3) NOT NULL COMMENT 'Total Peso por Movimiento',
  `Estado` char(1) collate latin1_spanish_ci NOT NULL default 'A',
  PRIMARY KEY  (`idIngresoSalida`),
  KEY `fk_camara_cortes1_idx` (`CodCorte`),
  KEY `fk_camara_carnes1_idx` (`CodCarne`)
) ENGINE=MyISAM AUTO_INCREMENT=35 DEFAULT CHARSET=latin1 COLLATE=latin1_spanish_ci;

/*Data for the table `camara` */

/*Table structure for table `carnes` */


CREATE TABLE `carnes` (
  `CodCarne` int(11) NOT NULL auto_increment,
  `NomCarne` varchar(200) collate latin1_spanish_ci NOT NULL,
  `EstIntermedCarne` char(1) collate latin1_spanish_ci NOT NULL COMMENT 'S - Pasa por camal / N - Producto directo del proveedor',
  `UndMedidaCarne` decimal(5,1) default '1.0' COMMENT 'Unidad de Medida de Carne por la cual sera divida una res o producto en camal',
  `SalidaParcial` char(1) collate latin1_spanish_ci default 'N' COMMENT 'Todos los productos N-no se podra recojer de camal parcial - S-recojo parcial',
  `Medida` char(1) collate latin1_spanish_ci default 'U' COMMENT 'U -- Unidad / K -- Kilo',
  `CodigoMaterial` varchar(15) collate latin1_spanish_ci NOT NULL,
  `Descripcion` varchar(255) collate latin1_spanish_ci default NULL,
  `CEstado` char(1) collate latin1_spanish_ci default 'A' COMMENT 'A - Alta / B - Baja',
  PRIMARY KEY  (`CodCarne`)
) ENGINE=MyISAM AUTO_INCREMENT=434 DEFAULT CHARSET=latin1 COLLATE=latin1_spanish_ci;

/*Data for the table `carnes` */

insert  into `carnes`(`CodCarne`,`NomCarne`,`EstIntermedCarne`,`UndMedidaCarne`,`SalidaParcial`,`Medida`,`CodigoMaterial`,`Descripcion`,`CEstado`) values (1,'ACC AUDIFONO JAMMIN MIC MARLEY AMARILLO','S','1.0','N','U','AAAJAMMAR1','ACC AUDIFONO JAMMIN MIC MARLEY AMARILLO','A'),(2,'ACC AUDIFONO JAMMIN MIC MARLEY ROJO','S','1.0','N','U','AAAJAMMAR2','ACC AUDIFONO JAMMIN MIC MARLEY ROJO','A'),(3,'ACC AUDIFONO JAMMIN MIC MARLEY VERDE','S','1.0','N','U','AAAJAMMAR3','ACC AUDIFONO JAMMIN MIC MARLEY VERDE','A'),(4,'ACC BOOSTCASE I9300 NEGRO','S','1.0','N','U','AABCI93001','ACC BOOSTCASE I9300 NEGRO','A'),(5,'ACC BOOSTCASE I9300 BLANCO','S','1.0','N','U','AABCI93002','ACC BOOSTCASE I9300 BLANCO','A'),(6,'ACC FLIP COVER SAMSUNG I8190 BLANCO','S','1.0','N','U','AAFCSI8191','ACC FLIP COVER SAMSUNG I8190 BLANCO','A'),(7,'ACC FLIP COVER SAMSUNG I8190 AZUL','S','1.0','N','U','AAFCSI8192','ACC FLIP COVER SAMSUNG I8190 AZUL','A'),(8,'ACC FLIP COVER SAMSUNG I8190 ROSADO','S','1.0','N','U','AAFCSI8193','ACC FLIP COVER SAMSUNG I8190 ROSADO','A'),(9,'ACC FLIP COVER SAMSUNG I8190 CELESTE','S','1.0','N','U','AAFCSI8194','ACC FLIP COVER SAMSUNG I8190 CELESTE','A'),(10,'ACC FLIP COVER SAMSUNG I8190 MARRON','S','1.0','N','U','AAFCSI8195','ACC FLIP COVER SAMSUNG I8190 MARRON','A'),(11,'ACC FLIP COVER SAMSUNG I9300 NEGRO','S','1.0','N','U','AAFCSI9301','ACC FLIP COVER SAMSUNG I9300 NEGRO','A'),(12,'ACC FLIP COVER SAMSUNG I9300 ROJO','S','1.0','N','U','AAFCSI9302','ACC FLIP COVER SAMSUNG I9300 ROJO','A'),(13,'ACC FLIP COVER SAMSUNG I9300 ROSADO','S','1.0','N','U','AAFCSI9303','ACC FLIP COVER SAMSUNG I9300 ROSADO','A'),(14,'ACC FLIP COVER SAMSUNG I9500 NEGRO','S','1.0','N','U','AAFCSI9502','ACC FLIP COVER SAMSUNG I9500 NEGRO','A'),(15,'ACC FLIP COVER SAMSUNG I9500 ROSADO','S','1.0','N','U','AAFCSI9503','ACC FLIP COVER SAMSUNG I9500 ROSADO','A'),(16,'ACC FLIP COVER SAMSUNG I9500 AZUL E','S','1.0','N','U','AAFCSI9504','ACC FLIP COVER SAMSUNG I9500 AZUL E','A'),(17,'ACC FLIP COVER SAMSUNG I9190 NEGRO','S','1.0','N','U','AAFCSSI901','ACC FLIP COVER SAMSUNG I9190 NEGRO','A'),(18,'ACC FLIP COVER SAMSUNG I9190 BLANCO','S','1.0','N','U','AAFCSSI902','ACC FLIP COVER SAMSUNG I9190 BLANCO','A'),(19,'ACC FLIP COVER SAMSUNG I9190 ROSADO','S','1.0','N','U','AAFCSSI903','ACC FLIP COVER SAMSUNG I9190 ROSADO','A'),(20,'ACC FLIP COVER SAMSUNG I9190 CELSTE','S','1.0','N','U','AAFCSSI904','ACC FLIP COVER SAMSUNG I9190 CELSTE','A'),(21,'ANTENA TELEFONO FIJO INALAMBRICO ZTE','S','1.0','N','U','AANTZTE001','ANTENA TELEFONO FIJO INALAMBRICO ZTE','A'),(22,'ACC PARLANTE CHANT PORTATIL MARLEY VERDE','S','1.0','N','U','AAPCPM0001','ACC PARLANTE CHANT PORTATIL MARLEY VERDE','A'),(23,'ACC PROTECTIVE COVER SAMSUNG I9190 AZUL','S','1.0','N','U','AAPCSSI901','ACC PROTECTIVE COVER SAMSUNG I9190 AZUL','A'),(24,'ACC PROTECTIVE COVER SAMSUNG I9190 BLANC','S','1.0','N','U','AAPCSSI902','ACC PROTECTIVE COVER SAMSUNG I9190 BLANC','A'),(25,'ACC PARLANTE SILICONA IPHONE 4S ROJO','S','1.0','N','U','AAPSIP4S01','ACC PARLANTE SILICONA IPHONE 4S ROJO','A'),(26,'ACC PARLANTE SILICONA IPHONE 5 ROJO','S','1.0','N','U','AAPSIP5001','ACC PARLANTE SILICONA IPHONE 5 ROJO','A'),(27,'ACC SV FLIP COVER SAMSUNG I9190 BLANCO','S','1.0','N','U','AASFCSS191','ACC SV FLIP COVER SAMSUNG I9190 BLANCO','A'),(28,'ACC SV FLIP COVER SAMSUNG I9190 NEGRO','S','1.0','N','U','AASFCSS192','ACC SV FLIP COVER SAMSUNG I9190 NEGRO','A'),(29,'ACCESORIO BUMPER NEGRO IPHONE 4','S','1.0','N','U','ABIP400001','ACCESORIO BUMPER NEGRO IPHONE 4','A'),(30,'ACCESORIO CABLE USB IPHONE 5','S','1.0','N','U','ACUSBIP501','ACCESORIO CABLE USB IPHONE 5','A'),(31,'ACCESORIO ADAPTADOR IPHONE 954','S','1.0','N','U','ADUIP95401','ACCESORIO ADAPTADOR IPHONE 954','A'),(32,'ACC FLIP COVER SAMSUNG I9300 BLANCO','S','1.0','N','U','AFCVSI9301','ACC FLIP COVER SAMSUNG I9300 BLANCO','A'),(33,'ACC FLIP COVER SAMSUNG N7000 NARANJA','S','1.0','N','U','AFCVSN7001','ACC FLIP COVER SAMSUNG N7000 NARANJA','A'),(34,'ACC FLIP COVER SAMSUNG N7000 MARRON','S','1.0','N','U','AFCVSN7002','ACC FLIP COVER SAMSUNG N7000 MARRON','A'),(35,'PARLANTES SONY ERICSSON MPS80','S','1.0','N','U','APARE00005','PARLANTES SONY ERICSSON MPS80','A'),(36,'ACCESORIO PORTA MICRO SIM NEGRO IPHONE 4','S','1.0','N','U','APMSIP4001','ACCESORIO PORTA MICRO SIM NEGRO IPHONE 4','A'),(37,'ACCESORIO PORTA SIM NEGRO IPHONE 3G','S','1.0','N','U','APSIP3G001','ACCESORIO PORTA SIM NEGRO IPHONE 3G','A'),(38,'SIM EJECT TOOL IPHONE','S','1.0','N','U','ASETIP0001','SIM EJECT TOOL IPHONE','A'),(39,'CONTROL REMOTO ARION ESTANDAR - HD','S','1.0','N','U','FD18JOROA1','CONTROL REMOTO ARION ESTANDAR - HD','A'),(40,'DECODIFICADOR?ARION AF-5012S','S','1.0','N','U','FD48DCROA1','DECODIFICADORá ARION AF-5012S','A'),(41,'TARJETA SMARTCARD CONAX SMT CD','S','1.0','N','U','FDCNXSMT01','TARJETA SMARTCARD CONAX SMT CD','A'),(42,'DECODIFICADOR HANDAN CD-1004SN','S','1.0','N','U','FDHA4SN001','DECODIFICADOR HANDAN CD-1004SN','A'),(43,'TELEFONO FIJO ASIATELCO AGP-Z800 NEGRO','S','1.0','N','U','FTASAZ8001','FIJO ASIATELCO AGP-Z800','A'),(44,'TELEFONO FIJO ASIATELCO AGP-Z800 BLANCO','S','1.0','N','U','FTASAZ8002','FIJO ASIATELCO AGP-Z800','A'),(45,'TELEFONO FIJO INALM ASIATELCO D800I NEGR','S','1.0','N','U','FTASD800I1','FIJO ASIATELCO D800I','A'),(46,'TELEFONO FIJO INALAMBRICO HUAWEI 3125I','S','1.0','N','U','FTHU3125I1','FIJO HUAWEI ET3125i','A'),(47,'TELEFONO FIJO HUAWEI F316 BLANCO','S','1.0','N','U','FTHUF31601','HUAWEI F316','A'),(48,'TELEFONO FIJO HUAWEI F316 NEGRO','S','1.0','N','U','FTHUF31602','HUAWEI F316','A'),(49,'TELEFONO FIJO HUAWEI F317 NEGRO','S','1.0','N','U','FTHUF31701','TELEFONO FIJO HUAWEI F317','A'),(50,'TELEFONO FIJO HUAWEI F317 BLANCO','S','1.0','N','U','FTHUF31702','TELEFONO FIJO HUAWEI F317','A'),(51,'TELEFONO FIJO MOTOROLA FXC851L GRIS OSCU','S','1.0','N','U','FTMOFXC851','FIJO MOTOROLA FXC851L','A'),(52,'TELEFONO FIJO MOTOROLA FXP853WQ NEGRO','S','1.0','N','U','FTMOFXP851','FIJO MOTOROLA FXP853WQ','A'),(53,'TELEFONO FIJO INALAMBRICO ZTE WP658 NEGR','S','1.0','N','U','FTZTWP6581','FIJO ZTE WP658','A'),(54,'TELEFONO FIJO INALAMBRICO ZTE WP659 NEGR','S','1.0','N','U','FTZTWP6591','ZTE WP659','A'),(55,'TELEFONO FIJO INALAMBRICO ZTE WP659 BLAN','S','1.0','N','U','FTZTWP6592','ZTE WP659','A'),(56,'PELOTA ROJA CON LOGO CLARO','S','1.0','N','U','MECLA00002','PELOTA ROJA CON LOGO CLARO','A'),(57,'TAPASOL CORRUGADO PARA AUTO','S','1.0','N','U','MECLA00007','TAPASOL CORRUGADO PARA AUTO','A'),(58,'GLOBOS ROJOS CON LOGO CLARO','S','1.0','N','U','MECLA00026','GLOBOS ROJOS CON LOGO CLARO','A'),(59,'GLOBO VERTICAL ROJO CON LOGO CLARO','S','1.0','N','U','MECLA00036','GLOBO VERTICAL ROJO CON LOGO CLARO','A'),(60,'PORTA LENTES ROJO CON LOGO CLARO','S','1.0','N','U','MECLA00143','PORTA LENTES ROJO CON LOGO CLARO','A'),(61,'NUEVO LAPICERO PLASTICO ROJO LOGO CLARO','S','1.0','N','U','MECLA00211','NUEVO LAPICERO PLASTICO ROJO LOGO CLARO','A'),(62,'CANGURO ROJO LOGO CLARO','S','1.0','N','U','MECLA00297','CANGURO ROJO LOGO CLARO','A'),(63,'TOMATODO MODELO NUEVO LOGO CLARO','S','1.0','N','U','MECLA00419','TOMATODO MODELO NUEVO LOGO CLARO','A'),(64,'JUEGO DE MEMORIA PROM UNIVERSAL STUDIOS','S','1.0','N','U','MECLA00435','JUEGO DE MEMORIA PROM UNIVERSAL STUDIOS','A'),(65,'CINTA COLGANTE MOTOROLA','S','1.0','N','U','MECLA00476','CINTA COLGANTE MOTOROLA','A'),(66,'BLOCK CLARO CHICO (10X16)','S','1.0','N','U','MECLA00556','BLOCK CLARO CHICO (10X16)','A'),(67,'3TOMATODO CURVO ROJO LOGO CLARO DACS','S','1.0','N','U','MECLA00631','3TOMATODO CURVO ROJO LOGO CLARO DACS','A'),(68,'Gorro rojo modelo 2011','S','1.0','N','U','MECLA00705','Gorro rojo modelo 2011','A'),(69,'Tomatodo rojo masivo','S','1.0','N','U','MECLA00706','Tomatodo rojo masivo','A'),(70,'Lapicero ecol?ico masivo','S','1.0','N','U','MECLA00708','Lapicero ecol?ico masivo','A'),(71,'KIT DE HERRAMIENTAS PORTATIL','S','1.0','N','U','MECLA00775','KIT DE HERRAMIENTAS PORTATIL','A'),(72,'PELOTA ROJA CON LOGO CLARO V&D','S','1.0','N','U','MECLA00828','PELOTA ROJA CON LOGO CLARO V&D','A'),(73,'PORTACARGADOR MOTOROLA','S','1.0','N','U','MECLA00829','PORTACARGADOR MOTOROLA','A'),(74,'BOLSOS MOTOROLA','S','1.0','N','U','MECLA00830','BOLSOS MOTOROLA','A'),(75,'PORTA LATAS MOTOROLA','S','1.0','N','U','MECLA00831','PORTA LATAS MOTOROLA','A'),(76,'Bolso convertible cambrell DACs','S','1.0','N','U','MECLA00841','Bolso convertible cambrell DACs','A'),(77,'Polo Premiun 20/1 c/logo claro DACs','S','1.0','N','U','MECLA00846','Polo Premiun 20/1 c/logo claro DACs','A'),(78,'Kit aromatico -DACs','S','1.0','N','U','MECLA00857','Kit aromatico -DACs','A'),(79,'BOLSO CON ESTUCHE DE PLASTICO ROJO','S','1.0','N','U','MECLA00879','BOLSO CON ESTUCHE DE PLASTICO ROJO','A'),(80,'LLAVERO CON HERRAMIENTAS','S','1.0','N','U','MECLA00880','LLAVERO CON HERRAMIENTAS','A'),(81,'PIZARRA MAGNETICA V & D','S','1.0','N','U','MECLA00917','PIZARRA MAGNETICA V & D','A'),(82,'BOLSO DE ?YUTE V & D','S','1.0','N','U','MECLA00918','BOLSO DE ?YUTE V & D','A'),(83,'LLavero pelota antistress V&D','S','1.0','N','U','MECLA00919','LLavero pelota antistress V&D','A'),(84,'CC- CD 20 a?s Gian Marco','S','1.0','N','U','MECLA00920','CC- CD 20 años Gian Marco','A'),(85,'Polo Dry Fit Talla S-M V&D','S','1.0','N','U','MECLA00923','Polo Dry Fit Talla S-M V&D','A'),(86,'Polo Dry Fit Talle M-L V&D','S','1.0','N','U','MECLA00924','Polo Dry Fit Talle M-L V&D','A'),(87,'Bolsa de Neoprene para Auto','S','1.0','N','U','MECLA00927','Bolsa de Neoprene para Auto','A'),(88,'Acrilico porta celular ancho DACs','S','1.0','N','U','MECLA00928','Acrilico porta celular ancho DACs','A'),(89,'Gel Antibacterial','S','1.0','N','U','MECLA00941','Gel Antibacterial','A'),(90,'Acrilico Portacelular Delgado DACs','S','1.0','N','U','MECLA00942','Acrilico Portacelular Delgado DACs','A'),(91,'Polos pique con cuello m/c rojo V&D','S','1.0','N','U','MECLA00956','Polos pique con cuello m/c rojo V&D','A'),(92,'Flotador Brazo V&D Verano 2014','S','1.0','N','U','MECLA00963','Flotador Brazo V&D Verano 2014','A'),(93,'Polo Blanco Claro Nuevo Logo 2014','S','1.0','N','U','MECLA00986','Polo Blanco Claro Nuevo Logo 2014','A'),(94,'AZUMI KL40 TV NEGRO PB','S','1.0','N','U','PBAKL40TV1','Azumi KL40 TV','A'),(95,'AZUMI KL40 TV BLANCO PB','S','1.0','N','U','PBAKL40TV2','Azumi KL40 TV','A'),(96,'ALCATEL 890 NARANJA PB','S','1.0','N','U','PBAL890002','ALCATEL 890','A'),(97,'ALCATEL OT-5050 POP S3 LTE BLANCO PB','S','1.0','N','U','PBALO50S31','ALCATEL OT5050 POP S3','A'),(98,'ALCATEL OT-5050 POP S3 LTE BLANC AZUL PB','S','1.0','N','U','PBALO50S32','ALCATEL OT5050 POP S3','A'),(99,'ALCATEL OT-5050 POP S3 LTE BLA PB SK8 2','S','1.0','N','U','PBALO50S33','ALCATEL OT5050 POP S3','A'),(100,'ALCATEL OT-5050 POP S3 LTE BLA AZU SK8 2','S','1.0','N','U','PBALO50S34','ALCATEL OT5050 POP S3','A'),(101,'ALCATEL OT-5050 POP S3 LTE BLA PB SK8 3','S','1.0','N','U','PBALO50S35','ALCATEL OT5050 POP S3','A'),(102,'ALCATEL OT-1030A NEGRO PB','S','1.0','N','U','PBALOT30A1','ALCATEL OT-1030A','A'),(103,'ALCATEL OT-1030A BLANCO PB','S','1.0','N','U','PBALOT30A2','ALCATEL OT-1030A','A'),(104,'AZUMI A50C+ NEGRO PB','S','1.0','N','U','PBAZA50CM1','AZUMI A50C+','A'),(105,'AZUMI A50C+ BLANCO PB','S','1.0','N','U','PBAZA50CM2','AZUMI A50C+','A'),(106,'AZUMI ARKIA A35S NEGRO PB','S','1.0','N','U','PBAZAA35S1','AZUMI ARKIA A35S','A'),(107,'AZUMI ARKIA A35S BLANCO PB','S','1.0','N','U','PBAZAA35S2','AZUMI ARKIA A35S','A'),(108,'AZUMI ARKIA A35S NEGRO PB SK8 4.1','S','1.0','N','U','PBAZAA35S5','AZUMI ARKIA A35S','A'),(109,'AZUMI ARKIA A35S BLANCO PB SK8 4.1','S','1.0','N','U','PBAZAA35S6','AZUMI ARKIA A35S','A'),(110,'AZUMI ARKIA A50C NEGRO PB','S','1.0','N','U','PBAZAA50C1','AZUMI A50C','A'),(111,'AZUMI ARKIA AT7 BLANCO PB','S','1.0','N','U','PBAZAAT701','AZUMI ARKIA AT7','A'),(112,'AZUMI KL35 FUCSIA PB','S','1.0','N','U','PBAZKL3503','AZUMI KL35','A'),(113,'AZUMI L2N NEGRO PB','S','1.0','N','U','PBAZL2N001','AZUMI L2N','A'),(114,'AZUMI L2N BLANCO PB','S','1.0','N','U','PBAZL2N002','AZUMI L2N','A'),(115,'AZUMI L2N PLATA PB','S','1.0','N','U','PBAZL2N003','AZUMI L2N','A'),(116,'AZUMI L2Z NEGRO PB SK8 4.1','S','1.0','N','U','PBAZL2Z003','AZUMI L2Z','A'),(117,'AZUMI L2Z BLANCO PB SK8 4.1','S','1.0','N','U','PBAZL2Z004','AZUMI L2Z','A'),(118,'BLACKBERRY 9720 NEGRO PB','S','1.0','N','U','PBBB972001','BLACKBERRY 9720','A'),(119,'BLACKBERRY Q5 BLANCO PB','S','1.0','N','U','PBBBQ50002','BLACKBERRY Q5','A'),(120,'SONY XPERIA J NEGRO PB','S','1.0','N','U','PBEXPERJ01','SONY XPERIA J','A'),(121,'SONY XPERIA J BLANCO PB','S','1.0','N','U','PBEXPERJ02','SONY XPERIA J','A'),(122,'SONY XPERIA J ROSADO PB','S','1.0','N','U','PBEXPERJ03','SONY XPERIA J','A'),(123,'SONY-E XPERIA MIRO NEGRO ROSADO PB','S','1.0','N','U','PBEXPERM02','SONY XPERIA MIRO','A'),(124,'SONY-E XPERIA MIRO BLANCO PB','S','1.0','N','U','PBEXPERM03','SONY XPERIA MIRO','A'),(125,'HUAWEI ASCEND P6 NEGRO PB','S','1.0','N','U','PBHAP60001','HUAWEI ASCEND P6','A'),(126,'HUAWEI ASCEND P6 BLANCO PB','S','1.0','N','U','PBHAP60002','HUAWEI ASCEND P6','A'),(127,'HUAWEI ASCEND P6 ROSADO PB','S','1.0','N','U','PBHAP60003','HUAWEI ASCEND P6','A'),(128,'HUAWEI ASCEND Y320 NEGRO PB','S','1.0','N','U','PBHASY3201','HUAWEI ASCEND Y320','A'),(129,'HUAWEI ASCEND Y320 NEGRO PB PROMO SK8 1','S','1.0','N','U','PBHASY3203','HUAWEI ASCEND Y320','A'),(130,'HUAWEI ASCEND Y320 BLANCO PB PROMO SK8 1','S','1.0','N','U','PBHASY3204','HUAWEI ASCEND Y320','A'),(131,'HTC DESIRE 510 LTE NEGRO PB','S','1.0','N','U','PBHTCD51L1','HTC DESIRE 510','A'),(132,'HTC ONE M8 LTE PLATA OSCURO PB','S','1.0','N','U','PBHTCOM8L1','HTC ONE M8','A'),(133,'HTC ONE M9 LTE PLATA DORADO PB','S','1.0','N','U','PBHTCOM901','HTC ONE M9','A'),(134,'HTC DESIRE 320 GRIS PB','S','1.0','N','U','PBHTDE3201','HTC DESIRE 320','A'),(135,'HTC DESIRE 500 BLANCO AZUL PB','S','1.0','N','U','PBHTDE5003','HTC DESIRE 500','A'),(136,'HTC DESIRE C NEGRO PB','S','1.0','N','U','PBHTDEC001','HTC DESIRE C','A'),(137,'HTC DESIRE C BLANCO PB','S','1.0','N','U','PBHTDEC002','HTC DESIRE C','A'),(138,'HUAWEI ASCEND G620S LTE NEGRO PB','S','1.0','N','U','PBHUAG6201','HUAWEI ASCEND G620S','A'),(139,'HUAWEI ASCEND G620S LTE BLANCO PB','S','1.0','N','U','PBHUAG6202','HUAWEI ASCEND G620S','A'),(140,'HUAWEI ASC G620S LTE NEGRO SK8 3 PB','S','1.0','N','U','PBHUAG6203','HUAWEI ASCEND G620S','A'),(141,'HUAWEI ASC G620S LTE BLANCO SK8 3 PB','S','1.0','N','U','PBHUAG6204','HUAWEI ASCEND G620S','A'),(142,'HUAWEI ASCEND G6 LTE NEGRO PB','S','1.0','N','U','PBHUAG6L01','HUAWEI ASCEND G6','A'),(143,'HUAWEI ASCEND MATE 7 LTE NEGRO PB','S','1.0','N','U','PBHUAMAT71','HUAWEI ASCEND MATE 7','A'),(144,'HUAWEI ASCEND MATE 7 LTE BLANCO PB','S','1.0','N','U','PBHUAMAT72','HUAWEI ASCEND MATE 7','A'),(145,'HUAWEI ASCEND Y330 NEGRO PB','S','1.0','N','U','PBHUAY3301','HUAWEI ASCEND Y330','A'),(146,'HUAWEI ASCEND Y330 BLANCO PB','S','1.0','N','U','PBHUAY3302','HUAWEI ASCEND Y330','A'),(147,'HUAWEI ASCEND Y520 NEGRO PB','S','1.0','N','U','PBHUAY5201','HUAWEI ASCEND Y520','A'),(148,'HUAWEI ASCEND Y520 BLANCO PB','S','1.0','N','U','PBHUAY5202','HUAWEI ASCEND Y520','A'),(149,'HUAWEI Y625 NEGRO PB','S','1.0','N','U','PBHUAY6251','HUAWEI Y625','A'),(150,'HUAWEI Y625 BLANCO PB','S','1.0','N','U','PBHUAY6252','HUAWEI Y625','A'),(151,'HUAWEI U2800 NEGRO PB','S','1.0','N','U','PBHUU28001','HUAWEI U2800','A'),(152,'HUAWEI Y550 LTE NEGRO PB','S','1.0','N','U','PBHUY55001','HUAWEI Y550','A'),(153,'HUAWEI Y550 LTE BLANCO PB','S','1.0','N','U','PBHUY55002','HUAWEI Y550','A'),(154,'HUAWEI Y550 LTE NEGRO PB SK8 3','S','1.0','N','U','PBHUY55003','HUAWEI Y550','A'),(155,'HUAWEI Y550 LTE BLANCO PB SK8 3','S','1.0','N','U','PBHUY55004','HUAWEI Y550','A'),(156,'HUAWEI Y550 LTE NEGRO PB SK8 4','S','1.0','N','U','PBHUY55005','HUAWEI Y550','A'),(157,'HUAWEI Y550 LTE BLANCO PB SK8 4','S','1.0','N','U','PBHUY55006','HUAWEI Y550','A'),(158,'IPHONE 4S 16GB NEGRO PB','S','1.0','N','U','PBIP416G01','Apple IPHONE 4S 16GB','A'),(159,'IPHONE 4S 32GB NEGRO PB','S','1.0','N','U','PBIP432G01','Apple IPHONE 4S 32GB','A'),(160,'IPHONE 4S 64GB NEGRO PB','S','1.0','N','U','PBIP464G01','Apple IPHONE 4S 64GB','A'),(161,'IPHONE 4S 64GB BLANCO PB','S','1.0','N','U','PBIP464G02','Apple IPHONE 4S 64GB','A'),(162,'IPHONE 4 8GB NEGRO PB','S','1.0','N','U','PBIP48GB01','Apple IPHONE 4 8GB','A'),(163,'IPHONE 4 8GB BLANCO PB','S','1.0','N','U','PBIP48GB02','Apple IPHONE 4 8GB','A'),(164,'APPLE IPH 4S 8GB BLACK PB','S','1.0','N','U','PBIP4S8001','Apple IPHONE 4S 8GB','A'),(165,'APPLE IPH 4S 8GB WHITE PB','S','1.0','N','U','PBIP4S8002','Apple IPHONE 4S 8GB','A'),(166,'IPHONE 5 64GB NEGRO PB','S','1.0','N','U','PBIP564001','Apple IPHONE 5 64GB','A'),(167,'IPHONE 5 64GB BLANCO PB','S','1.0','N','U','PBIP564002','Apple IPHONE 5 64GB','A'),(168,'APPLE IPH 5C 16GB WHITE PB','S','1.0','N','U','PBIP5C1601','Apple iPhone 5C 16GB','A'),(169,'APPLE IPH 5C 16GB PINK PB','S','1.0','N','U','PBIP5C1602','Apple iPhone 5C 16GB','A'),(170,'APPLE IPH 5C 16GB YELLOW PB','S','1.0','N','U','PBIP5C1603','Apple iPhone 5C 16GB','A'),(171,'APPLE IPH 5C 16GB GREEN PB','S','1.0','N','U','PBIP5C1605','Apple iPhone 5C 16GB','A'),(172,'APPLE IPH 5C 8GB BLUE PB','S','1.0','N','U','PBIP5C8001','Apple iPhone 5C 8GB','A'),(173,'APPLE IPH 5C 8GB GREEN PB','S','1.0','N','U','PBIP5C8002','Apple iPhone 5C 8GB','A'),(174,'APPLE IPH 5C 8GB PINK PB','S','1.0','N','U','PBIP5C8003','Apple iPhone 5C 8GB','A'),(175,'APPLE IPH 5C 8GB WHITE PB','S','1.0','N','U','PBIP5C8004','Apple iPhone 5C 8GB','A'),(176,'APPLE IPH 5S 16GB SPACE GRAY PB','S','1.0','N','U','PBIP5S1602','Apple iPhone 5S 16GB','A'),(177,'APPLE IPH 5S 16GB GOLD PB','S','1.0','N','U','PBIP5S1603','Apple iPhone 5S 16GB','A'),(178,'APPLE IPH 5S 32GB SPACE GRAY PB','S','1.0','N','U','PBIP5S3201','Apple iPhone 5S 32GB','A'),(179,'APPLE IPH 5S 64GB SPACE GRAY PB','S','1.0','N','U','PBIP5S6401','APPLE IPHONE 5S 64GB','A'),(180,'APPLE IPH 5S 64GB GOLD PB','S','1.0','N','U','PBIP5S6402','APPLE IPHONE 5S 64GB','A'),(181,' APPLE IPH 6 128GB GOLD PB','S','1.0','N','U','PBIP6128G2','Apple IPHONE 6 128GB','A'),(182,'APPLE IPH 6 16GB SPACE GRAY PB','S','1.0','N','U','PBIP616GB1','Apple IPHONE 6 16GB','A'),(183,'APPLE IPH 6 16GB GOLD PB','S','1.0','N','U','PBIP616GB2','Apple IPHONE 6 16GB','A'),(184,'APPLE IPH 6 64GB SPACE GRAY PB','S','1.0','N','U','PBIP664GB1','Apple IPHONE 6 64GB','A'),(185,'APPLE IPH 6 PLUS 128GB SPACE GRAY PB','S','1.0','N','U','PBIP6P1281','APPLE IPHONE 6 PLUS 128GB','A'),(186,' APPLE IPH 6 PLUS 128GB GOLD PB','S','1.0','N','U','PBIP6P1282','APPLE IPHONE 6 PLUS 128GB','A'),(187,'APPLE IPH 6 PLUS 128GB SILVER PB','S','1.0','N','U','PBIP6P1283','APPLE IPHONE 6 PLUS 128GB','A'),(188,'APPLE IPH 6 PLUS 16GB SPACE GRAY PB','S','1.0','N','U','PBIP6P16G1','Apple IPHONE 6 Plus 16GB','A'),(189,'APPLE IPH 6 PLUS 16GB GOLD PB','S','1.0','N','U','PBIP6P16G2','Apple IPHONE 6 Plus 16GB','A'),(190,'APPLE IPH 6 PLUS 16GB SILVER PB','S','1.0','N','U','PBIP6P16G3','Apple IPHONE 6 Plus 16GB','A'),(191,'APPLE IPH 6 PLUS 64GB SPACE GRAY PB','S','1.0','N','U','PBIP6P64G1','Apple IPHONE 6 Plus 64GB','A'),(192,'LENOVO A319 AUPU NEGRO PB','S','1.0','N','U','PBLA319A01','LENOVO A319 AUPU','A'),(193,'LENOVO A606 AVEDA LTE NEGRO PB','S','1.0','N','U','PBLA606A01','LENOVO A606 AVEDA','A'),(194,'LENOVO A606 AVEDA LTE BLANCO PB','S','1.0','N','U','PBLA606A02','LENOVO A606 AVEDA','A'),(195,'LENOVO S820 GRIS OSCURO PB','S','1.0','N','U','PBLES82001','LENOVO S820','A'),(196,'LENOVO S820 BLANCO PB','S','1.0','N','U','PBLES82002','LENOVO S820','A'),(197,'LG A270 NEGRO PB','S','1.0','N','U','PBLGA27001','LG A270','A'),(198,'LG A270 BEIGE PB','S','1.0','N','U','PBLGA27002','LG A270','A'),(199,'PACK BASICO LG A270 NEGRO PB SK8 4','S','1.0','N','U','PBLGA27008','LG A270','A'),(200,'PACK BASICO LG A270 NEGRO SK8 4.1','S','1.0','N','U','PBLGA27009','LG A270','A'),(201,'LG F60 D390 LTE NEGRO PB','S','1.0','N','U','PBLGF60D31','LG F60','A'),(202,'LG F60 D390 LTE BLANCO PB','S','1.0','N','U','PBLGF60D32','LG F60','A'),(203,'LG F60 D390 LTE BLANCO PB SK8 3','S','1.0','N','U','PBLGF60D34','LG F60','A'),(204,'LG F60 D390 LTE NEGRO PB PACK COVER','S','1.0','N','U','PBLGF60D35','LG F60','A'),(205,'LG G3 BEAT D722 LTE NEGRO PB','S','1.0','N','U','PBLGG3BD71','LG G3 BEAT D722','A'),(206,'LG G3 BEAT D722 LTE BLANCO PB','S','1.0','N','U','PBLGG3BD72','LG G3 BEAT D722','A'),(207,'LG G3 BEAT D722 LTE GRIS OSCURO PB','S','1.0','N','U','PBLGG3BD78','LG G3 BEAT D722','A'),(208,'LG G3 D855 LTE NEGRO PB','S','1.0','N','U','PBLGG3D851','LG G3 D855','A'),(209,'LG G3 D855 LTE DORADO PB','S','1.0','N','U','PBLGG3D853','LG G3 D855','A'),(210,'LG G FLEX 2 H955P LTE NEGRO PB','S','1.0','N','U','PBLGGF2H91','LG G FLEX 2 H955P','A'),(211,'LG L20 D100 BLANCO AZUL PB','S','1.0','N','U','PBLGL20D11','LG L20','A'),(212,'LG L20 D100 NEGRO TITAN PB','S','1.0','N','U','PBLGL20D12','LG L20','A'),(213,'LG L20 D100 BLANCO ROSADO PB','S','1.0','N','U','PBLGL20D13','LG L20','A'),(214,'LG L20 D100 NEGRO TITAN PB SK8 3','S','1.0','N','U','PBLGL20D15','LG L20','A'),(215,'LG L20 D100 NEGRO TITAN PB SK8 4','S','1.0','N','U','PBLGL20D17','LG L20','A'),(216,'LG L3 II BLANCO PB','S','1.0','N','U','PBLGL3II02','LG L3 II','A'),(217,'LG L3 II BLANCO VERANO NEFF PB','S','1.0','N','U','PBLGL3II08','LG L3 II','A'),(218,'LG L40 D160 NEGRO PB','S','1.0','N','U','PBLGL40D01','LG L40','A'),(219,'LG L40 D160 BLANCO PB','S','1.0','N','U','PBLGL40D02','LG L40','A'),(220,'LG L40 D160 NEGRO PB FURBY BOOM','S','1.0','N','U','PBLGL40D03','LG L40','A'),(221,'LG L40 D160 BLANCO PB FURBY BOOM','S','1.0','N','U','PBLGL40D04','LG L40','A'),(222,'LG L40 TV D165F NEGRO PB FURBY BOOM','S','1.0','N','U','PBLGL40TV5','LG L40','A'),(223,'LG L4 II NEGRO PB','S','1.0','N','U','PBLGL4II01','LG L4 II','A'),(224,'LG L4 II BLANCO PB','S','1.0','N','U','PBLGL4II02','LG L4 II','A'),(225,'LG L4 II NEGRO PB SP MARLEY','S','1.0','N','U','PBLGL4II03','LG L4 II','A'),(226,'LG L70 PLUS D290 NEGRO PB','S','1.0','N','U','PBLGL70D21','LG L70 PLUS D290','A'),(227,'LG L70 PLUS D290 BLANCO PB','S','1.0','N','U','PBLGL70D22','LG L70 PLUS D290','A'),(228,'LG L70 PLUS D290 NEGRO PB SK8 4.1','S','1.0','N','U','PBLGL70D24','LG L70 PLUS D290','A'),(229,'LG L70 PLUS D290 BLANCO PB SK8 4.1','S','1.0','N','U','PBLGL70D25','LG L70 PLUS D290','A'),(230,'LG L80 D331 NEGRO PB','S','1.0','N','U','PBLGL80D31','LG L80 D331','A'),(231,'LG L80 D331 BLANCO PB','S','1.0','N','U','PBLGL80D32','LG L80 D331','A'),(232,'LG L80 D331 NEGRO PB SK8 4.1','S','1.0','N','U','PBLGL80D35','LG L80 D331','A'),(233,'LG L80 D331 BLANCO PB SK8 4.1','S','1.0','N','U','PBLGL80D36','LG L80 D331','A'),(234,'LG G PRO LITE D680 BLANCO PB','S','1.0','N','U','PBLGPL6802','LG G PRO LITE D680','A'),(235,'LANIX LX7 BLANCO PB','S','1.0','N','U','PBLLX70002','LANIX LX7','A'),(236,'LANIX LX8 NEGRO PB','S','1.0','N','U','PBLLX80001','LANIX LX8','A'),(237,'LANIX LX8 BLANCO PB','S','1.0','N','U','PBLLX80002','LANIX LX8','A'),(238,'LANIX LX8 NEGRO PB SK8 4','S','1.0','N','U','PBLLX80003','LANIX LX8','A'),(239,'LANIX LX8 BLANCO PB SK8 4','S','1.0','N','U','PBLLX80004','LANIX LX8','A'),(240,'LANIX S106 NEGRO PB','S','1.0','N','U','PBLS106001','LANIX S106','A'),(241,'LANIX S106 BLANCO PB','S','1.0','N','U','PBLS106002','LANIX S106','A'),(242,'LANIX S106 NEGRO PB SK8 4','S','1.0','N','U','PBLS106005','LANIX S106','A'),(243,'LANIX W31 NEGRO ROJO PB','S','1.0','N','U','PBLW310002','LANIX W31','A'),(244,'LANIX W32 NEGRO ROJO PB','S','1.0','N','U','PBLW320001','LANIX W32','A'),(245,'LANIX W32 NEGRO GRIS PB','S','1.0','N','U','PBLW320002','LANIX W32','A'),(246,'LANIX W32 NEGRO GRIS PB SK8 3','S','1.0','N','U','PBLW320005','LANIX W32','A'),(247,'LANIX W32 NEGRO GRIS PB SK8 4','S','1.0','N','U','PBLW320006','LANIX W32','A'),(248,'M4TEL SS1060 NEGRO PB','S','1.0','N','U','PBM4SS1061','M4TEL SS1060','A'),(249,'M4TEL SS1060 BLANCO PB','S','1.0','N','U','PBM4SS1062','M4TEL SS1060','A'),(250,'MOTOROLA M E 2ND GEN XT1527 LTE NEGRO PB','S','1.0','N','U','PBME2GXT71','MOTOROLA MOTO E 4G - XT1527','A'),(251,'MOTOROLA MOTO E XT1021 NEGRO PB','S','1.0','N','U','PBMOEXT101','MOTOROLA MOTO E','A'),(252,'MOTOROLA MOTO E XT1021 BLANCO PB','S','1.0','N','U','PBMOEXT102','MOTOROLA MOTO E','A'),(253,'MOTOROLA MOTO E XT1021 BLAN PB PK COVER','S','1.0','N','U','PBMOEXT104','MOTOROLA MOTO E','A'),(254,'MOTOROLA MOTO G 5 XT1063 NEGRO PB','S','1.0','N','U','PBMOG5XT01','MOTOROLA MOTO G 5\"','A'),(255,'MOTOROLA MOTO G FERRARI XT1002 NEGRO PB','S','1.0','N','U','PBMOGFEXT1','MOTOROLA MOTO G FERRARI','A'),(256,'MOTOROLA MOTO G LTE XT1045 NEGRO PB','S','1.0','N','U','PBMOGLTXT1','MOTOROLA MOTO G LTE','A'),(257,'MOTOROLA MOTO G LTE XT1045 BLANCO PB','S','1.0','N','U','PBMOGLTXT2','MOTOROLA MOTO G LTE','A'),(258,'MOTOROLA MOTO G 8GB NEGRO PB','S','1.0','N','U','PBMOMOG801','MOTOROLA MOTO G 8GB','A'),(259,'MOTOROLA MOTO X NEGRO PB','S','1.0','N','U','PBMOXFON01','MOTOROLA MOTO X','A'),(260,'MOTOROLA MOTO X BLANCO PB','S','1.0','N','U','PBMOXFON02','MOTOROLA MOTO X','A'),(261,'MOTOROLA MT X 2 G XT1097 32GB LTE NE PB','S','1.0','N','U','PBMOXT1091','MOTOROLA MOTO X 2','A'),(262,'M4TEL SS1050 NEGRO ROJO PB','S','1.0','N','U','PBMSS10501','M4TEL SS1050','A'),(263,'M4TEL SS1050 BLANCO ROJO PB','S','1.0','N','U','PBMSS10502','M4TEL SS1050','A'),(264,'M4TEL SS1050 ROJO PB','S','1.0','N','U','PBMSS10503','M4TEL SS1050','A'),(265,'M4TEL SS1050 NEGRO ROJO PB SK8 3','S','1.0','N','U','PBMSS10504','M4TEL SS1050','A'),(266,'M4TEL SS1050 BLANCO ROJO PB SK8 3','S','1.0','N','U','PBMSS10505','M4TEL SS1050','A'),(267,'M4TEL SS4045 NEGRO PB','S','1.0','N','U','PBMSS40451','M4TEL SS4045','A'),(268,'M4TEL SS4045 BLANCO PB','S','1.0','N','U','PBMSS40452','M4TEL SS4045','A'),(269,'M4TEL SS4045 BLANCO PB + WHITE WATCH','S','1.0','N','U','PBMSS40456','M4TEL SS4045','A'),(270,'MOTOROLA WX306 GRIS PB','S','1.0','N','U','PBMWX30601','MOTOROLA WX306','A'),(271,'MOTOROLA XT914 NEGRO PB','S','1.0','N','U','PBMXT91401','MOTOROLA RAZR D1 - XT914','A'),(272,'NOKIA 106 NEGRO PB','S','1.0','N','U','PBN1060001','NOKIA 106','A'),(273,'NOKIA 720 BLANCO PB','S','1.0','N','U','PBN7200001','NOKIA LUMIA 720','A'),(274,'NOKIA 720 NEGRO PB','S','1.0','N','U','PBN7200002','NOKIA LUMIA 720','A'),(275,'NOKIA 820 BLANCO PB','S','1.0','N','U','PBN8200001','NOKIA LUMIA 820','A'),(276,'NOKIA 820 NEGRO PB','S','1.0','N','U','PBN8200002','NOKIA LUMIA 820','A'),(277,'NOKIA 920 BLANCO PB','S','1.0','N','U','PBN9200001','NOKIA LUMIA 920','A'),(278,'NOKIA 920 NEGRO PB','S','1.0','N','U','PBN9200002','NOKIA LUMIA 920','A'),(279,'NOKIA 920 AMARILLO PB','S','1.0','N','U','PBN9200003','NOKIA LUMIA 920','A'),(280,'NOKIA 920 ROJO PB','S','1.0','N','U','PBN9200004','NOKIA LUMIA 920','A'),(281,'NOKIA ASHA 503 AMARILLO PB PROMO SK8 1','S','1.0','N','U','PBNA503005','NOKIA ASHA 503','A'),(282,'NOKIA LUMIA 1020 NEGRO PB','S','1.0','N','U','PBNL102001','NOKIA LUMIA 1020','A'),(283,'NOKIA LUMIA 1020 NEGRO PB PROMO SK8 1','S','1.0','N','U','PBNL102002','NOKIA LUMIA 1020','A'),(284,'NOKIA LUMIA 1320 NEGRO PB','S','1.0','N','U','PBNL132001','NOKIA LUMIA 1320','A'),(285,'NOKIA LUMIA 1520 LTE NEGRO PB','S','1.0','N','U','PBNL1520L1','NOKIA LUMIA 1520','A'),(286,'NOKIA LUMIA 1520 LTE BLANCO PB','S','1.0','N','U','PBNL1520L2','NOKIA LUMIA 1520','A'),(287,'NOKIA LUMIA 435 NEGRO PB','S','1.0','N','U','PBNL435001','NOKIA LUMIA 435','A'),(288,'NOKIA LUMIA 530 BLANCO PB','S','1.0','N','U','PBNL530002','Nokia Lumia 530','A'),(289,'NOKIA LUMIA 530 GRIS PB','S','1.0','N','U','PBNL530004','Nokia Lumia 530','A'),(290,'NOKIA LUMIA 530 NARANJA PB','S','1.0','N','U','PBNL530009','Nokia Lumia 530','A'),(291,'NOKIA LUMIA 532 NEGRO PB','S','1.0','N','U','PBNL532001','NOKIA LUMIA 532','A'),(292,'NOKIA LUMIA 532 BLANCO PB','S','1.0','N','U','PBNL532002','NOKIA LUMIA 532','A'),(293,'NOKIA LUMIA 532 NARANJA PB','S','1.0','N','U','PBNL532003','NOKIA LUMIA 532','A'),(294,'NOKIA LUMIA 532 VERDE PB','S','1.0','N','U','PBNL532004','NOKIA LUMIA 532','A'),(295,'NOKIA LUMIA 535 NEGRO PB','S','1.0','N','U','PBNL535001','NOKIA LUMIA 535','A'),(296,'NOKIA LUMIA 535 BLANCO PB','S','1.0','N','U','PBNL535002','NOKIA LUMIA 535','A'),(297,'NOKIA LUMIA 535 NARANJA PB','S','1.0','N','U','PBNL535003','NOKIA LUMIA 535','A'),(298,'NOKIA LUMIA 535 VERDE PB','S','1.0','N','U','PBNL535004','NOKIA LUMIA 535','A'),(299,'NOKIA LUMIA 535 NEGRO SK8 4 PB','S','1.0','N','U','PBNL535005','NOKIA LUMIA 535','A'),(300,'NOKIA LUMIA 620 NEGRO PB','S','1.0','N','U','PBNL620001','NOKIA LUMIA 620','A'),(301,'NOKIA LUMIA 620 BLANCO PB','S','1.0','N','U','PBNL620002','NOKIA LUMIA 620','A'),(302,'NOKIA LUMIA 620 AMARILLO PB','S','1.0','N','U','PBNL620003','NOKIA LUMIA 620','A'),(303,'NOKIA LUMIA 620 ROSADO PB','S','1.0','N','U','PBNL620005','NOKIA LUMIA 620','A'),(304,'NOKIA LUMIA 620 AZUL PB','S','1.0','N','U','PBNL620006','NOKIA LUMIA 620','A'),(305,'NOKIA LUMIA 625 BLANCO PB','S','1.0','N','U','PBNL625002','NOKIA LUMIA 625','A'),(306,'NOKIA LUMIA 635 LTE NEGRO PB','S','1.0','N','U','PBNL635L01','Nokia Lumia 635','A'),(307,'NOKIA LUMIA 635 LTE BLANCO PB','S','1.0','N','U','PBNL635L02','Nokia Lumia 635','A'),(308,'NOKIA LUMIA 735 LTE BLANCO PB','S','1.0','N','U','PBNL735L02','NOKIA LUMIA 735','A'),(309,'NOKIA LUMIA 735 LTE GRIS PB','S','1.0','N','U','PBNL735L03','NOKIA LUMIA 735','A'),(310,'NOKIA LUMIA 830 LTE NEGRO PB','S','1.0','N','U','PBNL830L01','Nokia Lumia 830','A'),(311,'NOKIA LUMIA 925 NEGRO PB','S','1.0','N','U','PBNL925001','NOKIA LUMIA 925','A'),(312,'NOKIA LUMIA 925 NEGRO PB PROMO SK8 1','S','1.0','N','U','PBNL925002','NOKIA LUMIA 925','A'),(313,'SAMSUNG E2220 NEGRO PB','S','1.0','N','U','PBSE220001','SAMSUNG E2220','A'),(314,'SAMSUNG GAL ACE 4 NEO G316ML NEGRO PB','S','1.0','N','U','PBSGANGML1','SAMSUNG GALAXY ACE 4 NEO G316ML','A'),(315,'SAMSUNG GAL ACE 4 NEO G316ML BLANCO PB','S','1.0','N','U','PBSGANGML2','SAMSUNG GALAXY ACE 4 NEO G316ML','A'),(316,'SAMSUNG GAL S6 32GB G920I L NEGRO PB','S','1.0','N','U','PBSGS63G01','SAMSUNG GALAXY S6 32GB G920I','A'),(317,'SAMSUNG GAL S6 32GB G920I L DORADO PB','S','1.0','N','U','PBSGS63G03','SAMSUNG GALAXY S6 32GB G920I','A'),(318,'SAMSUNG GAL S6 ED 32GB G925I L NE PB','S','1.0','N','U','PBSGS6E3G1','SAMSUNG GALAXY S6 EDGE 32GB G925I','A'),(319,'SAMSUNG S5310 BLANCO PB','S','1.0','N','U','PBSI531002','SAMSUNG GALAXY POCKET NEO - S5310','A'),(320,'SAMSUNG I8190 AZUL PB','S','1.0','N','U','PBSI819002','SAMSUNG GALAXY SIII MINI - I8190','A'),(321,'SAMSUNG I8190 NEGRO PB','S','1.0','N','U','PBSI819003','SAMSUNG GALAXY SIII MINI - I8190','A'),(322,'SAMSUNG I9080 BLANCO PB','S','1.0','N','U','PBSI908001','SAMSUNG GALAXY GRAND - I 9080','A'),(323,'SAMSUNG I9080 AZUL PB','S','1.0','N','U','PBSI908002','SAMSUNG GALAXY GRAND - I 9080','A'),(324,'SAMSUNG I9190 NEGRO PB','S','1.0','N','U','PBSI919001','SAMSUNG GALAXY SIV MINI - I9190','A'),(325,'SAMSUNG I9190 BLANCO PB','S','1.0','N','U','PBSI919002','SAMSUNG GALAXY SIV MINI - I9190','A'),(326,'SAMSUNG N5100 BLANCO PB','S','1.0','N','U','PBSN510001','SAMSUNG TABLET NOTE 8 - N5100','A'),(327,'SONY XPERIA Z2 D6503 LTE BLANCO PB','S','1.0','N','U','PBSOXZ2D62','SONY XPERIA Z2 D6503','A'),(328,'SAMSUNG P3100 8GB PLATA MY TAB','S','1.0','N','U','PBSP31MY01','SAMSUNG GALAXY TAB EXPRESO 7 - P3100 (8GB)','A'),(329,'SAMSUNG S5310 PLATA PB','S','1.0','N','U','PBSS531004','SAMSUNG GALAXY POCKET NEO - S5310','A'),(330,'SAMSUNG G ALPHA32GB G850M LTE GRIS OS PB','S','1.0','N','U','PBSSA32GL1','SAMSUNG GALAXY ALPHA 32GB - G850M','A'),(331,'SAMSUNG GAL ALPHA 32GB G850M LTE PLAT PB','S','1.0','N','U','PBSSA32GL3','SAMSUNG GALAXY ALPHA 32GB - G850M','A'),(332,'SAMSUNG G ALP 32GB G850M LTE PL PB SK8 3','S','1.0','N','U','PBSSA32GL7','SAMSUNG GALAXY ALPHA 32GB - G850M','A'),(333,'SAMSUNG GALAXY CORE 2 DUOS G355 NEGRO PB','S','1.0','N','U','PBSSC2DG31','SAMSUNG GALAXY CORE 2 G355','A'),(334,'SAMSUNG GALAXY CORE 2 DUOS G355 BLANC PB','S','1.0','N','U','PBSSC2DG32','SAMSUNG GALAXY CORE 2 G355','A'),(335,'SAMSUNG F250L FAME ROSA PB PRE','S','1.0','N','U','PBSSF25002','SAMSUNG F250L FAME','A'),(336,'SAMSUNG GALAXY A3 A300M LTE NEGRO PB','S','1.0','N','U','PBSSGA3001','SAMSUNG GALAXY A3 A300M','A'),(337,'SAMSUNG GALAXY A3 A300M LTE BLANCO PB','S','1.0','N','U','PBSSGA3002','SAMSUNG GALAXY A3 A300M','A'),(338,'SAMSUNG GAL ACE 3 S7275 LTE NEGRO PB','S','1.0','N','U','PBSSGA3S71','SAMSUNG GALAXY ACE 3','A'),(339,'SAMSUNG GALAXY A5 A500M LTE NEGRO PB','S','1.0','N','U','PBSSGA5001','SAMSUNG GALAXY A5 A500M','A'),(340,'SAMSUNG GALAXY A5 A500M LTE BLANCO PB','S','1.0','N','U','PBSSGA5002','SAMSUNG GALAXY A5 A500M','A'),(341,'SAMSUNG GAL A5 A500M LTE NEGRO PB SK8 3','S','1.0','N','U','PBSSGA5003','SAMSUNG GALAXY A5 A500M','A'),(342,'SAMSUNG GAL A5 A500M L NEG PB GEAR FIT','S','1.0','N','U','PBSSGA5005','SAMSUNG GALAXY A5 A500M','A'),(343,'SAMSUNG GAL ACE STYLE G357F LTE BLANCO P','S','1.0','N','U','PBSSGASG31','SAMSUNG GALAXY ACE STYLE G357F','A'),(344,'SAMSUNG G ACE ST G357F LTE BLANC SK8 3','S','1.0','N','U','PBSSGASG33','SAMSUNG GALAXY ACE STYLE G357F','A'),(345,'SAMSUNG GAL CORE PRIME G360M LT NEGRO PB','S','1.0','N','U','PBSSGCPG31','SAMSUNG GALAXY CORE PRIME G360M','A'),(346,'SAMSUNG GAL CORE PRIM G360M LT BLANCO PB','S','1.0','N','U','PBSSGCPG32','SAMSUNG GALAXY CORE PRIME G360M','A'),(347,'SAMSUNG GALAXY FAME LITE S6790 NEGRO PB','S','1.0','N','U','PBSSGFLS01','SAMSUNG GALAXY FAME LITE - S6790','A'),(348,'SAMSUNG GALAXY FAME LITE S6790 BLANCO PB','S','1.0','N','U','PBSSGFLS02','SAMSUNG GALAXY FAME LITE - S6790','A'),(349,'SAMSUNG GAL FAM LTE S6790 NEG PB P SK8 1','S','1.0','N','U','PBSSGFLS05','SAMSUNG GALAXY FAME LITE - S6790','A'),(350,'SAMSUNG GAL FAM LTE S6790 BLA PB P SK8 1','S','1.0','N','U','PBSSGFLS06','SAMSUNG GALAXY FAME LITE - S6790','A'),(351,'SAMSUNG GAL GRAND PRIM G530M L NEGRO PB','S','1.0','N','U','PBSSGGPG51','SAMSUNG GALAXY GRAND PRIME G530M','A'),(352,'SAMSUNG GAL GRAND PRIM G530M L BLANCO PB','S','1.0','N','U','PBSSGGPG52','SAMSUNG GALAXY GRAND PRIME G530M','A'),(353,'SAMSUNG GAL NOTE 3 LTE N7505 16GB NEGPB','S','1.0','N','U','PBSSGN3161','Samsung Galaxy Note Neo III - N7505 16GB','A'),(354,'SAMSUNG GALAXY POCKET 2 G110 BLANCO PB','S','1.0','N','U','PBSSGP2G12','SAMSUNG GALAXY POCKET 2 G110','A'),(355,'SAMSUNG GALAXY POCKET 2 G110 NEGRO PB','S','1.0','N','U','PBSSGP2G15','SAMSUNG GALAXY POCKET 2 G110','A'),(356,'SAMSUNG GALAXY S4 I9515 LTE NEGRO PB','S','1.0','N','U','PBSSGS4I91','SAMSUNG GALAXY S IV - I9515','A'),(357,'SAMSUNG GALAXY S4 I9515 LTE BLANCO PB','S','1.0','N','U','PBSSGS4I92','SAMSUNG GALAXY S IV - I9515','A'),(358,'SAMSUNG GAL S4 M I9195 LTE BLACK EDIT PB','S','1.0','N','U','PBSSGS4ME1','SAMSUNG GALAXY SIV MINI - I9195','A'),(359,'SAMSUNG I9500 NEGRO PB','S','1.0','N','U','PBSSI95001','SAMSUNG GALAXY S IV - I9500','A'),(360,'SAMSUNG I9500 BLANCO PB','S','1.0','N','U','PBSSI95002','SAMSUNG GALAXY S IV - I9500','A'),(361,'SAMSUNG GAL NOTE 4 32 GB N910C LTE NE PB','S','1.0','N','U','PBSSN4N911','SAMSUNG GALAXY NOTE 4 32 GB - N910C','A'),(362,'SAMSUNG GAL NOTE 4 32 GB N910C LTE BL PB','S','1.0','N','U','PBSSN4N912','SAMSUNG GALAXY NOTE 4 32 GB - N910C','A'),(363,'SAMSUNG GALAXY S5 G900M LTE NEGRO PB','S','1.0','N','U','PBSSS5G901','SAMSUNG GALAXY SV - G900M','A'),(364,'SAMSUNG GALAXY S5 G900M LTE BLANCO PB','S','1.0','N','U','PBSSS5G902','SAMSUNG GALAXY SV - G900M','A'),(365,'SAMSUNG GALAXY S5 MINI G800F LTE NEGR PB','S','1.0','N','U','PBSSS5MG81','SAMSUNG GALAXY S5 MINI G800F','A'),(366,'SAMSUNG GALAXY S5 MINI G800F LTE BLAN PB','S','1.0','N','U','PBSSS5MG82','SAMSUNG GALAXY S5 MINI G800F','A'),(367,'SONY XPERIA E1 D2004 NEGRO PB','S','1.0','N','U','PBSXE1D201','Sony XPERIA E1','A'),(368,'SONY XPERIA E1 D2004 BLANCO PB','S','1.0','N','U','PBSXE1D202','Sony XPERIA E1','A'),(369,'SONY XPERIA E1 D2004 NEGRO PB SK8 3','S','1.0','N','U','PBSXE1D210','SONY XPERIA E1','A'),(370,'SONY XPERIA E3 D2206 LTE NEGRO PB','S','1.0','N','U','PBSXE3D221','SONY XPERIA E3','A'),(371,'SONY XPERIA E3 D2206 LTE BLANCO PB','S','1.0','N','U','PBSXE3D222','SONY XPERIA E3','A'),(372,'SONY XPERIA E3 D2206 LTE VERDE LIMA PB','S','1.0','N','U','PBSXE3D223','SONY XPERIA E3','A'),(373,'SONY XPERIA E3 D2206 LTE NEGRO PB SK8 3','S','1.0','N','U','PBSXE3D224','SONY XPERIA E3','A'),(374,'SONY XPERIA E3 D2206 LTE BLAN PB SK8 3','S','1.0','N','U','PBSXE3D225','SONY XPERIA E3','A'),(375,'SONY XPERIA E3 D2206 LT BLAN PB SK8 4','S','1.0','N','U','PBSXE3D230','SONY XPERIA E3','A'),(376,'SONY XPERIA E4 E2104 NEGRO PB','S','1.0','N','U','PBSXE4E211','SONY XPERIA E4 E2104','A'),(377,'SONY XPERIA E4 E2104 BLANCO PB','S','1.0','N','U','PBSXE4E212','SONY XPERIA E4 E2104','A'),(378,'SONY XPERIA M2 AQUA D2406 LTE NEGRO PB','S','1.0','N','U','PBSXM2AD21','SONY XPERIA M2 AQUA D2406','A'),(379,'SONY XPERIA M2 AQUA D2406 LTE BLANCO PB','S','1.0','N','U','PBSXM2AD22','SONY XPERIA M2 AQUA D2406','A'),(380,'SONY XPERIA Z3 COMPACT D5803 LTE NEG PB','S','1.0','N','U','PBSXZ3CD51','SONY XPERIA Z3 COMPACT','A'),(381,'SONY XPERIA Z3 COMPACT D5803 LTE BLAN PB','S','1.0','N','U','PBSXZ3CD52','SONY XPERIA Z3 COMPACT','A'),(382,'SONY XPERIA Z3 COMP D5803 LTE BLA SK8 3','S','1.0','N','U','PBSXZ3CD54','SONY XPERIA Z3 COMPACT','A'),(383,'SONY XP Z3 D6603 LTE NEGRO PB COVER','S','1.0','N','U','PBSXZ3D610','SONY XPERIA Z3 D6603','A'),(384,'SONY XP Z3 D6603 LTE BLANCO PB COVER','S','1.0','N','U','PBSXZ3D611','SONY XPERIA Z3 D6603','A'),(385,'SONY XPERIA Z3 D6603 LTE NEGRO PB','S','1.0','N','U','PBSXZ3D661','SONY XPERIA Z3 D6603','A'),(386,'SONY XPERIA Z3 D6603 LTE BLANCO PB','S','1.0','N','U','PBSXZ3D662','SONY XPERIA Z3 D6603','A'),(387,'VERYKOOL I121C NEGRO ROJO PB','S','1.0','N','U','PBVKI121C1','VERYKOOL I121C','A'),(388,'VERYKOOL I121C NEGRO AZUL PB','S','1.0','N','U','PBVKI121C2','VERYKOOL I121C','A'),(389,'VERYKOOL I129 NEGRO ROJO PB','S','1.0','N','U','PBVKI12902','VERYKOOL I129','A'),(390,'VK MOBILE S353 BLANCO PB','S','1.0','N','U','PBVKMS3531','Verykool S353','A'),(391,'VK MOBILE S354 BLANCO PB','S','1.0','N','U','PBVKS35402','VERYKOOL S354','A'),(392,'ZTE BLADE APEX 2 LTE NEGRO PB','S','1.0','N','U','PBZTBA2L01','ZTE BLADE APEX 2','A'),(393,'ZTE BLADE APEX 2 LTE NEGRO PB SK8 3','S','1.0','N','U','PBZTBA2L02','ZTE BLADE APEX 2','A'),(394,'ZTE BLADE L2 NEGRO PB','S','1.0','N','U','PBZTBL2001','ZTE BLADE L2','A'),(395,'ZTE BLADE L2 BLANCO PB','S','1.0','N','U','PBZTBL2002','ZTE BLADE L2','A'),(396,'ZTE S505 ROSADO PB','S','1.0','N','U','PBZTS50501','ZTE S505','A'),(397,'MODEM USB ALCATEL X220 7.2 N PD','S','1.0','N','U','PDALX22002','ALCATEL X220 7.2','A'),(398,'PD 2PLAY ROUTER AVVIO HT851W+TF BLANCO','S','1.0','N','U','PDAVHTFT01','AVVIO HT851W','A'),(399,'PD 2PLAY ROUTER AVVIO HT851W+TF NEGRO','S','1.0','N','U','PDAVHTFT02','AVVIO HT851W','A'),(400,'TARJETA MODEM ROUTER HUAWEI B660 NEGRO','S','1.0','N','U','PDHB660001','HUAWEI B660','A'),(401,'TARJ. MODEM USB HUAWEI E3131 S6 BLANCO','S','1.0','N','U','PDHE313101','HUAWEI E3131 S6','A'),(402,'MODEM USB HUAWEI E3531 NEGRO','S','1.0','N','U','PDHE353101','HUAWEI E3531','A'),(403,'MODEM USB HUAWEI E3531 BLANCO','S','1.0','N','U','PDHE353102','HUAWEI E3531','A'),(404,'PD 2PLAY ROUTER HUAWEI B660 +TF BLANCO','S','1.0','N','U','PDHU2PTF01','HUAWEI B660','A'),(405,'PD 2PLAY ROUTER HUAWEI B660 +TF NEGRO','S','1.0','N','U','PDHU2PTF02','HUAWEI B660','A'),(406,'MODEM USB HUAWEI E156 BLANCO PD','S','1.0','N','U','PDHUE15601','HUAWEI E156','A'),(407,'HUAWEI E303 7.2 4GB MODEM BLANCO','S','1.0','N','U','PDHUE30341','HUAWEI E303 7.2 4GB','A'),(408,'MODEM USB HUAWEI E3272 LTE NEGRO PB','S','1.0','N','U','PDHUE32721','HUAWEI E3272 LTE','A'),(409,'MODEM USB HUAWEI E3272 LTE BLANCO PB','S','1.0','N','U','PDHUE32722','HUAWEI E3272 LTE','A'),(410,'HUAWEI E5220 MODEM BLANCO','S','1.0','N','U','PDHUE52201','ROUTER HUAWEI E5220','A'),(411,'PD 2PLAY ROUTER UTS HSDR1351+TFI NEGRO','S','1.0','N','U','PDUT213511','UTStarcom HSDR1351','A'),(412,'MODEM USB ZTE MF197 7.2 NEGRO PD','S','1.0','N','U','PDZT197002','ZTE MF197 7.2','A'),(413,'HUAWEI MEDIAPAD YOUTH BLANCO PT','S','1.0','N','U','PTHUMEDY01','HUAWEI MEDIAPAD YOUTH','A'),(414,'HUAWEI MEDIAPAD YOUTH BLANCO PT SK8 3','S','1.0','N','U','PTHUMEDY02','HUAWEI MEDIAPAD YOUTH','A'),(415,'SAMSUNG P3110 GRIS 8GB PT','S','1.0','N','U','PTSP311002','SAMSUNG P3110','A'),(416,'SAMSUNG GAL T 3 7.0 LITE 8GB T111 BLA PB','S','1.0','N','U','PTSSGT1111','SAMSUNG GALAXY TAB 3 7.0 8GB T111','A'),(417,'SAMSUNG GALAXY TAB 3 7.0 T211 BLANCO PB','S','1.0','N','U','PTSSGT3701','SAMSUNG GALAXY TAB 3 7.0 T211','A'),(418,'SAMSUNG GLXY TAB 3 7.0 T211 BLAN PB BTSK','S','1.0','N','U','PTSSGT3702','SAMSUNG GALAXY TAB 3 7.0 T211','A'),(419,'SAMSUNG GAL TAB S 8.4 T705 LTE BLAN PT','S','1.0','N','U','PTSSGT8401','SAMSUNG GALAXY TAB S 8.4 T705','A'),(420,'XPERIA TABT Z3 COMPACT SGP62 LTE NEG PT','S','1.0','N','U','PTSXCSGPL1','SONY XPERIA TABT Z3 COMPACT SGP62','A'),(421,'SONY XPERIA TABLET Z2 SGP521 LTE NEGR PT','S','1.0','N','U','PTSXZ2SGL1','SONY XPERIA TABLET Z2 SGP521','A'),(422,'TARJETA RECARGA LOTE S/. 10','S','1.0','N','U','RCL1000001','TARJETA RECARGA LOTE S/. 10','A'),(423,'TARJETA RECARGA LOTE S/. 20','S','1.0','N','U','RCL2000001','TARJETA RECARGA LOTE S/. 20','A'),(424,'TARJETA RECARGA LOTE S/. 30','S','1.0','N','U','RCL3000001','TARJETA RECARGA LOTE S/. 30','A'),(425,'TARJETA PREPAGO TELMEX 1533 S/. 3','S','1.0','N','U','RCTX153303','TARJETA PREPAGO TELMEX 1533 S/. 3','A'),(426,'TARJETA PREPAGO TELMEX 1533 S/. 5','S','1.0','N','U','RCTX153305','TARJETA PREPAGO TELMEX 1533 S/. 5','A'),(427,'TARJETA PREPAGO TELMEX 1533 S/. 10','S','1.0','N','U','RCTX153310','TARJETA PREPAGO TELMEX 1533 S/. 10','A'),(428,'TARJETA PREPAGO TELMEX 1533 S/. 20','S','1.0','N','U','RCTX153320','TARJETA PREPAGO TELMEX 1533 S/. 20','A'),(429,'TARJETA PREPAGO TELMEX PERU MUNDO S/. 3','S','1.0','N','U','RCTXPM0003','TARJETA PREPAGO TELMEX PERU MUNDO S/. 3','A'),(430,'TARJETA PREPAGO TELMEX PERU MUNDO S/. 5','S','1.0','N','U','RCTXPM0005','TARJETA PREPAGO TELMEX PERU MUNDO S/. 5','A'),(431,'TARJETA PREPAGO TELMEX PERU MUNDO S/. 10','S','1.0','N','U','RCTXPM0010','TARJETA PREPAGO TELMEX PERU MUNDO S/. 10','A'),(432,'TARJETA PREPAGO TELMEX PERU MUNDO S/. 20','S','1.0','N','U','RCTXPM0020','TARJETA PREPAGO TELMEX PERU MUNDO S/. 20','A');

/*Table structure for table `carteras` */


CREATE TABLE `carteras` (
  `IdCartera` int(3) NOT NULL auto_increment,
  `IdPais` int(11) default NULL,
  `TipAcreedor` varchar(50) default NULL,
  `Acreedor` varchar(50) default NULL,
  `NomCartera` varchar(50) NOT NULL,
  `Originador` varchar(50) default NULL,
  `IdProveedor` varchar(25) NOT NULL,
  `FechInicio` datetime default NULL,
  `Estado` int(1) default NULL,
  `IdProveedorX` varchar(100) default NULL,
  `Notas` varchar(100) default NULL,
  `TipCartera` int(1) default NULL,
  `Registro` timestamp NOT NULL default CURRENT_TIMESTAMP,
  PRIMARY KEY  (`IdCartera`)
) ENGINE=MyISAM AUTO_INCREMENT=3 DEFAULT CHARSET=utf8;

/*Data for the table `carteras` */

insert  into `carteras`(`IdCartera`,`IdPais`,`TipAcreedor`,`Acreedor`,`NomCartera`,`Originador`,`IdProveedor`,`FechInicio`,`Estado`,`IdProveedorX`,`Notas`,`TipCartera`,`Registro`) values (2,NULL,NULL,NULL,'Campaña2',NULL,'sdfsdf',NULL,NULL,NULL,NULL,NULL,'2017-11-17 18:55:50'),(1,NULL,NULL,NULL,'Campaña1',NULL,'sdfsdf',NULL,NULL,NULL,NULL,NULL,'2017-11-17 18:54:01');

/*Table structure for table `clientes` */


CREATE TABLE `clientes` (
  `CodCliente` int(11) NOT NULL auto_increment,
  `IdTipDi` int(1) default NULL,
  `NumDocumento` varchar(11) NOT NULL,
  `Nombre` varchar(200) default NULL,
  `Sexo` int(1) default NULL,
  `Nacimiento` datetime default NULL,
  `EstCivil` int(1) default NULL,
  `Origen` varchar(200) default NULL,
  `Grupo` varchar(200) default NULL,
  `Registro` timestamp NOT NULL default CURRENT_TIMESTAMP,
  `Estado` int(1) NOT NULL default '1',
  PRIMARY KEY  (`CodCliente`)
) ENGINE=MyISAM AUTO_INCREMENT=66 DEFAULT CHARSET=latin1;

/*Data for the table `clientes` */

insert  into `clientes`(`CodCliente`,`IdTipDi`,`NumDocumento`,`Nombre`,`Sexo`,`Nacimiento`,`EstCivil`,`Origen`,`Grupo`,`Registro`,`Estado`) values (1,4,'20100324238','AVICOLA RIO AZUL S A',NULL,NULL,NULL,'INDECOPI','RIO AZUL','2018-04-04 05:30:21',1),(2,4,'20501823041','PUMAHUASI S.A.C',NULL,NULL,NULL,'COLATERALES','RIO AZUL','2018-04-04 05:30:21',1),(3,4,'20386533009','BONAIRE S.A.',NULL,NULL,NULL,'INDECOPI','BONAIRE','2018-04-04 05:30:21',1),(4,4,'20100334624','BRENNTAG PERU SAC',NULL,NULL,NULL,'INDECOPI','BRENNTAG','2018-04-04 05:30:21',1),(5,4,'20113326418','CASAL INGENIEROS S.R.L.',NULL,NULL,NULL,'INDECOPI','CASAL','2018-04-04 05:30:21',1),(6,4,'20518224477','CJ NETCOM S.A.C.',NULL,NULL,NULL,'INDECOPI','NETCOM','2018-04-04 05:30:21',1),(7,4,'20257351450','EMP.DE SERVICIOS GENERALES Y MERCAD.SAC.',NULL,NULL,NULL,'INDECOPI','SERVICIOS GENERALES','2018-04-04 05:30:21',1),(8,4,'20552899645','CORPORACION ESEGEM S.A.C',NULL,NULL,NULL,'COLATERALES','SERVICIOS GENERALES','2018-04-04 05:30:21',1),(9,4,'20120578813','EMPRESA DE TRANSPORTES APOCALIPSIS S.A.',NULL,NULL,NULL,'INDECOPI','APOCALIPSIS','2018-04-04 05:30:21',1),(10,4,'20111641022','EMPRESA DE TRANSPORTES IMPORTACIONES Y SERVICIOS S.A.',NULL,NULL,NULL,'INDECOPI','ETISSA','2018-04-04 05:30:21',1),(11,4,'20307291887','CENTAURO SERVICIOS S.A.C',NULL,NULL,NULL,'COLATERALES','CENTAURO GROUP','2018-04-04 05:30:21',1),(12,4,'20507458999','ESTACION PACHACUTEC S.A.C.',NULL,NULL,NULL,'INDECOPI','CENTAURO GROUP','2018-04-04 05:30:21',1),(13,4,'20508832134','ESTACION SANTA MARGHERITA S.A.C',NULL,NULL,NULL,'COLATERALES','CENTAURO GROUP','2018-04-04 05:30:21',1),(14,4,'20289426486','JANEDUS TRADING S.A.C',NULL,NULL,NULL,'COLATERALES','CENTAURO GROUP','2018-04-04 05:30:21',1),(15,4,'20529792264','ORIUNDO AGRO S.A.C',NULL,NULL,NULL,'COLATERALES','CENTAURO GROUP','2018-04-04 05:30:21',1),(16,4,'20475148607','INVERSIONES FARMACOM S.A',NULL,NULL,NULL,'DISCOVERY','FARMACOM','2018-04-04 05:30:21',1),(17,4,'20554638911','BUEN VIVIR S.A.C',NULL,NULL,NULL,'SEGUIMIENTO','BUEN VIVIR Y LA FAMILIA','2018-04-04 05:30:21',1),(18,4,'20537505321','AAT INTEGRAL SOLUTIONS S.A.C',NULL,NULL,NULL,'GINO','POLINSUMOS','2018-04-04 05:30:21',1),(19,4,'20549011196','P.A. PERU S.A.C',NULL,NULL,NULL,'SEGUIMIENTO','PROFESIONALES ASOCIADOS','2018-04-04 05:30:21',1),(20,4,'20384423508','ACCEAUTO S.A.C.',NULL,NULL,NULL,'AILEEN','ACCEAUTO','2018-04-04 05:30:21',1),(21,4,'20600362977','IDEA 2 GROUP S.A.C',NULL,NULL,NULL,'AILEEN','IDEA 2','2018-04-04 05:30:21',1),(22,4,'20555195444','SUPERINTENDENCIA NACIONAL DE FISCALIZACION LABORAL (SUNAFIL)',NULL,NULL,NULL,'OFISIS','SUNAFIL','2018-04-04 05:30:21',1),(23,4,'20102309180','REPRIND S.A.C (KOKETA)',NULL,NULL,NULL,'AILEEN','KOKETA','2018-04-04 05:30:21',1),(24,4,'20548181063','REPAGRO DEL PERU S.A.C',NULL,NULL,NULL,'AILEEN','KOKETA','2018-04-04 05:30:21',1),(25,4,'20549220518','REPTRADE S.A.C',NULL,NULL,NULL,'AILEEN','KOKETA','2018-04-04 05:30:21',1),(26,4,'20600025326','RUTA INMOBILIARIA S.A.C',NULL,NULL,NULL,'AILEEN','KOKETA','2018-04-04 05:30:21',1),(27,4,'20100065038','RESINPLAST S.A',NULL,NULL,NULL,'SEGUIMIENTO','RESINPLAST','2018-04-04 05:30:21',1),(28,4,'20438297775','COOPERATIVA DE SERVICIOS MULTIPLES CENFROCAFE PERU',NULL,NULL,NULL,'OFISIS','CENFROCAFE','2018-04-04 05:30:21',1),(29,4,'20552836481','IBR PERU S.A',NULL,NULL,NULL,'GINO','IBR','2018-04-04 05:30:21',1),(30,4,'20106832111','GALLEGOS, CASABONNE, ARANGO, QUESADA, INGENIEROS CIVILES S.A.C. / G.C.A.Q. INGENIEROS CIVILES S.A.C',NULL,NULL,NULL,'SEGUIMIENTO','GCAQ INGENIEROS','2018-04-04 05:30:21',1),(31,4,'20600428552','CONSORCIO MUNA',NULL,NULL,NULL,'COLATERALES','GCAQ INGENIEROS','2018-04-04 05:30:21',1),(32,4,'20377313071','EUROPE LATINA BUSINESS S.A',NULL,NULL,NULL,'INDECOPI','PRESSTO PERU','2018-04-04 05:30:21',1),(33,4,'20507730605','EXPLOSUPPORT S.A.C.',NULL,NULL,NULL,'INDECOPI','CP GROUP','2018-04-04 05:30:21',1),(34,4,'20107972090','INST. DE INGENIEROS DE MINAS DEL PERU',NULL,NULL,NULL,'COLATERALES','CP GROUP','2018-04-04 05:30:21',1),(35,4,'20420191601','IPC CENTRO DE SALUD INTEGRAL S.A',NULL,NULL,NULL,'COLATERALES','CP GROUP','2018-04-04 05:30:21',1),(36,4,'20507428143','EXPLOANDES S.A.C',NULL,NULL,NULL,'COLATERALES','CP GROUP','2018-04-04 05:30:21',1),(37,4,'20521873206','CP GROUP S.A.C',NULL,NULL,NULL,'SEGUIMIENTO','CP GROUP','2018-04-04 05:30:21',1),(38,4,'20549295879','EXPLOTRACK S.A.C',NULL,NULL,NULL,'COLATERALES','CP GROUP','2018-04-04 05:30:21',1),(39,4,'20508100206','ALTURAS MINERALS S.A',NULL,NULL,NULL,'COLATERALES','CP GROUP','2018-04-04 05:30:21',1),(40,4,'20600969987','CORISUR PERÚ S.A.C',NULL,NULL,NULL,'COLATERALES','CP GROUP','2018-04-04 05:30:21',1),(41,4,'20518454715','SUMA PROVEEDORES S.A.C',NULL,NULL,NULL,'COLATERALES','CP GROUP','2018-04-04 05:30:21',1),(42,4,'20263566280','HUTE CONTRATISTAS GENERALES S.A.C.',NULL,NULL,NULL,'INDECOPI','HUTE','2018-04-04 05:30:21',1),(43,4,'20524420105','CORPORACION HUTE S.A.C',NULL,NULL,NULL,'COLATERALES','HUTE','2018-04-04 05:30:21',1),(44,4,'20502252918','IMPORT EXPORT D GALA SAC',NULL,NULL,NULL,'INDECOPI','FARAH','2018-04-04 05:30:21',1),(45,4,'20108555191','FARAH S.C.R.L',NULL,NULL,NULL,'COLATERALES','FARAH','2018-04-04 05:30:21',1),(46,4,'20511210152','IMPORTACIONES PAEZ S.A.C',NULL,NULL,NULL,'INDECOPI','PAEZ','2018-04-04 05:30:21',1),(47,4,'20261545617','CALZADO PAEZ S.A.C',NULL,NULL,NULL,'COLATERALES','PAEZ','2018-04-04 05:30:21',1),(48,4,'20302507610','INGENIERIA DE TRAFICO CONTRATISTAS S.R.L',NULL,NULL,NULL,'INDECOPI','INGETRAFIC','2018-04-04 05:30:21',1),(49,4,'20548516774','ROAD SERVICE PERU S.A.C',NULL,NULL,NULL,'COLATERALES','INGETRAFIC','2018-04-04 05:30:21',1),(50,4,'20162842031','CLUB TENNIS LAS TERRAZAS MIRAFLORES',NULL,NULL,NULL,'TIDA','TERRAZAS','2018-04-04 05:30:21',1),(51,4,'20514134155','LATERCER S.A.C',NULL,NULL,NULL,'GINO','LADRILLOS FORTES','2018-04-04 05:30:21',1),(52,4,'20482583106','PLANTA ENVASADORA SANTO TORIBIO GAS S.A.C',NULL,NULL,NULL,'SEGUIMIENTO','SANTO TORIBIO','2018-04-04 05:30:21',1),(53,4,'20481744424','EMPRESA SANTO TORIBIO S.A.C',NULL,NULL,NULL,'SEGUIMIENTO','SANTO TORIBIO','2018-04-04 05:30:21',1),(54,4,'20477595449','ESTACION MIRAFLORES S.A.C',NULL,NULL,NULL,'SEGUIMIENTO','SANTO TORIBIO','2018-04-04 05:30:21',1),(55,4,'20482527966','ESTACION DE SERVICIOS SEBASTIAN S.A.C',NULL,NULL,NULL,'SEGUIMIENTO','SANTO TORIBIO','2018-04-04 05:30:21',1),(56,4,'20600465377','DC EXPRESS S.A.C',NULL,NULL,NULL,'SEGUIMIENTO','SANTO TORIBIO','2018-04-04 05:30:21',1),(57,4,'20477372491','ESTACION VALLE CHICAMA S.A.C',NULL,NULL,NULL,'SEGUIMIENTO','SANTO TORIBIO','2018-04-04 05:30:21',1),(58,4,'20482528008','CONSTRUCTORA WAGNER SEBASTIAN S.A.C  (WC MAQUINARIAS)',NULL,NULL,NULL,'SEGUIMIENTO','SANTO TORIBIO','2018-04-04 05:30:21',1),(59,4,'20559676447','DESEO PUBLICIDAD S.AC.',NULL,NULL,NULL,'SEGUIMIENTO','SANTO TORIBIO','2018-04-04 05:30:21',1),(60,4,'20602367615','COMERCIAL PICHARA PERU S.A.C',NULL,NULL,NULL,'DISCOVERY','PICHARA','2018-04-04 05:30:21',1),(61,4,'20266470453','MTS CONTRATISTAS S.A.C',NULL,NULL,NULL,'COLATERALES','PICHARA','2018-04-04 05:30:21',1),(62,4,'20459669095','LOURDES TELLO LOYOLA S.R.L',NULL,NULL,NULL,'COLATERALES','PICHARA','2018-04-04 05:30:21',1),(63,4,'20510579454','ELECTROANDINA INDUSTRIAL S.A.C',NULL,NULL,NULL,'DISCOVERY','INDURAMA','2018-04-04 05:30:21',1),(64,4,'20390132400','TERBOL PERU S.A.C',NULL,NULL,NULL,'COLATERALES','INDURAMA','2018-04-04 05:30:21',1),(65,4,'20555774983','CACAO DE ORIGEN CACAOSOURCE S.A.C',NULL,NULL,NULL,'COLATERALES','INDURAMA','2018-04-04 05:30:21',1);

/*Table structure for table `clientexcartera` */


CREATE TABLE `clientexcartera` (
  `RegCliente` int(11) NOT NULL auto_increment,
  `CodCliente` int(11) NOT NULL,
  `Tipo_credito` varchar(50) default NULL COMMENT 'directo o tt, aval',
  `IdCartera` int(3) NOT NULL,
  `Cuenta` varchar(50) NOT NULL,
  `Producto` varchar(30) NOT NULL,
  `FechDeuda` datetime default NULL,
  `Moneda` char(1) NOT NULL,
  `Capital` decimal(18,2) NOT NULL,
  `Intereses` decimal(18,2) NOT NULL,
  `Cancelacion` decimal(18,2) NOT NULL,
  `Estadodeuda` decimal(1,0) NOT NULL default '0' COMMENT '0 sin cancelar - 1 cancelada',
  `CODIGO` int(4) NOT NULL,
  `GT` int(11) default NULL,
  `GD` int(11) default NULL,
  `CGeneral` varchar(50) default NULL,
  `UltGestion` datetime default NULL,
  `Calificacion` varchar(120) default NULL,
  `Expediente` varchar(50) default NULL,
  `Registro` timestamp NOT NULL default CURRENT_TIMESTAMP,
  `Estado` int(11) NOT NULL default '1',
  PRIMARY KEY  (`RegCliente`)
) ENGINE=InnoDB DEFAULT CHARSET=latin1;

/*Data for the table `clientexcartera` */

/*Table structure for table `clientexcartera2` */


CREATE TABLE `clientexcartera2` (
  `RegCliente` int(11) NOT NULL auto_increment,
  `CodCliente` int(11) NOT NULL,
  `IdEmpresa` int(11) default NULL,
  `IdCartera` int(11) default NULL,
  `IdUsuario` int(11) default NULL,
  `UltGestion` datetime default NULL,
  `NroGestiones` int(11) default NULL,
  `CGeneral` varchar(200) default NULL,
  `MLS` int(1) default NULL,
  `Codigo` int(4) default NULL,
  `SubSegment` varchar(70) default NULL COMMENT 'DATA SOLO PARA REPORTE',
  `Iniciativa` varchar(70) default NULL,
  `Segment` varchar(70) default NULL,
  `Partners` varchar(100) default NULL,
  `ValidadoAiaps` varchar(70) default NULL,
  `Estado` int(11) default '1',
  `Registro` timestamp NOT NULL default CURRENT_TIMESTAMP,
  PRIMARY KEY  (`RegCliente`),
  KEY `FK_clientexcartera2` (`CodCliente`)
) ENGINE=MyISAM AUTO_INCREMENT=66 DEFAULT CHARSET=latin1;

/*Data for the table `clientexcartera2` */

insert  into `clientexcartera2`(`RegCliente`,`CodCliente`,`IdEmpresa`,`IdCartera`,`IdUsuario`,`UltGestion`,`NroGestiones`,`CGeneral`,`MLS`,`Codigo`,`SubSegment`,`Iniciativa`,`Segment`,`Partners`,`ValidadoAiaps`,`Estado`,`Registro`) values (1,1,NULL,2,1,NULL,NULL,NULL,NULL,NULL,'SM&C COMMERCIAL - SMB','AP DIRECTO','COMMERCIAL','MAGITECH / MESAJIL HERMANOS','10/11/2017',1,'2018-04-04 05:30:21'),(2,2,NULL,2,1,NULL,NULL,NULL,NULL,NULL,'SM&C COMMERCIAL - SMB','AP DIRECTO','COMMERCIAL','MAGITECH / MESAJIL HERMANOS','10/11/2017',1,'2018-04-04 05:30:21'),(3,3,NULL,2,1,NULL,NULL,NULL,NULL,NULL,'SM&C COMMERCIAL - SMB','AP DIRECTO','COMMERCIAL','VALIDAR','10/11/2017',1,'2018-04-04 05:30:21'),(4,4,NULL,2,1,NULL,NULL,NULL,NULL,NULL,'SM&C COMMERCIAL - SMB','AP DIRECTO','COMMERCIAL','CONTRATO COORPORATIVO','10/11/2017',1,'2018-04-04 05:30:21'),(5,5,NULL,2,1,NULL,NULL,NULL,NULL,NULL,'SM&C COMMERCIAL - SMB','AP DIRECTO','COMMERCIAL','VALIDAR','10/11/2017',1,'2018-04-04 05:30:21'),(6,6,NULL,2,1,NULL,NULL,NULL,NULL,NULL,'SM&C COMMERCIAL - SMB','AP DIRECTO','COMMERCIAL','VIDEOSOFT','10/11/2017',1,'2018-04-04 05:30:21'),(7,7,NULL,2,1,NULL,NULL,NULL,NULL,NULL,'SM&C COMMERCIAL - SMB','AP DIRECTO','COMMERCIAL','VALIDAR','SEND',1,'2018-04-04 05:30:21'),(8,8,NULL,2,1,NULL,NULL,NULL,NULL,NULL,'SM&C COMMERCIAL - SMB','AP DIRECTO','COMMERCIAL','VALIDAR','SEND',1,'2018-04-04 05:30:21'),(9,9,NULL,2,1,NULL,NULL,NULL,NULL,NULL,'SM&C COMMERCIAL - SMB','AP DIRECTO','COMMERCIAL','T-INTEGRA','SEND',1,'2018-04-04 05:30:21'),(10,10,NULL,2,1,NULL,NULL,NULL,NULL,NULL,'SM&C COMMERCIAL - SMB','AP DIRECTO','COMMERCIAL','VALIDAR','SEND',1,'2018-04-04 05:30:21'),(11,11,NULL,2,1,NULL,NULL,NULL,NULL,NULL,'SM&C COMMERCIAL - SMB','AP DIRECTO','COMMERCIAL','VALIDAR','SEND',1,'2018-04-04 05:30:21'),(12,12,NULL,2,1,NULL,NULL,NULL,NULL,NULL,'SM&C COMMERCIAL - SMB','AP DIRECTO','COMMERCIAL','VALIDAR','SEND',1,'2018-04-04 05:30:21'),(13,13,NULL,2,1,NULL,NULL,NULL,NULL,NULL,'SM&C COMMERCIAL - SMB','AP DIRECTO','COMMERCIAL','VALIDAR','SEND',1,'2018-04-04 05:30:21'),(14,14,NULL,2,1,NULL,NULL,NULL,NULL,NULL,'SM&C COMMERCIAL - SMB','AP DIRECTO','COMMERCIAL','VALIDAR','SEND',1,'2018-04-04 05:30:21'),(15,15,NULL,2,1,NULL,NULL,NULL,NULL,NULL,'SM&C COMMERCIAL - SMB','AP DIRECTO','COMMERCIAL','VALIDAR','SEND',1,'2018-04-04 05:30:21'),(16,16,NULL,2,1,NULL,NULL,NULL,NULL,NULL,'SM&C COMMERCIAL - SMB','AP DIRECTO','COMMERCIAL','IT SERVICE / GRUPO LEAFAR / TOP SALE / MICRO ADVANCE COMPUTER','SEND',1,'2018-04-04 05:30:21'),(17,17,NULL,2,1,NULL,NULL,NULL,NULL,NULL,'SM&C COMMERCIAL - SMB','AP DIRECTO','COMMERCIAL','VIDEOSOFT','13/11/2017',1,'2018-04-04 05:30:21'),(18,18,NULL,2,1,NULL,NULL,NULL,NULL,NULL,'SM&C COMMERCIAL - SMB','AP DIRECTO','COMMERCIAL','TTC COMPUTER','13/11/2017',1,'2018-04-04 05:30:21'),(19,19,NULL,2,1,NULL,NULL,NULL,NULL,NULL,'SM&C COMMERCIAL - SMB','AP DIRECTO','COMMERCIAL','VALIDAR','13/11/2017',1,'2018-04-04 05:30:21'),(20,20,NULL,2,1,NULL,NULL,NULL,NULL,NULL,'SM&C COMMERCIAL - SMB','AP DIRECTO','COMMERCIAL','MACROMEDIA','SEND',1,'2018-04-04 05:30:21'),(21,21,NULL,2,1,NULL,NULL,NULL,NULL,NULL,'SM&C COMMERCIAL - SMB','AP DIRECTO','COMMERCIAL','CLOUD 365 / GESTION Y SISTEMAS','SEND',1,'2018-04-04 05:30:21'),(22,22,NULL,2,1,NULL,NULL,NULL,NULL,NULL,'SM&C GOVERNMENT - SMB','AP DIRECTO','GOBIERNO','OFISIS','15/11/2017',1,'2018-04-04 05:30:21'),(23,23,NULL,2,1,NULL,NULL,NULL,NULL,NULL,'SM&C COMMERCIAL - SMB','AP DIRECTO','COMMERCIAL','VALIDAR','SEND',1,'2018-04-04 05:30:21'),(24,24,NULL,2,1,NULL,NULL,NULL,NULL,NULL,'SM&C COMMERCIAL - SMB','AP DIRECTO','COMMERCIAL','VALIDAR','SEND',1,'2018-04-04 05:30:21'),(25,25,NULL,2,1,NULL,NULL,NULL,NULL,NULL,'SM&C COMMERCIAL - SMB','AP DIRECTO','COMMERCIAL','VALIDAR','SEND',1,'2018-04-04 05:30:21'),(26,26,NULL,2,1,NULL,NULL,NULL,NULL,NULL,'SM&C COMMERCIAL - SMB','AP DIRECTO','COMMERCIAL','VALIDAR','SEND',1,'2018-04-04 05:30:21'),(27,27,NULL,2,1,NULL,NULL,NULL,NULL,NULL,'SM&C COMMERCIAL - SMB','AP DIRECTO','COMMERCIAL','VIDEOSOFT','SEND',1,'2018-04-04 05:30:21'),(28,28,NULL,2,1,NULL,NULL,NULL,NULL,NULL,'SM&C COMMERCIAL - SMB','AP DIRECTO','COMMERCIAL','OFISIS','SEND',1,'2018-04-04 05:30:21'),(29,29,NULL,2,1,NULL,NULL,NULL,NULL,NULL,'SM&C COMMERCIAL - SMB','AP DIRECTO','COMMERCIAL','SILVER TECH','28/11/2017',1,'2018-04-04 05:30:21'),(30,30,NULL,2,1,NULL,NULL,NULL,NULL,NULL,'SM&C COMMERCIAL - SMB','AP DIRECTO','COMMERCIAL','VALIDAR','28/11/2017',1,'2018-04-04 05:30:21'),(31,31,NULL,2,1,NULL,NULL,NULL,NULL,NULL,'SM&C COMMERCIAL - SMB','AP DIRECTO','COMMERCIAL','VALIDAR','28/11/2017',1,'2018-04-04 05:30:21'),(32,32,NULL,2,1,NULL,NULL,NULL,NULL,NULL,'SM&C COMMERCIAL - SMB','AP DIRECTO','COMMERCIAL','VALIDAR','SEND',1,'2018-04-04 05:30:21'),(33,33,NULL,2,1,NULL,NULL,NULL,NULL,NULL,'SM&C COMMERCIAL - SMB','AP DIRECTO','COMMERCIAL','VALIDAR','SEND',1,'2018-04-04 05:30:21'),(34,34,NULL,2,1,NULL,NULL,NULL,NULL,NULL,'SM&C COMMERCIAL - SMB','AP DIRECTO','COMMERCIAL','VALIDAR','SEND',1,'2018-04-04 05:30:21'),(35,35,NULL,2,1,NULL,NULL,NULL,NULL,NULL,'SM&C COMMERCIAL - SMB','AP DIRECTO','COMMERCIAL','VALIDAR','SEND',1,'2018-04-04 05:30:21'),(36,36,NULL,2,1,NULL,NULL,NULL,NULL,NULL,'SM&C COMMERCIAL - SMB','AP DIRECTO','COMMERCIAL','VALIDAR','SEND',1,'2018-04-04 05:30:21'),(37,37,NULL,2,1,NULL,NULL,NULL,NULL,NULL,'SM&C COMMERCIAL - SMB','AP DIRECTO','COMMERCIAL','VALIDAR','SEND',1,'2018-04-04 05:30:21'),(38,38,NULL,2,1,NULL,NULL,NULL,NULL,NULL,'SM&C COMMERCIAL - SMB','AP DIRECTO','COMMERCIAL','VALIDAR','SEND',1,'2018-04-04 05:30:21'),(39,39,NULL,2,1,NULL,NULL,NULL,NULL,NULL,'SM&C COMMERCIAL - SMB','AP DIRECTO','COMMERCIAL','VALIDAR','SEND',1,'2018-04-04 05:30:21'),(40,40,NULL,2,1,NULL,NULL,NULL,NULL,NULL,'SM&C COMMERCIAL - SMB','AP DIRECTO','COMMERCIAL','VALIDAR','SEND',1,'2018-04-04 05:30:21'),(41,41,NULL,2,1,NULL,NULL,NULL,NULL,NULL,'SM&C COMMERCIAL - SMB','AP DIRECTO','COMMERCIAL','VALIDAR','SEND',1,'2018-04-04 05:30:21'),(42,42,NULL,2,1,NULL,NULL,NULL,NULL,NULL,'SM&C COMMERCIAL - SMB','AP DIRECTO','COMMERCIAL','VALIDAR','SEND',1,'2018-04-04 05:30:21'),(43,43,NULL,2,1,NULL,NULL,NULL,NULL,NULL,'SM&C COMMERCIAL - SMB','AP DIRECTO','COMMERCIAL','VALIDAR','SEND',1,'2018-04-04 05:30:21'),(44,44,NULL,2,1,NULL,NULL,NULL,NULL,NULL,'SM&C COMMERCIAL - SMB','AP DIRECTO','COMMERCIAL','VALIDAR','SEND',1,'2018-04-04 05:30:21'),(45,45,NULL,2,1,NULL,NULL,NULL,NULL,NULL,'SM&C COMMERCIAL - SMB','AP DIRECTO','COMMERCIAL','VALIDAR','SEND',1,'2018-04-04 05:30:21'),(46,46,NULL,2,1,NULL,NULL,NULL,NULL,NULL,'SM&C COMMERCIAL - SMB','AP DIRECTO','COMMERCIAL','VALIDAR','SEND',1,'2018-04-04 05:30:21'),(47,47,NULL,2,1,NULL,NULL,NULL,NULL,NULL,'SM&C COMMERCIAL - SMB','AP DIRECTO','COMMERCIAL','VALIDAR','SEND',1,'2018-04-04 05:30:21'),(48,48,NULL,2,1,NULL,NULL,NULL,NULL,NULL,'SM&C COMMERCIAL - SMB','AP DIRECTO','COMMERCIAL','VALIDAR','SEND',1,'2018-04-04 05:30:21'),(49,49,NULL,2,1,NULL,NULL,NULL,NULL,NULL,'SM&C COMMERCIAL - SMB','AP DIRECTO','COMMERCIAL','VALIDAR','SEND',1,'2018-04-04 05:30:21'),(50,50,NULL,2,1,NULL,NULL,NULL,NULL,NULL,'SM&C COMMERCIAL - SMB','AP DIRECTO','COMMERCIAL','TIDA','SEND',1,'2018-04-04 05:30:21'),(51,51,NULL,2,1,NULL,NULL,NULL,NULL,NULL,'SM&C COMMERCIAL - SMB','AP DIRECTO','COMMERCIAL','DLK','SEND',1,'2018-04-04 05:30:21'),(52,52,NULL,2,1,NULL,NULL,NULL,NULL,NULL,'SM&C COMMERCIAL - SMB','AP DIRECTO','COMMERCIAL','VALIDAR','SEND',1,'2018-04-04 05:30:21'),(53,53,NULL,2,1,NULL,NULL,NULL,NULL,NULL,'SM&C COMMERCIAL - SMB','AP DIRECTO','COMMERCIAL','VIDEOSOFT','SEND',1,'2018-04-04 05:30:21'),(54,54,NULL,2,1,NULL,NULL,NULL,NULL,NULL,'SM&C COMMERCIAL - SMB','AP DIRECTO','COMMERCIAL','VALIDAR','SEND',1,'2018-04-04 05:30:21'),(55,55,NULL,2,1,NULL,NULL,NULL,NULL,NULL,'SM&C COMMERCIAL - SMB','AP DIRECTO','COMMERCIAL','VALIDAR','SEND',1,'2018-04-04 05:30:21'),(56,56,NULL,2,1,NULL,NULL,NULL,NULL,NULL,'SM&C COMMERCIAL - SMB','AP DIRECTO','COMMERCIAL','VALIDAR','SEND',1,'2018-04-04 05:30:21'),(57,57,NULL,2,1,NULL,NULL,NULL,NULL,NULL,'SM&C COMMERCIAL - SMB','AP DIRECTO','COMMERCIAL','VALIDAR','SEND',1,'2018-04-04 05:30:21'),(58,58,NULL,2,1,NULL,NULL,NULL,NULL,NULL,'SM&C COMMERCIAL - SMB','AP DIRECTO','COMMERCIAL','VALIDAR','SEND',1,'2018-04-04 05:30:21'),(59,59,NULL,2,1,NULL,NULL,NULL,NULL,NULL,'SM&C COMMERCIAL - SMB','AP DIRECTO','COMMERCIAL','VALIDAR','SEND',1,'2018-04-04 05:30:21'),(60,60,NULL,2,1,NULL,NULL,NULL,NULL,NULL,'SM&C COMMERCIAL - SMB','AP DIRECTO','COMMERCIAL','OFISIS','SEND',1,'2018-04-04 05:30:21'),(61,61,NULL,2,1,NULL,NULL,NULL,NULL,NULL,'SM&C COMMERCIAL - SMB','AP DIRECTO','COMMERCIAL','VALIDAR','SEND',1,'2018-04-04 05:30:21'),(62,62,NULL,2,1,NULL,NULL,NULL,NULL,NULL,'SM&C COMMERCIAL - SMB','AP DIRECTO','COMMERCIAL','VALIDAR','SEND',1,'2018-04-04 05:30:21'),(63,63,NULL,2,1,NULL,NULL,NULL,NULL,NULL,'SM&C COMMERCIAL - SMB','AP DIRECTO','COMMERCIAL','VALIDAR','SEND',1,'2018-04-04 05:30:21'),(64,64,NULL,2,1,NULL,NULL,NULL,NULL,NULL,'SM&C COMMERCIAL - SMB','AP DIRECTO','COMMERCIAL','VALIDAR','SEND',1,'2018-04-04 05:30:21'),(65,65,NULL,2,1,NULL,NULL,NULL,NULL,NULL,'SM&C COMMERCIAL - SMB','AP DIRECTO','COMMERCIAL','VALIDAR','SEND',1,'2018-04-04 05:30:21');

/*Table structure for table `cod_gestion` */


CREATE TABLE `cod_gestion` (
  `IdCodGestion` int(11) NOT NULL auto_increment,
  `Codigo` int(4) NOT NULL,
  `Descripcion` varchar(100) NOT NULL,
  `Accion` int(11) default NULL,
  `Atraso` int(3) default NULL,
  `Orden` int(11) default NULL,
  `Peso` int(11) default NULL,
  `IdEstadoGestion` int(11) default NULL,
  `tip_contacto` varchar(2) default NULL,
  PRIMARY KEY  (`IdCodGestion`)
) ENGINE=MyISAM AUTO_INCREMENT=50 DEFAULT CHARSET=utf8;

/*Data for the table `cod_gestion` */

insert  into `cod_gestion`(`IdCodGestion`,`Codigo`,`Descripcion`,`Accion`,`Atraso`,`Orden`,`Peso`,`IdEstadoGestion`,`tip_contacto`) values (1,1000,'CLIENTE SIN GESTION',0,0,1,99,1,'3'),(2,1001,'NO CONTESTA - GRABADORA',0,0,17,34,2,'3'),(3,1002,'IVR DE LA EMPRESA',2,0,14,15,2,'1'),(4,1003,'FUERA DE SERVICIO',0,45,16,20,2,'1'),(5,1004,'TELEFONO EQUIVOCADO',0,0,13,19,3,'1'),(6,1005,'PROGRAMACION DE ASESORIA COMERCIAL',2,45,10,17,4,'1'),(7,1006,'AUDITORIA SAM PROGRAMADA',0,45,11,23,4,'1'),(8,1007,'VISITA PROGRAMADA',0,0,18,25,4,'1'),(9,1008,'CONTACTO CON TERCERO EFECTIVA',0,0,12,18,4,'1'),(10,1009,'CONTACTO CON TERCERO NO EFECTIVA',0,0,24,9,4,'1'),(11,1010,'SEGUIMIENTO A ENCARGADO',0,0,19,11,4,'1'),(12,1011,'ESCALA A GERENCIA',0,0,25,82,4,'1'),(13,1012,'INDICA LEGAL (OEM/FPP)',0,0,20,32,4,'2'),(14,1013,'COMPRO - SOFTWARE PENDIENTE',0,0,21,10,5,'2'),(15,1014,'NO CONTACTAR POR ORDEN DE MICROSOFT',0,0,2,36,5,'3'),(16,1015,'ENTREGA DE CERTIFICADO SAM',0,0,3,62,5,'3'),(17,1016,'CUENTAS CORPORATIVAS',0,0,4,64,5,'3'),(18,1017,'EMPRESA INACTIVA',0,0,5,65,5,'3'),(19,1018,'USA SOFTWARE LIBRE U OTROS',0,0,6,37,5,'3'),(20,1019,'NO TIENE EQUIPOS',0,0,7,28,5,'2'),(21,1020,'SUSTENTA QUE ESTA LEGAL',0,0,22,30,5,'3'),(22,1021,'NO CONTACTAR POR ORDEN DE AUTODESK',0,0,23,66,5,'3'),(23,1022,'NO CONTACTAR POR ORDEN DE FGI',0,0,9,22,5,'1'),(25,1024,'BUSQUEDA SIN ÉXITO',0,0,26,67,3,'3'),(32,1032,'IVR',0,0,35,44,7,'2'),(33,1033,'SMS',0,0,35,45,7,'2'),(44,1052,'SMS RECIVIDO',0,0,47,90,7,'2'),(45,1053,'SMS ENVIADO',0,0,47,90,7,'2'),(46,1054,'EMAIL RECIVIDO',0,0,47,90,7,'2'),(47,1055,'EMAIL ENVIADO',0,0,47,91,7,'2'),(49,2002,'test1',1,NULL,NULL,101,7,NULL);

/*Table structure for table `comprobpagos` */


CREATE TABLE `comprobpagos` (
  `id` int(5) NOT NULL auto_increment,
  `Nombre` varchar(20) default NULL COMMENT '0:factura, 1:guia de remision, 2:guia interna',
  PRIMARY KEY  (`id`)
) ENGINE=InnoDB AUTO_INCREMENT=3 DEFAULT CHARSET=latin1;

/*Data for the table `comprobpagos` */

insert  into `comprobpagos`(`id`,`Nombre`) values (0,'Factura'),(1,'Guia de Remision'),(2,'Guia Interna');

/*Table structure for table `compromisos` */


CREATE TABLE `compromisos` (
  `IdCompromiso` int(11) NOT NULL auto_increment,
  `Regcliente` int(11) default NULL,
  `IdTipComp` int(1) default NULL COMMENT '1 pago - 2 visita',
  `FechaComp` datetime default NULL,
  `IdMoneda` int(1) default NULL,
  `Monto` decimal(18,2) default NULL COMMENT '1 sol - 2 dol',
  `Registro` timestamp NOT NULL default CURRENT_TIMESTAMP,
  `Estado` int(1) default NULL,
  PRIMARY KEY  (`IdCompromiso`)
) ENGINE=MyISAM DEFAULT CHARSET=latin1;

/*Data for the table `compromisos` */

/*Table structure for table `contacto` */


CREATE TABLE `contacto` (
  `IdContacto` int(11) NOT NULL auto_increment,
  `CodCliente` int(11) default NULL,
  `Nombre` varchar(200) default NULL,
  `Area` varchar(80) default NULL,
  `NumDocumento` varchar(11) default NULL,
  `FechaActualizacion` datetime default NULL,
  `ModoActualiacion` int(11) default NULL,
  `IdTipContacto` int(11) default NULL COMMENT '1 Empresa, 2 Trabajador',
  `IdUsuario` int(11) default NULL,
  `Registro` timestamp NULL default CURRENT_TIMESTAMP,
  `Estado` int(11) default '1',
  PRIMARY KEY  (`IdContacto`)
) ENGINE=MyISAM AUTO_INCREMENT=201 DEFAULT CHARSET=utf8;

/*Data for the table `contacto` */

insert  into `contacto`(`IdContacto`,`CodCliente`,`Nombre`,`Area`,`NumDocumento`,`FechaActualizacion`,`ModoActualiacion`,`IdTipContacto`,`IdUsuario`,`Registro`,`Estado`) values (1,1,'AVICOLA RIO AZUL S A','','20100324238','2018-04-04 05:30:21',1,1,1,'2018-04-04 05:30:21',1),(2,2,'PUMAHUASI S.A.C','','20501823041','2018-04-04 05:30:21',1,1,1,'2018-04-04 05:30:21',1),(3,3,'BONAIRE S.A.','','20386533009','2018-04-04 05:30:21',1,1,1,'2018-04-04 05:30:21',1),(4,4,'BRENNTAG PERU SAC','','20100334624','2018-04-04 05:30:21',1,1,1,'2018-04-04 05:30:21',1),(5,5,'CASAL INGENIEROS S.R.L.','','20113326418','2018-04-04 05:30:21',1,1,1,'2018-04-04 05:30:21',1),(6,6,'CJ NETCOM S.A.C.','','20518224477','2018-04-04 05:30:21',1,1,1,'2018-04-04 05:30:21',1),(7,7,'EMP.DE SERVICIOS GENERALES Y MERCAD.SAC.','','20257351450','2018-04-04 05:30:21',1,1,1,'2018-04-04 05:30:21',1),(8,8,'CORPORACION ESEGEM S.A.C','','20552899645','2018-04-04 05:30:21',1,1,1,'2018-04-04 05:30:21',1),(9,9,'EMPRESA DE TRANSPORTES APOCALIPSIS S.A.','','20120578813','2018-04-04 05:30:21',1,1,1,'2018-04-04 05:30:21',1),(10,10,'EMPRESA DE TRANSPORTES IMPORTACIONES Y SERVICIOS S.A.','','20111641022','2018-04-04 05:30:21',1,1,1,'2018-04-04 05:30:21',1),(11,11,'CENTAURO SERVICIOS S.A.C','','20307291887','2018-04-04 05:30:21',1,1,1,'2018-04-04 05:30:21',1),(12,12,'ESTACION PACHACUTEC S.A.C.','','20507458999','2018-04-04 05:30:21',1,1,1,'2018-04-04 05:30:21',1),(13,13,'ESTACION SANTA MARGHERITA S.A.C','','20508832134','2018-04-04 05:30:21',1,1,1,'2018-04-04 05:30:21',1),(14,14,'JANEDUS TRADING S.A.C','','20289426486','2018-04-04 05:30:21',1,1,1,'2018-04-04 05:30:21',1),(15,15,'ORIUNDO AGRO S.A.C','','20529792264','2018-04-04 05:30:21',1,1,1,'2018-04-04 05:30:21',1),(16,16,'INVERSIONES FARMACOM S.A','','20475148607','2018-04-04 05:30:21',1,1,1,'2018-04-04 05:30:21',1),(17,17,'BUEN VIVIR S.A.C','','20554638911','2018-04-04 05:30:21',1,1,1,'2018-04-04 05:30:21',1),(18,18,'AAT INTEGRAL SOLUTIONS S.A.C','','20537505321','2018-04-04 05:30:21',1,1,1,'2018-04-04 05:30:21',1),(19,19,'P.A. PERU S.A.C','','20549011196','2018-04-04 05:30:21',1,1,1,'2018-04-04 05:30:21',1),(20,20,'ACCEAUTO S.A.C.','','20384423508','2018-04-04 05:30:21',1,1,1,'2018-04-04 05:30:21',1),(21,21,'IDEA 2 GROUP S.A.C','','20600362977','2018-04-04 05:30:21',1,1,1,'2018-04-04 05:30:21',1),(22,22,'SUPERINTENDENCIA NACIONAL DE FISCALIZACION LABORAL (SUNAFIL)','','20555195444','2018-04-04 05:30:21',1,1,1,'2018-04-04 05:30:21',1),(23,23,'REPRIND S.A.C (KOKETA)','','20102309180','2018-04-04 05:30:21',1,1,1,'2018-04-04 05:30:21',1),(24,24,'REPAGRO DEL PERU S.A.C','','20548181063','2018-04-04 05:30:21',1,1,1,'2018-04-04 05:30:21',1),(25,25,'REPTRADE S.A.C','','20549220518','2018-04-04 05:30:21',1,1,1,'2018-04-04 05:30:21',1),(26,26,'RUTA INMOBILIARIA S.A.C','','20600025326','2018-04-04 05:30:21',1,1,1,'2018-04-04 05:30:21',1),(27,27,'RESINPLAST S.A','','20100065038','2018-04-04 05:30:21',1,1,1,'2018-04-04 05:30:21',1),(28,28,'COOPERATIVA DE SERVICIOS MULTIPLES CENFROCAFE PERU','','20438297775','2018-04-04 05:30:21',1,1,1,'2018-04-04 05:30:21',1),(29,29,'IBR PERU S.A','','20552836481','2018-04-04 05:30:21',1,1,1,'2018-04-04 05:30:21',1),(30,30,'GALLEGOS, CASABONNE, ARANGO, QUESADA, INGENIEROS CIVILES S.A.C. / G.C.A.Q. INGENIEROS CIVILES S.A.C','','20106832111','2018-04-04 05:30:21',1,1,1,'2018-04-04 05:30:21',1),(31,31,'CONSORCIO MUNA','','20600428552','2018-04-04 05:30:21',1,1,1,'2018-04-04 05:30:21',1),(32,32,'EUROPE LATINA BUSINESS S.A','','20377313071','2018-04-04 05:30:21',1,1,1,'2018-04-04 05:30:21',1),(33,33,'EXPLOSUPPORT S.A.C.','','20507730605','2018-04-04 05:30:21',1,1,1,'2018-04-04 05:30:21',1),(34,34,'INST. DE INGENIEROS DE MINAS DEL PERU','','20107972090','2018-04-04 05:30:21',1,1,1,'2018-04-04 05:30:21',1),(35,35,'IPC CENTRO DE SALUD INTEGRAL S.A','','20420191601','2018-04-04 05:30:21',1,1,1,'2018-04-04 05:30:21',1),(36,36,'EXPLOANDES S.A.C','','20507428143','2018-04-04 05:30:21',1,1,1,'2018-04-04 05:30:21',1),(37,37,'CP GROUP S.A.C','','20521873206','2018-04-04 05:30:21',1,1,1,'2018-04-04 05:30:21',1),(38,38,'EXPLOTRACK S.A.C','','20549295879','2018-04-04 05:30:21',1,1,1,'2018-04-04 05:30:21',1),(39,39,'ALTURAS MINERALS S.A','','20508100206','2018-04-04 05:30:21',1,1,1,'2018-04-04 05:30:21',1),(40,40,'CORISUR PERÚ S.A.C','','20600969987','2018-04-04 05:30:21',1,1,1,'2018-04-04 05:30:21',1),(41,41,'SUMA PROVEEDORES S.A.C','','20518454715','2018-04-04 05:30:21',1,1,1,'2018-04-04 05:30:21',1),(42,42,'HUTE CONTRATISTAS GENERALES S.A.C.','','20263566280','2018-04-04 05:30:21',1,1,1,'2018-04-04 05:30:21',1),(43,43,'CORPORACION HUTE S.A.C','','20524420105','2018-04-04 05:30:21',1,1,1,'2018-04-04 05:30:21',1),(44,44,'IMPORT EXPORT D GALA SAC','','20502252918','2018-04-04 05:30:21',1,1,1,'2018-04-04 05:30:21',1),(45,45,'FARAH S.C.R.L','','20108555191','2018-04-04 05:30:21',1,1,1,'2018-04-04 05:30:21',1),(46,46,'IMPORTACIONES PAEZ S.A.C','','20511210152','2018-04-04 05:30:21',1,1,1,'2018-04-04 05:30:21',1),(47,47,'CALZADO PAEZ S.A.C','','20261545617','2018-04-04 05:30:21',1,1,1,'2018-04-04 05:30:21',1),(48,48,'INGENIERIA DE TRAFICO CONTRATISTAS S.R.L','','20302507610','2018-04-04 05:30:21',1,1,1,'2018-04-04 05:30:21',1),(49,49,'ROAD SERVICE PERU S.A.C','','20548516774','2018-04-04 05:30:21',1,1,1,'2018-04-04 05:30:21',1),(50,50,'CLUB TENNIS LAS TERRAZAS MIRAFLORES','','20162842031','2018-04-04 05:30:21',1,1,1,'2018-04-04 05:30:21',1),(51,51,'LATERCER S.A.C','','20514134155','2018-04-04 05:30:21',1,1,1,'2018-04-04 05:30:21',1),(52,52,'PLANTA ENVASADORA SANTO TORIBIO GAS S.A.C','','20482583106','2018-04-04 05:30:21',1,1,1,'2018-04-04 05:30:21',1),(53,53,'EMPRESA SANTO TORIBIO S.A.C','','20481744424','2018-04-04 05:30:21',1,1,1,'2018-04-04 05:30:21',1),(54,54,'ESTACION MIRAFLORES S.A.C','','20477595449','2018-04-04 05:30:21',1,1,1,'2018-04-04 05:30:21',1),(55,55,'ESTACION DE SERVICIOS SEBASTIAN S.A.C','','20482527966','2018-04-04 05:30:21',1,1,1,'2018-04-04 05:30:21',1),(56,56,'DC EXPRESS S.A.C','','20600465377','2018-04-04 05:30:21',1,1,1,'2018-04-04 05:30:21',1),(57,57,'ESTACION VALLE CHICAMA S.A.C','','20477372491','2018-04-04 05:30:21',1,1,1,'2018-04-04 05:30:21',1),(58,58,'CONSTRUCTORA WAGNER SEBASTIAN S.A.C  (WC MAQUINARIAS)','','20482528008','2018-04-04 05:30:21',1,1,1,'2018-04-04 05:30:21',1),(59,59,'DESEO PUBLICIDAD S.AC.','','20559676447','2018-04-04 05:30:21',1,1,1,'2018-04-04 05:30:21',1),(60,60,'COMERCIAL PICHARA PERU S.A.C','','20602367615','2018-04-04 05:30:21',1,1,1,'2018-04-04 05:30:21',1),(61,61,'MTS CONTRATISTAS S.A.C','','20266470453','2018-04-04 05:30:21',1,1,1,'2018-04-04 05:30:21',1),(62,62,'LOURDES TELLO LOYOLA S.R.L','','20459669095','2018-04-04 05:30:21',1,1,1,'2018-04-04 05:30:21',1),(63,63,'ELECTROANDINA INDUSTRIAL S.A.C','','20510579454','2018-04-04 05:30:21',1,1,1,'2018-04-04 05:30:21',1),(64,64,'TERBOL PERU S.A.C','','20390132400','2018-04-04 05:30:21',1,1,1,'2018-04-04 05:30:21',1),(65,65,'CACAO DE ORIGEN CACAOSOURCE S.A.C','','20555774983','2018-04-04 05:30:21',1,1,1,'2018-04-04 05:30:21',1),(66,1,'gabriel lopez','soporte','20100324238','2018-04-04 06:31:49',1,2,1,'2018-04-04 05:30:21',1),(67,2,'','','20501823041','2018-04-04 05:30:21',1,2,1,'2018-04-04 05:30:21',1),(68,3,'','','20386533009','2018-04-04 05:30:21',1,2,1,'2018-04-04 05:30:21',1),(69,4,'','','20100334624','2018-04-04 05:30:21',1,2,1,'2018-04-04 05:30:21',1),(70,5,'','','20113326418','2018-04-04 05:30:21',1,2,1,'2018-04-04 05:30:21',1),(71,6,'','','20518224477','2018-04-04 05:30:21',1,2,1,'2018-04-04 05:30:21',1),(72,7,'','','20257351450','2018-04-04 05:30:21',1,2,1,'2018-04-04 05:30:21',1),(73,8,'','','20552899645','2018-04-04 05:30:21',1,2,1,'2018-04-04 05:30:21',1),(74,9,'','','20120578813','2018-04-04 05:30:21',1,2,1,'2018-04-04 05:30:21',1),(75,10,'','','20111641022','2018-04-04 05:30:21',1,2,1,'2018-04-04 05:30:21',1),(76,11,'','','20307291887','2018-04-04 05:30:21',1,2,1,'2018-04-04 05:30:21',1),(77,12,'','','20507458999','2018-04-04 05:30:21',1,2,1,'2018-04-04 05:30:21',1),(78,13,'','','20508832134','2018-04-04 05:30:21',1,2,1,'2018-04-04 05:30:21',1),(79,14,'','','20289426486','2018-04-04 05:30:21',1,2,1,'2018-04-04 05:30:21',1),(80,15,'','','20529792264','2018-04-04 05:30:21',1,2,1,'2018-04-04 05:30:21',1),(81,16,'','','20475148607','2018-04-04 05:30:21',1,2,1,'2018-04-04 05:30:21',1),(82,17,'','','20554638911','2018-04-04 05:30:21',1,2,1,'2018-04-04 05:30:21',1),(83,18,'','','20537505321','2018-04-04 05:30:21',1,2,1,'2018-04-04 05:30:21',1),(84,19,'','','20549011196','2018-04-04 05:30:21',1,2,1,'2018-04-04 05:30:21',1),(85,20,'','','20384423508','2018-04-04 05:30:21',1,2,1,'2018-04-04 05:30:21',1),(86,21,'','','20600362977','2018-04-04 05:30:21',1,2,1,'2018-04-04 05:30:21',1),(87,22,'','','20555195444','2018-04-04 05:30:21',1,2,1,'2018-04-04 05:30:21',1),(88,23,'','','20102309180','2018-04-04 05:30:21',1,2,1,'2018-04-04 05:30:21',1),(89,24,'','','20548181063','2018-04-04 05:30:21',1,2,1,'2018-04-04 05:30:21',1),(90,25,'','','20549220518','2018-04-04 05:30:21',1,2,1,'2018-04-04 05:30:21',1),(91,26,'','','20600025326','2018-04-04 05:30:21',1,2,1,'2018-04-04 05:30:21',1),(92,27,'','','20100065038','2018-04-04 05:30:21',1,2,1,'2018-04-04 05:30:21',1),(93,28,'','','20438297775','2018-04-04 05:30:21',1,2,1,'2018-04-04 05:30:21',1),(94,29,'','','20552836481','2018-04-04 05:30:21',1,2,1,'2018-04-04 05:30:21',1),(95,30,'','','20106832111','2018-04-04 05:30:21',1,2,1,'2018-04-04 05:30:21',1),(96,31,'','','20600428552','2018-04-04 05:30:21',1,2,1,'2018-04-04 05:30:21',1),(97,32,'','','20377313071','2018-04-04 05:30:21',1,2,1,'2018-04-04 05:30:21',1),(98,33,'','','20507730605','2018-04-04 05:30:21',1,2,1,'2018-04-04 05:30:21',1),(99,34,'','','20107972090','2018-04-04 05:30:21',1,2,1,'2018-04-04 05:30:21',1),(100,35,'','','20420191601','2018-04-04 05:30:21',1,2,1,'2018-04-04 05:30:21',1),(101,36,'','','20507428143','2018-04-04 05:30:21',1,2,1,'2018-04-04 05:30:21',1),(102,37,'','','20521873206','2018-04-04 05:30:21',1,2,1,'2018-04-04 05:30:21',1),(103,38,'','','20549295879','2018-04-04 05:30:21',1,2,1,'2018-04-04 05:30:21',1),(104,39,'','','20508100206','2018-04-04 05:30:21',1,2,1,'2018-04-04 05:30:21',1),(105,40,'','','20600969987','2018-04-04 05:30:21',1,2,1,'2018-04-04 05:30:21',1),(106,41,'','','20518454715','2018-04-04 05:30:21',1,2,1,'2018-04-04 05:30:21',1),(107,42,'','','20263566280','2018-04-04 05:30:21',1,2,1,'2018-04-04 05:30:21',1),(108,43,'','','20524420105','2018-04-04 05:30:21',1,2,1,'2018-04-04 05:30:21',1),(109,44,'','','20502252918','2018-04-04 05:30:21',1,2,1,'2018-04-04 05:30:21',1),(110,45,'','','20108555191','2018-04-04 05:30:21',1,2,1,'2018-04-04 05:30:21',1),(111,46,'','','20511210152','2018-04-04 05:30:21',1,2,1,'2018-04-04 05:30:21',1),(112,47,'','','20261545617','2018-04-04 05:30:21',1,2,1,'2018-04-04 05:30:21',1),(113,48,'','','20302507610','2018-04-04 05:30:21',1,2,1,'2018-04-04 05:30:21',1),(114,49,'','','20548516774','2018-04-04 05:30:21',1,2,1,'2018-04-04 05:30:21',1),(115,50,'','','20162842031','2018-04-04 05:30:21',1,2,1,'2018-04-04 05:30:21',1),(116,51,'','','20514134155','2018-04-04 05:30:21',1,2,1,'2018-04-04 05:30:21',1),(117,52,'','','20482583106','2018-04-04 05:30:21',1,2,1,'2018-04-04 05:30:21',1),(118,53,'','','20481744424','2018-04-04 05:30:21',1,2,1,'2018-04-04 05:30:21',1),(119,54,'','','20477595449','2018-04-04 05:30:21',1,2,1,'2018-04-04 05:30:21',1),(120,55,'','','20482527966','2018-04-04 05:30:21',1,2,1,'2018-04-04 05:30:21',1),(121,56,'','','20600465377','2018-04-04 05:30:21',1,2,1,'2018-04-04 05:30:21',1),(122,57,'','','20477372491','2018-04-04 05:30:21',1,2,1,'2018-04-04 05:30:21',1),(123,58,'','','20482528008','2018-04-04 05:30:21',1,2,1,'2018-04-04 05:30:21',1),(124,59,'','','20559676447','2018-04-04 05:30:21',1,2,1,'2018-04-04 05:30:21',1),(125,60,'','','20602367615','2018-04-04 05:30:21',1,2,1,'2018-04-04 05:30:21',1),(126,61,'','','20266470453','2018-04-04 05:30:21',1,2,1,'2018-04-04 05:30:21',1),(127,62,'','','20459669095','2018-04-04 05:30:21',1,2,1,'2018-04-04 05:30:21',1),(128,63,'','','20510579454','2018-04-04 05:30:21',1,2,1,'2018-04-04 05:30:21',1),(129,64,'','','20390132400','2018-04-04 05:30:21',1,2,1,'2018-04-04 05:30:21',1),(130,65,'','','20555774983','2018-04-04 05:30:21',1,2,1,'2018-04-04 05:30:21',1),(131,1,'sdfsdf','ddddd','20100324238','2018-04-04 06:32:47',1,3,1,'2018-04-04 05:30:21',1),(132,2,'','','20501823041','2018-04-04 05:30:21',1,3,1,'2018-04-04 05:30:21',1),(133,3,'','','20386533009','2018-04-04 05:30:21',1,3,1,'2018-04-04 05:30:21',1),(134,4,'','','20100334624','2018-04-04 05:30:21',1,3,1,'2018-04-04 05:30:21',1),(135,5,'','','20113326418','2018-04-04 05:30:21',1,3,1,'2018-04-04 05:30:21',1),(136,6,'','','20518224477','2018-04-04 05:30:21',1,3,1,'2018-04-04 05:30:21',1),(137,7,'','','20257351450','2018-04-04 05:30:21',1,3,1,'2018-04-04 05:30:21',1),(138,8,'','','20552899645','2018-04-04 05:30:21',1,3,1,'2018-04-04 05:30:21',1),(139,9,'','','20120578813','2018-04-04 05:30:21',1,3,1,'2018-04-04 05:30:21',1),(140,10,'','','20111641022','2018-04-04 05:30:21',1,3,1,'2018-04-04 05:30:21',1),(141,11,'','','20307291887','2018-04-04 05:30:21',1,3,1,'2018-04-04 05:30:21',1),(142,12,'','','20507458999','2018-04-04 05:30:21',1,3,1,'2018-04-04 05:30:21',1),(143,13,'','','20508832134','2018-04-04 05:30:21',1,3,1,'2018-04-04 05:30:21',1),(144,14,'','','20289426486','2018-04-04 05:30:21',1,3,1,'2018-04-04 05:30:21',1),(145,15,'','','20529792264','2018-04-04 05:30:21',1,3,1,'2018-04-04 05:30:21',1),(146,16,'','','20475148607','2018-04-04 05:30:21',1,3,1,'2018-04-04 05:30:21',1),(147,17,'','','20554638911','2018-04-04 05:30:21',1,3,1,'2018-04-04 05:30:21',1),(148,18,'','','20537505321','2018-04-04 05:30:21',1,3,1,'2018-04-04 05:30:21',1),(149,19,'','','20549011196','2018-04-04 05:30:21',1,3,1,'2018-04-04 05:30:21',1),(150,20,'','','20384423508','2018-04-04 05:30:21',1,3,1,'2018-04-04 05:30:21',1),(151,21,'','','20600362977','2018-04-04 05:30:21',1,3,1,'2018-04-04 05:30:21',1),(152,22,'','','20555195444','2018-04-04 05:30:21',1,3,1,'2018-04-04 05:30:21',1),(153,23,'','','20102309180','2018-04-04 05:30:21',1,3,1,'2018-04-04 05:30:21',1),(154,24,'','','20548181063','2018-04-04 05:30:21',1,3,1,'2018-04-04 05:30:21',1),(155,25,'','','20549220518','2018-04-04 05:30:21',1,3,1,'2018-04-04 05:30:21',1),(156,26,'','','20600025326','2018-04-04 05:30:21',1,3,1,'2018-04-04 05:30:21',1),(157,27,'','','20100065038','2018-04-04 05:30:21',1,3,1,'2018-04-04 05:30:21',1),(158,28,'','','20438297775','2018-04-04 05:30:21',1,3,1,'2018-04-04 05:30:21',1),(159,29,'','','20552836481','2018-04-04 05:30:21',1,3,1,'2018-04-04 05:30:21',1),(160,30,'','','20106832111','2018-04-04 05:30:21',1,3,1,'2018-04-04 05:30:21',1),(161,31,'','','20600428552','2018-04-04 05:30:21',1,3,1,'2018-04-04 05:30:21',1),(162,32,'','','20377313071','2018-04-04 05:30:21',1,3,1,'2018-04-04 05:30:21',1),(163,33,'','','20507730605','2018-04-04 05:30:21',1,3,1,'2018-04-04 05:30:21',1),(164,34,'','','20107972090','2018-04-04 05:30:21',1,3,1,'2018-04-04 05:30:21',1),(165,35,'','','20420191601','2018-04-04 05:30:21',1,3,1,'2018-04-04 05:30:21',1),(166,36,'','','20507428143','2018-04-04 05:30:21',1,3,1,'2018-04-04 05:30:21',1),(167,37,'','','20521873206','2018-04-04 05:30:21',1,3,1,'2018-04-04 05:30:21',1),(168,38,'','','20549295879','2018-04-04 05:30:21',1,3,1,'2018-04-04 05:30:21',1),(169,39,'','','20508100206','2018-04-04 05:30:21',1,3,1,'2018-04-04 05:30:21',1),(170,40,'','','20600969987','2018-04-04 05:30:21',1,3,1,'2018-04-04 05:30:21',1),(171,41,'','','20518454715','2018-04-04 05:30:21',1,3,1,'2018-04-04 05:30:21',1),(172,42,'','','20263566280','2018-04-04 05:30:21',1,3,1,'2018-04-04 05:30:21',1),(173,43,'','','20524420105','2018-04-04 05:30:21',1,3,1,'2018-04-04 05:30:21',1),(174,44,'','','20502252918','2018-04-04 05:30:21',1,3,1,'2018-04-04 05:30:21',1),(175,45,'','','20108555191','2018-04-04 05:30:21',1,3,1,'2018-04-04 05:30:21',1),(176,46,'','','20511210152','2018-04-04 05:30:21',1,3,1,'2018-04-04 05:30:21',1),(177,47,'','','20261545617','2018-04-04 05:30:21',1,3,1,'2018-04-04 05:30:21',1),(178,48,'','','20302507610','2018-04-04 05:30:21',1,3,1,'2018-04-04 05:30:21',1),(179,49,'','','20548516774','2018-04-04 05:30:21',1,3,1,'2018-04-04 05:30:21',1),(180,50,'','','20162842031','2018-04-04 05:30:21',1,3,1,'2018-04-04 05:30:21',1),(181,51,'','','20514134155','2018-04-04 05:30:21',1,3,1,'2018-04-04 05:30:21',1),(182,52,'','','20482583106','2018-04-04 05:30:21',1,3,1,'2018-04-04 05:30:21',1),(183,53,'','','20481744424','2018-04-04 05:30:21',1,3,1,'2018-04-04 05:30:21',1),(184,54,'','','20477595449','2018-04-04 05:30:21',1,3,1,'2018-04-04 05:30:21',1),(185,55,'','','20482527966','2018-04-04 05:30:21',1,3,1,'2018-04-04 05:30:21',1),(186,56,'','','20600465377','2018-04-04 05:30:21',1,3,1,'2018-04-04 05:30:21',1),(187,57,'','','20477372491','2018-04-04 05:30:21',1,3,1,'2018-04-04 05:30:21',1),(188,58,'','','20482528008','2018-04-04 05:30:21',1,3,1,'2018-04-04 05:30:21',1),(189,59,'','','20559676447','2018-04-04 05:30:21',1,3,1,'2018-04-04 05:30:21',1),(190,60,'','','20602367615','2018-04-04 05:30:21',1,3,1,'2018-04-04 05:30:21',1),(191,61,'','','20266470453','2018-04-04 05:30:21',1,3,1,'2018-04-04 05:30:21',1),(192,62,'','','20459669095','2018-04-04 05:30:21',1,3,1,'2018-04-04 05:30:21',1),(193,63,'','','20510579454','2018-04-04 05:30:21',1,3,1,'2018-04-04 05:30:21',1),(194,64,'','','20390132400','2018-04-04 05:30:21',1,3,1,'2018-04-04 05:30:21',1),(195,65,'','','20555774983','2018-04-04 05:30:21',1,3,1,'2018-04-04 05:30:21',1),(199,1,'gabriel','sdfsdf',NULL,'2018-04-04 06:51:46',2,NULL,1,'2018-04-04 06:51:46',1),(198,1,'','',NULL,'2018-04-04 06:50:06',2,NULL,1,'2018-04-04 06:50:06',1),(200,1,'gabriel','soporte',NULL,'2018-04-04 14:29:59',2,NULL,1,'2018-04-04 06:56:46',1);

/*Table structure for table `cortes` */


CREATE TABLE `cortes` (
  `CodCorte` int(11) NOT NULL auto_increment,
  `CodCarne` int(11) NOT NULL,
  `NomCorte` char(50) collate latin1_spanish_ci NOT NULL,
  `NomDetCorte` char(200) collate latin1_spanish_ci default NULL,
  `PorcentCorte` decimal(7,2) NOT NULL default '0.00',
  `Costo` decimal(17,2) NOT NULL default '0.00',
  `cortesEstado` char(1) collate latin1_spanish_ci default 'A',
  PRIMARY KEY  (`CodCorte`),
  KEY `fk_cortes_carnes1_idx` (`CodCarne`)
) ENGINE=MyISAM DEFAULT CHARSET=latin1 COLLATE=latin1_spanish_ci;

/*Data for the table `cortes` */

/*Table structure for table `cuentacorriente` */


CREATE TABLE `cuentacorriente` (
  `codcredito` int(11) NOT NULL auto_increment,
  `coddeuda` char(8) collate latin1_spanish_ci NOT NULL,
  `codcliente` int(11) default NULL,
  `capital` decimal(13,2) default '0.00',
  `pagostot` decimal(13,2) default '0.00',
  `fecha` datetime NOT NULL,
  `Cancelado` char(1) collate latin1_spanish_ci default '0' COMMENT '1 = si, 0 = no',
  `clienteotienda` int(2) default NULL,
  `concepto` varchar(255) collate latin1_spanish_ci default NULL,
  PRIMARY KEY  (`codcredito`,`coddeuda`)
) ENGINE=InnoDB AUTO_INCREMENT=36 DEFAULT CHARSET=latin1 COLLATE=latin1_spanish_ci;

/*Data for the table `cuentacorriente` */

insert  into `cuentacorriente`(`codcredito`,`coddeuda`,`codcliente`,`capital`,`pagostot`,`fecha`,`Cancelado`,`clienteotienda`,`concepto`) values (13,'12',120824,'198.24','0.00','2015-07-06 00:00:00','0',2,'FACTURA'),(14,'12',120824,'198.24','0.00','2015-07-06 00:00:00','0',2,'FACTURA'),(15,'12',120824,'0.00','0.00','2015-07-06 00:00:00','0',2,'FACTURA'),(16,'12',120824,'0.00','0.00','2015-07-06 00:00:00','0',2,'FACTURA'),(17,'12',120824,'0.00','0.00','2015-07-06 00:00:00','0',2,'FACTURA'),(18,'12',120824,'0.00','0.00','2015-07-06 00:00:00','0',2,'FACTURA'),(19,'12',120824,'59.00','0.00','2015-07-06 00:00:00','0',2,'FACTURA'),(20,'12',120824,'63.72','0.00','2015-07-06 00:00:00','0',2,'FACTURA'),(21,'12',120824,'66.08','0.00','2015-07-06 00:00:00','0',2,'FACTURA'),(22,'12',120824,'33.04','0.00','2015-07-06 00:00:00','0',2,'FACTURA'),(23,'12',120808,'33.04','0.00','2015-07-06 00:00:00','0',2,'FACTURA'),(24,'12',120808,'66.08','0.00','2015-07-06 00:00:00','0',2,'FACTURA'),(25,'12',120808,'132.16','0.00','2015-07-06 00:00:00','0',2,'FACTURA'),(28,'G4',120824,'108.56','0.00','2015-07-06 00:00:00','0',1,'GUIA INTERNA'),(29,'G5',120808,'75.52','0.00','2015-07-06 00:00:00','0',1,'GUIA INTERNA'),(30,'G6',120808,'49.56','0.00','2015-07-06 00:00:00','0',1,'GUIA INTERNA'),(31,'G7',120808,'75.52','0.00','2015-07-06 00:00:00','0',1,'GUIA INTERNA'),(32,'G8',120808,'54.28','0.00','2015-07-06 00:00:00','0',1,'GUIA INTERNA'),(33,'G9',120808,'54.28','0.00','2015-07-06 00:00:00','0',1,'GUIA INTERNA'),(34,'G10',120808,'54.28','0.00','2015-07-07 00:00:00','0',1,'GUIA INTERNA'),(35,'G11',120808,'2.36','0.00','2015-07-09 00:00:00','0',1,'GUIA INTERNA');

/*Table structure for table `cuentactefactcompra` */


CREATE TABLE `cuentactefactcompra` (
  `NumCtaCte` int(11) NOT NULL auto_increment,
  `idFactura` varchar(45) collate latin1_spanish_ci NOT NULL,
  `DiasPago` int(11) NOT NULL,
  `TotPago` char(1) collate latin1_spanish_ci NOT NULL,
  `FechPago` date NOT NULL,
  `Deuda` decimal(17,2) NOT NULL,
  `Estado` char(1) collate latin1_spanish_ci NOT NULL,
  PRIMARY KEY  (`NumCtaCte`),
  KEY `fk_CuentaCteFactCompra_facturacompracab1_idx` (`idFactura`)
) ENGINE=MyISAM DEFAULT CHARSET=latin1 COLLATE=latin1_spanish_ci;

/*Data for the table `cuentactefactcompra` */

/*Table structure for table `datosentrevista` */


CREATE TABLE `datosentrevista` (
  `iddatosentrevista` int(11) NOT NULL auto_increment,
  `Servidores` int(11) default NULL,
  `UsuWinServer` int(11) default NULL,
  `Aislados` int(11) default NULL,
  `UsuSqlServer` int(11) default NULL,
  `UsuExchangeServer` int(11) default NULL,
  `Adicionales` int(11) default NULL,
  `Regcliente` int(11) default NULL,
  `IdUsuario` int(11) default NULL,
  `Registro` timestamp NULL default CURRENT_TIMESTAMP,
  PRIMARY KEY  (`iddatosentrevista`)
) ENGINE=MyISAM AUTO_INCREMENT=3 DEFAULT CHARSET=latin1;

/*Data for the table `datosentrevista` */

insert  into `datosentrevista`(`iddatosentrevista`,`Servidores`,`UsuWinServer`,`Aislados`,`UsuSqlServer`,`UsuExchangeServer`,`Adicionales`,`Regcliente`,`IdUsuario`,`Registro`) values (2,2,1,1,1,2,2,1,1,'2018-02-05 21:34:06');

/*Table structure for table `departamentos` */


CREATE TABLE `departamentos` (
  `Id` char(2) collate latin1_spanish_ci NOT NULL,
  `Nombre` varchar(50) collate latin1_spanish_ci NOT NULL,
  PRIMARY KEY  (`Id`)
) ENGINE=MyISAM DEFAULT CHARSET=latin1 COLLATE=latin1_spanish_ci;

/*Data for the table `departamentos` */

insert  into `departamentos`(`Id`,`Nombre`) values ('01','APURIMAC'),('02','AREQUIPA'),('03','CAJAMARCA'),('04','CUSCO'),('05','HUANCAVELICA'),('06','HUANUCO'),('07','ICA'),('08','MADRE DE DIOS'),('09','PASCO'),('10','PIURA'),('11','TACNA'),('12','TUMBES'),('13','JUNIN'),('14','LA LIBERTAD'),('15','LAMBAYEQUE'),('16','LIMA'),('17','CALLAO'),('18','UCAYALI'),('19','AYACUCHO'),('20','AMAZONAS'),('21','ANCASH'),('22','LORETO'),('23','MOQUEGUA'),('24','PUNO'),('25','SAN MARTIN');

/*Table structure for table `direcciones` */


CREATE TABLE `direcciones` (
  `IdDirecciones` int(11) NOT NULL auto_increment,
  `IdContacto` int(11) default NULL,
  `CodUbigeo` varchar(10) default NULL,
  `Direccion` varchar(200) default NULL,
  `Referencia` varchar(200) default NULL,
  `FechActualizacion` datetime default NULL,
  `ModActualizacion` int(1) default NULL,
  `IdUsuario` int(11) default NULL,
  `Registro` timestamp NOT NULL default CURRENT_TIMESTAMP,
  `Estado` int(11) NOT NULL default '1',
  PRIMARY KEY  (`IdDirecciones`)
) ENGINE=MyISAM AUTO_INCREMENT=66 DEFAULT CHARSET=utf8;

/*Data for the table `direcciones` */

insert  into `direcciones`(`IdDirecciones`,`IdContacto`,`CodUbigeo`,`Direccion`,`Referencia`,`FechActualizacion`,`ModActualizacion`,`IdUsuario`,`Registro`,`Estado`) values (1,1,NULL,'AV. LA ENCALADA NRO. 1420 INT. 602 URB. LIMA POLO HUNT (AL COSTADO DE LA EMBAJADA DE EEUU) ','','2018-04-04 05:30:21',1,1,'2018-04-04 05:30:21',1),(2,2,NULL,'AV. LA ENCALADA NRO. 1420 INT. 602 URB. LIMA POLO HUNT (AL COSTADO DE LA EMBAJADA DE EEUU) ','','2018-04-04 05:30:21',1,1,'2018-04-04 05:30:21',1),(3,3,NULL,'MZA. C1 LOTE. 25 COO. DE VIVIENDA UMAMARCA','','2018-04-04 05:30:21',1,1,'2018-04-04 05:30:21',1),(4,4,NULL,'CAL.LOS PLASTICOS NRO. 277 URB. INDUSTRIAL VULCANO','','2018-04-04 05:30:21',1,1,'2018-04-04 05:30:21',1),(5,5,NULL,'AV. PROLONGACIÓN PEDRO MIOTTA NRO. 713B Z.I. SAN JUAN','','2018-04-04 05:30:21',1,1,'2018-04-04 05:30:21',1),(6,6,NULL,'CAL.9 DE SETIEMBRE 124-122 NRO. 124','','2018-04-04 05:30:21',1,1,'2018-04-04 05:30:21',1),(7,7,NULL,'CAL.AMARILIS NRO. 171 URB. LA ARBOLEDA DE MARANGA','','2018-04-04 05:30:21',1,1,'2018-04-04 05:30:21',1),(8,8,NULL,'CAL.AMARILIS NRO. 171 URB. LA ARBOLEDA DE MARANGA','','2018-04-04 05:30:21',1,1,'2018-04-04 05:30:21',1),(9,9,NULL,'AV. TUPAC AMARU NRO. 7612 A.H. AÑO NUEVO','','2018-04-04 05:30:21',1,1,'2018-04-04 05:30:21',1),(10,10,NULL,'AV. UNIVERSITARIA NORTE MZA. A1 LOTE. 04 ASOC.SAN JUAN DE DIOS','','2018-04-04 05:30:21',1,1,'2018-04-04 05:30:21',1),(11,11,NULL,'AV. VENEZUELA NRO. 2600','','2018-04-04 05:30:21',1,1,'2018-04-04 05:30:21',1),(12,12,NULL,'AV. DEFENSORES C/ TORRES PAZ NRO. S/N PAMPLONA BAJA','','2018-04-04 05:30:21',1,1,'2018-04-04 05:30:21',1),(13,13,NULL,'AV. VENEZUELA NRO. 2600','','2018-04-04 05:30:21',1,1,'2018-04-04 05:30:21',1),(14,14,NULL,'AV. BOLOGNESI NRO. 894 ','','2018-04-04 05:30:21',1,1,'2018-04-04 05:30:21',1),(15,15,NULL,'FUNDO CHOCAN NRO. SN CAS. SANTA VICTORIA','','2018-04-04 05:30:21',1,1,'2018-04-04 05:30:21',1),(16,16,NULL,'JR. MARISCAL MILLER NRO. 2070','','2018-04-04 05:30:21',1,1,'2018-04-04 05:30:21',1),(17,17,NULL,'AV. 2 DE MAYO NRO. 1502 INT. 202 ','','2018-04-04 05:30:21',1,1,'2018-04-04 05:30:21',1),(18,18,NULL,'CAL.LOS FRESNOS MZA. M LOTE. 05 URB. HUERTOS DE VILLENA','','2018-04-04 05:30:21',1,1,'2018-04-04 05:30:21',1),(19,19,NULL,'MZA. C LOTE. 11 URB. SAN ANTONIO','','2018-04-04 05:30:21',1,1,'2018-04-04 05:30:21',1),(20,20,NULL,'AV. GUILLERMO DANSEY NRO. 2070','','2018-04-04 05:30:21',1,1,'2018-04-04 05:30:21',1),(21,21,NULL,'PJ. MATERIALES NRO. 627 URB. INDUSTRIAL WIESE','','2018-04-04 05:30:21',1,1,'2018-04-04 05:30:21',1),(22,22,NULL,'AV. SALAVERRY NRO. 655 ','','2018-04-04 05:30:21',1,1,'2018-04-04 05:30:21',1),(23,23,NULL,'CAL.MARIE CURIE NRO. 231 URB. INDUSTRIAL SANTA ROSA','','2018-04-04 05:30:21',1,1,'2018-04-04 05:30:21',1),(24,24,NULL,'CAL.MARIE CURIE NRO. 231 URB. INDUSTRIAL SANTA ROSA','','2018-04-04 05:30:21',1,1,'2018-04-04 05:30:21',1),(25,25,NULL,'CAL.MARIE CURIE NRO. 231 URB. INDUSTRIAL SANTA ROSA','','2018-04-04 05:30:21',1,1,'2018-04-04 05:30:21',1),(26,26,NULL,'CAL.MARIE CURIE NRO. 231 URB. INDUSTRIAL SANTA ROSA','','2018-04-04 05:30:21',1,1,'2018-04-04 05:30:21',1),(27,27,NULL,'AV. BENJAMIN FRANKLIN NRO. 233 Z.I. SANTA ROSA','','2018-04-04 05:30:21',1,1,'2018-04-04 05:30:21',1),(28,28,NULL,'CAL.RIO CHUNCHUCA NRO. S/N SECTOR EL HUITO','','2018-04-04 05:30:21',1,1,'2018-04-04 05:30:21',1),(29,29,NULL,'CAL.LAS ORQUIDEAS NRO. 103','','2018-04-04 05:30:21',1,1,'2018-04-04 05:30:21',1),(30,30,NULL,'AV. REPUBLICA DE COLOMBIA NRO. 671 INT. 801 ','','2018-04-04 05:30:21',1,1,'2018-04-04 05:30:21',1),(31,31,NULL,'AV. REPUBLICA DE COLOMBIA NRO. 671 INT. 801 ','','2018-04-04 05:30:21',1,1,'2018-04-04 05:30:21',1),(32,32,NULL,'AV. 2 DE MAYO NRO. 1024 URB. ORRANTIA','','2018-04-04 05:30:21',1,1,'2018-04-04 05:30:21',1),(33,33,NULL,'AV. J.PRADO ESTE NRO. 1238 URB. CORPAC','','2018-04-04 05:30:21',1,1,'2018-04-04 05:30:21',1),(34,34,NULL,'CAL.LOS CANARIOS NRO. 155 URB. SAN CESAR II ETAPA','','2018-04-04 05:30:21',1,1,'2018-04-04 05:30:21',1),(35,35,NULL,'CAL.5 NRO. 242 URB. CORPAC','','2018-04-04 05:30:21',1,1,'2018-04-04 05:30:21',1),(36,36,NULL,'AV. J.PRADO ESTE NRO. 1238 URB. CORPAC','','2018-04-04 05:30:21',1,1,'2018-04-04 05:30:21',1),(37,37,NULL,'AV. J.PRADO ESTE NRO. 1238 URB. CORPAC','','2018-04-04 05:30:21',1,1,'2018-04-04 05:30:21',1),(38,38,NULL,'AV. J.PRADO ESTE NRO. 1238 URB. CORPAC','','2018-04-04 05:30:21',1,1,'2018-04-04 05:30:21',1),(39,39,NULL,'AV. J.PRADO ESTE NRO. 1238 URB. CORPAC','','2018-04-04 05:30:21',1,1,'2018-04-04 05:30:21',1),(40,40,NULL,'AV. J.PRADO ESTE NRO. 1238 URB. CORPAC','','2018-04-04 05:30:21',1,1,'2018-04-04 05:30:21',1),(41,41,NULL,'CAL.5 NRO. 242 URB. CORPAC','','2018-04-04 05:30:21',1,1,'2018-04-04 05:30:21',1),(42,42,NULL,'AV. LA ENCALADA NRO. 1257 INT. 703 URB. POLO AND HUNT CLUB','','2018-04-04 05:30:21',1,1,'2018-04-04 05:30:21',1),(43,43,NULL,'AV. LA ENCALADA NRO. 1257 INT. 703 URB. POLO AND HUNT CLUB','','2018-04-04 05:30:21',1,1,'2018-04-04 05:30:21',1),(44,44,NULL,'JR. IGNACIO COSSIO NRO. 1515 Z.I. LA VICTORA','','2018-04-04 05:30:21',1,1,'2018-04-04 05:30:21',1),(45,45,NULL,'AV. IGNACIO COSSIO NRO. 1529','','2018-04-04 05:30:21',1,1,'2018-04-04 05:30:21',1),(46,46,NULL,'JR. FRANCISCO MORENO NRO. 320','','2018-04-04 05:30:21',1,1,'2018-04-04 05:30:21',1),(47,47,NULL,'JR. SAN AGUSTIN NRO. 337','','2018-04-04 05:30:21',1,1,'2018-04-04 05:30:21',1),(48,48,NULL,'CAL.LAS VIOLETAS MZA. D LOTE. 06 URB. EL PARAISO DEL PUENTE HUA','','2018-04-04 05:30:21',1,1,'2018-04-04 05:30:21',1),(49,49,NULL,'CAL.LAS VIOLETAS MZA. D LOTE. 06 URB. EL PARAISO DEL PUENTE HUA','','2018-04-04 05:30:21',1,1,'2018-04-04 05:30:21',1),(50,50,NULL,'MLC.28 DE JULIO NRO. 390 URB. CERCADO DE MIRAFLORES ','','2018-04-04 05:30:21',1,1,'2018-04-04 05:30:21',1),(51,51,NULL,'AV. LAS TORRES MZA. S-N LOTE. 27','','2018-04-04 05:30:21',1,1,'2018-04-04 05:30:21',1),(52,52,NULL,'CAR.PANAMERICANA NRO. 590 PBLO. CHICAMA','','2018-04-04 05:30:21',1,1,'2018-04-04 05:30:21',1),(53,53,NULL,'AV. CESAR VALLEJO NRO. 1189 URB. ARANJUEZ','','2018-04-04 05:30:21',1,1,'2018-04-04 05:30:21',1),(54,54,NULL,'PROL. MIRAFLORES NRO. 1937 URB. MIRAFLORES','','2018-04-04 05:30:21',1,1,'2018-04-04 05:30:21',1),(55,55,NULL,'MZA. B LOTE. 04 SEC.LOS CEDROS','','2018-04-04 05:30:21',1,1,'2018-04-04 05:30:21',1),(56,56,NULL,'AV. AMERICA SUR NRO. 360 ARANJUEZ','','2018-04-04 05:30:21',1,1,'2018-04-04 05:30:21',1),(57,57,NULL,'CAR.PANAMERICANA NRO. 590 PBLO. CHICAMA','','2018-04-04 05:30:21',1,1,'2018-04-04 05:30:21',1),(58,58,NULL,'AV. AMERICA SUR NRO. 360 URB. ARANJUEZ','','2018-04-04 05:30:21',1,1,'2018-04-04 05:30:21',1),(59,59,NULL,'AV. AMERICA SUR NRO. 360 URB. ARANJUEZ','','2018-04-04 05:30:21',1,1,'2018-04-04 05:30:21',1),(60,60,NULL,'CAL.VIVALDI NRO. 131 URB. LAS MAGNOLIAS ','','2018-04-04 05:30:21',1,1,'2018-04-04 05:30:21',1),(61,61,NULL,'CAL.VIVALDI NRO. 131 URB. LAS MAGNOLIAS ','','2018-04-04 05:30:21',1,1,'2018-04-04 05:30:21',1),(62,62,NULL,'AV. LAS ARTES SUR NRO. 103','','2018-04-04 05:30:21',1,1,'2018-04-04 05:30:21',1),(63,63,NULL,'AV. PASEO DE LA REPUBLICA NRO. 3617 INT. 501 URB. TAMBO SUR','','2018-04-04 05:30:21',1,1,'2018-04-04 05:30:21',1),(64,64,NULL,'AV. JUAN DE ALIAGA NRO. 425 INT. 1001 URB. SAN FELIPE','','2018-04-04 05:30:21',1,1,'2018-04-04 05:30:21',1),(65,65,NULL,'JR. COMUNIDAD INDUSTRIAL NRO. 250 URB. LA VILLA','','2018-04-04 05:30:21',1,1,'2018-04-04 05:30:21',1);

/*Table structure for table `distritos` */


CREATE TABLE `distritos` (
  `Id` char(6) collate latin1_spanish_ci NOT NULL,
  `Nombre` varchar(50) collate latin1_spanish_ci NOT NULL,
  `ProvId` char(4) collate latin1_spanish_ci NOT NULL,
  PRIMARY KEY  (`Id`)
) ENGINE=MyISAM DEFAULT CHARSET=latin1 COLLATE=latin1_spanish_ci;

/*Data for the table `distritos` */

insert  into `distritos`(`Id`,`Nombre`,`ProvId`) values ('010101','TAMBOBAMBA\r\n','0101'),('010102','COYLLURQUI\r\n','0101'),('010103','HAQUIRA\r\n','0101'),('010104','MARA\r\n','0101'),('010105','COTABAMBAS\r\n','0101'),('010106','CHALLHUAHUACHO\r\n','0101'),('010201','CHALHUANCA\r\n','0102'),('010202','CARAYBAMBA\r\n','0102'),('010203','COLCABAMBA\r\n','0102'),('010204','COTARUSE\r\n','0102'),('010205','CHAPIMARCA\r\n','0102'),('010206','IHUAYLLO\r\n','0102'),('010207','LUCRE\r\n','0102'),('010208','SAÑAYCA\r\n','0102'),('010209','SORAYA\r\n','0102'),('010210','TAPAIRIHUA\r\n','0102'),('010211','TINTAY\r\n','0102'),('010212','TORAYA\r\n','0102'),('010213','YANACA\r\n','0102'),('010214','SAN JUAN DE CHACÑA\r\n','0102'),('010215','CAPAYA\r\n','0102'),('010216','POCOHUANCA\r\n','0102'),('010217','JUSTO APU SAHUARAURA\r\n','0102'),('010301','CHINCHEROS\r\n','0103'),('010302','ONGOY\r\n','0103'),('010303','OCOBAMBA\r\n','0103'),('010304','COCHARCAS\r\n','0103'),('010305','ANCO HUALLO\r\n','0103'),('010306','HUACCANA\r\n','0103'),('010307','RANRACANCHA\r\n','0103'),('010308','URANMARCA\r\n','0103'),('010401','CHUQUIBAMBILLA\r\n','0104'),('010402','CURPAHUASI\r\n','0104'),('010403','HUAYLLATI\r\n','0104'),('010404','MAMARA\r\n','0104'),('010405','MICAELA BASTIDAS\r\n','0104'),('010406','PROGRESO\r\n','0104'),('010407','PATAYPAMPA\r\n','0104'),('010408','SAN ANTONIO\r\n','0104'),('010409','TURPAY\r\n','0104'),('010410','VILCABAMBA\r\n','0104'),('010411','VIRUNDO\r\n','0104'),('010412','SANTA ROSA\r\n','0104'),('010413','MARISCAL GAMARRA\r\n','0104'),('010414','CURASCO\r\n','0104'),('010501','ANTABAMBA\r\n','0105'),('010502','EL ORO\r\n','0105'),('010503','HUAQUIRCA\r\n','0105'),('010504','JUAN ESPINOZA MEDRANO\r\n','0105'),('010505','OROPESA\r\n','0105'),('010506','PACHACONAS\r\n','0105'),('010507','SABAINO\r\n','0105'),('010601','ANDAHUAYLAS\r\n','0106'),('010602','ANDARAPA\r\n','0106'),('010603','CHIARA\r\n','0106'),('010604','HUANCARAMA\r\n','0106'),('010605','HUANCARAY\r\n','0106'),('010606','KISHUARA\r\n','0106'),('010607','PACOBAMBA\r\n','0106'),('010608','PAMPACHIRI\r\n','0106'),('010609','SAN JERONIMO\r\n','0106'),('010610','TALAVERA\r\n','0106'),('010611','TURPO\r\n','0106'),('010612','PACUCHA\r\n','0106'),('010613','POMACOCHA\r\n','0106'),('010614','SANTA MARIA DE CHICMO\r\n','0106'),('010615','TUMAY HUARACA\r\n','0106'),('010616','HUAYANA\r\n','0106'),('010617','KAQUIABAMBA\r\n','0106'),('010618','SAN ANTONIO DE CACHI\r\n','0106'),('010619','SAN MIGUEL DE CHACCRAMPA\r\n','0106'),('010701','ABANCAY\r\n','0107'),('010702','CIRCA\r\n','0107'),('010703','CURAHUASI\r\n','0107'),('010704','HUANIPACA\r\n','0107'),('010705','LAMBRAMA\r\n','0107'),('010706','PICHIRHUA\r\n','0107'),('010707','SAN PEDRO DE CACHORA\r\n','0107'),('010708','TAMBURCO\r\n','0107'),('010709','CHACOCHE\r\n','0107'),('020101','MOLLENDO\r\n','0201'),('020102','DEAN VALDIVIA\r\n','0201'),('020103','ISLAY\r\n','0201'),('020104','MEJIA\r\n','0201'),('020105','PUNTA DE BOMBON\r\n','0201'),('020106','COCACHACRA\r\n','0201'),('020201','AREQUIPA\r\n','0202'),('020202','CAYMA\r\n','0202'),('020203','CERRO COLORADO\r\n','0202'),('020204','CHARACATO\r\n','0202'),('020205','CHIGUATA\r\n','0202'),('020206','MIRAFLORES\r\n','0202'),('020207','MOLLEBAYA\r\n','0202'),('020208','PAUCARPATA\r\n','0202'),('020209','POCSI\r\n','0202'),('020210','POLOBAYA\r\n','0202'),('020211','QUEQUEÑA\r\n','0202'),('020212','SACHACA\r\n','0202'),('020213','SAN JUAN DE SIGUAS\r\n','0202'),('020214','SAN JUAN DE TARUCANI\r\n','0202'),('020215','SANTA ISABEL DE SIGUAS\r\n','0202'),('020216','SANTA RITA DE SIHUAS\r\n','0202'),('020217','SOCABAYA\r\n','0202'),('020218','UCHUMAYO\r\n','0202'),('020219','VITOR\r\n','0202'),('020220','YANAHUARA\r\n','0202'),('020221','YARABAMBA\r\n','0202'),('020222','YURA\r\n','0202'),('020223','MARIANO MELGAR\r\n','0202'),('020224','ALTO SELVA ALEGRE\r\n','0202'),('020225','JOSE LUIS BUSTAMANTE Y RIVERO\r\n','0202'),('020226','LA JOYA\r\n','0202'),('020227','SABANDIA\r\n','0202'),('020228','TIABAYA\r\n','0202'),('020229','JACOBO HUNTER\r\n','0202'),('020301','COTAHUASI\r\n','0203'),('020302','ALCA\r\n','0203'),('020303','CHARCANA\r\n','0203'),('020304','PAMPAMARCA\r\n','0203'),('020305','PUYCA\r\n','0203'),('020306','QUECHUALLA\r\n','0203'),('020307','SAYLA\r\n','0203'),('020308','TAURIA\r\n','0203'),('020309','TOMEPAMPA\r\n','0203'),('020310','HUAYNACOTAS\r\n','0203'),('020311','TORO\r\n','0203'),('020401','CHUQUIBAMBA\r\n','0204'),('020402','ANDARAY\r\n','0204'),('020403','CHICHAS\r\n','0204'),('020404','IRAY\r\n','0204'),('020405','SALAMANCA\r\n','0204'),('020406','YANAQUIHUA\r\n','0204'),('020407','RIO GRANDE\r\n','0204'),('020408','CAYARANI\r\n','0204'),('020501','APLAO\r\n','0205'),('020502','ANDAGUA\r\n','0205'),('020503','CHACHAS\r\n','0205'),('020504','CHILCAYMARCA\r\n','0205'),('020505','CHOCO\r\n','0205'),('020506','HUANCARQUI\r\n','0205'),('020507','MACHAGUAY\r\n','0205'),('020508','ORCOPAMPA\r\n','0205'),('020509','TIPAN\r\n','0205'),('020510','URACA\r\n','0205'),('020511','UÑON\r\n','0205'),('020512','VIRACO\r\n','0205'),('020513','AYO\r\n','0205'),('020514','PAMPACOLCA\r\n','0205'),('020601','CARAVELI\r\n','0206'),('020602','ACARI\r\n','0206'),('020603','ATIQUIPA\r\n','0206'),('020604','BELLA UNION\r\n','0206'),('020605','CAHUACHO\r\n','0206'),('020606','CHALA\r\n','0206'),('020607','CHAPARRA\r\n','0206'),('020608','HUANUHUANU\r\n','0206'),('020609','LOMAS\r\n','0206'),('020610','QUICACHA\r\n','0206'),('020611','YAUCA\r\n','0206'),('020612','ATICO\r\n','0206'),('020613','JAQUI\r\n','0206'),('020701','CAMANA\r\n','0207'),('020702','MARISCAL CACERES\r\n','0207'),('020703','NICOLAS DE PIEROLA\r\n','0207'),('020704','OCOÑA\r\n','0207'),('020705','QUILCA\r\n','0207'),('020706','SAMUEL PASTOR\r\n','0207'),('020707','JOSE MARIA QUIMPER\r\n','0207'),('020708','MARIANO NICOLAS VALCARCEL\r\n','0207'),('020801','CHIVAY\r\n','0208'),('020802','ACHOMA\r\n','0208'),('020803','CABANACONDE\r\n','0208'),('020804','CAYLLOMA\r\n','0208'),('020805','CALLALLI\r\n','0208'),('020806','HUAMBO\r\n','0208'),('020807','HUANCA\r\n','0208'),('020808','ICHUPAMPA\r\n','0208'),('020809','LARI\r\n','0208'),('020810','LLUTA\r\n','0208'),('020811','MACA\r\n','0208'),('020812','SAN ANTONIO DE CHUCA\r\n','0208'),('020813','SIBAYO\r\n','0208'),('020814','TAPAY\r\n','0208'),('020815','TUTI\r\n','0208'),('020816','YANQUE\r\n','0208'),('020817','MAJES\r\n','0208'),('020818','COPORAQUE\r\n','0208'),('020819','MADRIGAL\r\n','0208'),('020820','TISCO\r\n','0208'),('030101','SAN BERNARDINO\r\n','0301'),('030102','SAN LUIS\r\n','0301'),('030103','TUMBADEN\r\n','0301'),('030104','SAN PABLO\r\n','0301'),('030201','SAN MIGUEL\r\n','0302'),('030202','CALQUIS\r\n','0302'),('030203','LA FLORIDA\r\n','0302'),('030204','LLAPA\r\n','0302'),('030205','NIEPOS\r\n','0302'),('030206','SAN GREGORIO\r\n','0302'),('030207','SAN SILVESTRE DE COCHAN\r\n','0302'),('030208','EL PRADO\r\n','0302'),('030209','UNION AGUA BLANCA\r\n','0302'),('030210','TONGOD\r\n','0302'),('030211','BOLIVAR\r\n','0302'),('030212','NANCHOC\r\n','0302'),('030213','CATILLUC\r\n','0302'),('030301','CONTUMAZA\r\n','0303'),('030302','CHILETE\r\n','0303'),('030303','GUZMANGO\r\n','0303'),('030304','SAN BENITO\r\n','0303'),('030305','TANTARICA\r\n','0303'),('030306','YONAN\r\n','0303'),('030307','SANTA CRUZ DE TOLED\r\n','0303'),('030308','CUPISNIQUE\r\n','0303'),('030401','CAJAMARCA\r\n','0304'),('030402','ASUNCION\r\n','0304'),('030403','COSPAN\r\n','0304'),('030404','ENCAÑADA\r\n','0304'),('030405','JESUS\r\n','0304'),('030406','LOS BAÑOS DEL INCA\r\n','0304'),('030407','LLACANORA\r\n','0304'),('030408','MAGDALENA\r\n','0304'),('030409','MATARA\r\n','0304'),('030410','SAN JUAN\r\n','0304'),('030411','CHETILLA\r\n','0304'),('030412','NAMORA\r\n','0304'),('030501','PEDRO GALVEZ\r\n','0305'),('030502','ICHOCAN\r\n','0305'),('030503','GREGORIO PITA\r\n','0305'),('030504','JOSE MANUEL QUIROZ\r\n','0305'),('030505','EDUARDO VILLANUEVA\r\n','0305'),('030506','JOSE SABOGAL\r\n','0305'),('030507','CHANCAY\r\n','0305'),('030601','SAN IGNACIO\r\n','0306'),('030602','CHIRINOS\r\n','0306'),('030603','HUARANGO\r\n','0306'),('030604','NAMBALLE\r\n','0306'),('030605','LA COIPA\r\n','0306'),('030606','TABACONAS\r\n','0306'),('030607','SAN JOSE DE LOURDES\r\n','0306'),('030701','CATACHE\r\n','0307'),('030702','CHANCAYBAÑOS\r\n','0307'),('030703','LA ESPERANZA\r\n','0307'),('030704','NINABAMBA\r\n','0307'),('030705','PULAN\r\n','0307'),('030706','SEXI\r\n','0307'),('030707','YAUYUCAN\r\n','0307'),('030708','ANDABAMBA\r\n','0307'),('030709','SAUCEPAMPA\r\n','0307'),('030710','SANTA CRUZ\r\n','0307'),('030711','UTICYACU\r\n','0307'),('030801','JAEN\r\n','0308'),('030802','BELLAVISTA\r\n','0308'),('030803','COLASAY\r\n','0308'),('030804','CHONTALI\r\n','0308'),('030805','POMAHUACA\r\n','0308'),('030806','SALLIQUE\r\n','0308'),('030807','SAN FELIPE\r\n','0308'),('030808','SAN JOSE DEL ALTO\r\n','0308'),('030809','SANTA ROSA\r\n','0308'),('030810','LAS PIRIAS\r\n','0308'),('030811','HUABAL\r\n','0308'),('030812','PUCARA\r\n','0308'),('030901','CHUGUR\r\n','0309'),('030902','HUALGAYOC\r\n','0309'),('030903','BAMBAMARCA\r\n','0309'),('031001','CHOTA\r\n','0310'),('031002','ANGUIA\r\n','0310'),('031003','COCHABAMBA\r\n','0310'),('031004','CHADIN\r\n','0310'),('031005','CHIGUIRIP\r\n','0310'),('031006','CHIMBAN\r\n','0310'),('031007','HUAMBOS\r\n','0310'),('031008','LLAMA\r\n','0310'),('031009','MIRACOSTA\r\n','0310'),('031010','PION\r\n','0310'),('031011','QUEROCOTO\r\n','0310'),('031012','TOCMOCHE\r\n','0310'),('031013','SAN JUAN DE LICUPIS\r\n','0310'),('031014','CHOROPAMPA\r\n','0310'),('031015','CHALAMARCA\r\n','0310'),('031016','CONCHAN\r\n','0310'),('031017','PACCHA\r\n','0310'),('031018','LAJAS\r\n','0310'),('031019','TACABAMBA\r\n','0310'),('031101','CUTERVO\r\n','0311'),('031102','CALLAYUC\r\n','0311'),('031103','CUJILLO\r\n','0311'),('031104','LA RAMADA\r\n','0311'),('031105','PIMPINGOS\r\n','0311'),('031106','QUEROCOTILLO\r\n','0311'),('031107','SAN ANDRES DE CUTERVO\r\n','0311'),('031108','SAN JUAN DE CUTERVO\r\n','0311'),('031109','SAN LUIS DE LUCMA\r\n','0311'),('031110','SANTO DOMINGO DE LA CAPILLA\r\n','0311'),('031111','SANTO TOMAS\r\n','0311'),('031112','SOCOTA\r\n','0311'),('031113','TORIBIO CASANOVA\r\n','0311'),('031114','CHOROS\r\n','0311'),('031115','SANTA CRUZ\r\n','0311'),('031201','CELENDIN\r\n','0312'),('031202','CHUMUCH\r\n','0312'),('031203','HUASMIN\r\n','0312'),('031204','JORGE CHAVEZ\r\n','0312'),('031205','JOSE GALVEZ\r\n','0312'),('031206','MIGUEL IGLESIAS\r\n','0312'),('031207','OXAMARCA\r\n','0312'),('031208','SUCRE\r\n','0312'),('031209','UTCO\r\n','0312'),('031210','LA LIBERTAD DE PALLAN\r\n','0312'),('031211','CORTEGANA\r\n','0312'),('031212','SOROCHUCO\r\n','0312'),('031301','CAJABAMBA\r\n','0313'),('031302','CACHACHI\r\n','0313'),('031303','CONDEBAMBA\r\n','0313'),('031304','SITACOCHA\r\n','0313'),('040101','URUBAMBA\r\n','0401'),('040102','CHINCHERO\r\n','0401'),('040103','HUAYLLABAMBA\r\n','0401'),('040104','MARAS\r\n','0401'),('040105','OLLANTAYTAMBO\r\n','0401'),('040106','YUCAY\r\n','0401'),('040107','MACHUPICCHU\r\n','0401'),('040201','ANDAHUAYLILLAS\r\n','0402'),('040202','CCARHUAYO\r\n','0402'),('040203','CCATCA\r\n','0402'),('040204','CUSIPATA\r\n','0402'),('040205','HUARO\r\n','0402'),('040206','LUCRE\r\n','0402'),('040207','OCONGATE\r\n','0402'),('040208','OROPESA\r\n','0402'),('040209','QUIQUIJANA\r\n','0402'),('040210','CAMANTI\r\n','0402'),('040211','MARCAPATA\r\n','0402'),('040212','URCOS\r\n','0402'),('040301','ACCHA\r\n','0403'),('040302','CCAPI\r\n','0403'),('040303','COLCHA\r\n','0403'),('040304','HUANOQUITE\r\n','0403'),('040305','OMACHA\r\n','0403'),('040306','YAURISQUE\r\n','0403'),('040307','PARURO\r\n','0403'),('040308','PACCARITAMBO\r\n','0403'),('040309','PILLPINTO\r\n','0403'),('040401','SANTO TOMAS\r\n','0404'),('040402','CAPACMARCA\r\n','0404'),('040403','COLQUEMARCA\r\n','0404'),('040404','CHAMACA\r\n','0404'),('040405','LLUSCO\r\n','0404'),('040406','QUIÑOTA\r\n','0404'),('040407','VELILLE\r\n','0404'),('040408','LIVITACA\r\n','0404'),('040501','ACOMAYO\r\n','0405'),('040502','ACOPIA\r\n','0405'),('040503','ACOS\r\n','0405'),('040504','POMACANCHI\r\n','0405'),('040505','MOSOC LLACTA\r\n','0405'),('040506','SANGARARA\r\n','0405'),('040507','RONDOCAN\r\n','0405'),('040601','PAUCARTAMBO\r\n','0406'),('040602','CAICAY\r\n','0406'),('040603','COLQUEPATA\r\n','0406'),('040604','CHALLABAMBA\r\n','0406'),('040605','KOSÑIPATA\r\n','0406'),('040606','HUANCARANI\r\n','0406'),('040701','SANTA ANA\r\n','0407'),('040702','ECHARATI\r\n','0407'),('040703','HUAYOPATA\r\n','0407'),('040704','OCOBAMBA\r\n','0407'),('040705','SANTA TERESA\r\n','0407'),('040706','VILCABAMBA\r\n','0407'),('040707','QUELLOUNO\r\n','0407'),('040708','KIMBIRI\r\n','0407'),('040709','PICHARI\r\n','0407'),('040710','MARANURA\r\n','0407'),('040801','ESPINAR\r\n','0408'),('040802','CONDOROMA\r\n','0408'),('040803','COPORAQUE\r\n','0408'),('040804','OCORURO\r\n','0408'),('040805','PICHIGUA\r\n','0408'),('040806','SUYCKUTAMBO\r\n','0408'),('040807','ALTO PICHIGUA\r\n','0408'),('040808','PALLPATA\r\n','0408'),('040901','SICUANI\r\n','0409'),('040902','COMBAPATA\r\n','0409'),('040903','CHECACUPE\r\n','0409'),('040904','MARANGANI\r\n','0409'),('040905','PITUMARCA\r\n','0409'),('040906','SAN PEDRO\r\n','0409'),('040907','TINTA\r\n','0409'),('040908','SAN PABLO\r\n','0409'),('041001','YANAOCA\r\n','0410'),('041002','CHECCA\r\n','0410'),('041003','KUNTURKANKI\r\n','0410'),('041004','LANGUI\r\n','0410'),('041005','LAYO\r\n','0410'),('041006','PAMPAMARCA\r\n','0410'),('041007','TUPAC AMARU\r\n','0410'),('041008','QUEHUE\r\n','0410'),('041101','COYA\r\n','0411'),('041102','LAMAY\r\n','0411'),('041103','LARES\r\n','0411'),('041104','PISAC\r\n','0411'),('041105','SAN SALVADOR\r\n','0411'),('041106','TARAY\r\n','0411'),('041107','CALCA\r\n','0411'),('041108','YANATILE\r\n','0411'),('041201','ANTA\r\n','0412'),('041202','CHINCHAYPUJIO\r\n','0412'),('041203','LIMATAMBO\r\n','0412'),('041204','MOLLEPATA\r\n','0412'),('041205','PUCYURA\r\n','0412'),('041206','ZURITE\r\n','0412'),('041207','CACHIMAYO\r\n','0412'),('041208','ANCAHUASI\r\n','0412'),('041209','HUAROCONDO\r\n','0412'),('041301','CUSCO\r\n','0413'),('041302','CCORCA\r\n','0413'),('041303','POROY\r\n','0413'),('041304','SAN SEBASTIAN\r\n','0413'),('041305','SANTIAGO\r\n','0413'),('041306','WANCHAQ\r\n','0413'),('041307','SAN JERONIMO\r\n','0413'),('041308','SAYLLA\r\n','0413'),('050101','CASTROVIRREYNA\r\n','0501'),('050102','AURAHUA\r\n','0501'),('050103','CAPILLAS\r\n','0501'),('050104','COCAS\r\n','0501'),('050105','CHUPAMARCA\r\n','0501'),('050106','HUACHOS\r\n','0501'),('050107','HUAMATAMBO\r\n','0501'),('050108','SAN JUAN\r\n','0501'),('050109','TANTARA\r\n','0501'),('050110','TICRAPO\r\n','0501'),('050111','SANTA ANA\r\n','0501'),('050112','ARMA\r\n','0501'),('050113','MOLLEPAMPA\r\n','0501'),('050201','ACOBAMBA\r\n','0502'),('050202','ANTA\r\n','0502'),('050203','ANDABAMBA\r\n','0502'),('050204','CAJA\r\n','0502'),('050205','MARCAS\r\n','0502'),('050206','PAUCARA\r\n','0502'),('050207','ROSARIO\r\n','0502'),('050208','POMACOCHA\r\n','0502'),('050301','CHURCAMPA\r\n','0503'),('050302','ANCO\r\n','0503'),('050303','CHINCHIHUASI\r\n','0503'),('050304','EL CARMEN\r\n','0503'),('050305','LA MERCED\r\n','0503'),('050306','PAUCARBAMBA\r\n','0503'),('050307','SAN MIGUEL DE MAYOCC\r\n','0503'),('050308','SAN PEDRO DE CORIS\r\n','0503'),('050309','PACHAMARCA\r\n','0503'),('050310','LOCROJA\r\n','0503'),('050401','AYAVI\r\n','0504'),('050402','CORDOVA\r\n','0504'),('050403','HUAYACUNDO ARMA\r\n','0504'),('050404','HUAYTARA\r\n','0504'),('050405','LARAMARCA\r\n','0504'),('050406','PILPICHACA\r\n','0504'),('050407','QUERCO\r\n','0504'),('050408','QUITO ARMA\r\n','0504'),('050409','SAN ANTONIO DE CUSICANCHA\r\n','0504'),('050410','SAN FRANCISCO DE SANGAYAICO\r\n','0504'),('050411','SAN ISIDRO\r\n','0504'),('050412','SANTIAGO DE QUIRAHUARA\r\n','0504'),('050413','SANTO DOMINGO DE CAPILLAS\r\n','0504'),('050414','TAMBO\r\n','0504'),('050415','OCOYO\r\n','0504'),('050416','SANTIAGO DE CHOCORVOS\r\n','0504'),('050501','PAMPAS\r\n','0505'),('050502','ACOSTAMBO\r\n','0505'),('050503','COLCABAMBA\r\n','0505'),('050504','DANIEL HERNANDEZ\r\n','0505'),('050505','HUACHOCOLPA\r\n','0505'),('050506','HUARIBAMBA\r\n','0505'),('050507','ÑAHUIMPUQUIO\r\n','0505'),('050508','QUISHUAR\r\n','0505'),('050509','SALCABAMBA\r\n','0505'),('050510','SURCABAMBA\r\n','0505'),('050511','TINTAY PUNCU\r\n','0505'),('050512','SALCAHUASI\r\n','0505'),('050513','ACRAQUIA\r\n','0505'),('050514','SAN MARCOS DE ROCCHAC\r\n','0505'),('050515','AHUAYCHA\r\n','0505'),('050516','PAZOS\r\n','0505'),('050601','LIRCAY\r\n','0506'),('050602','ANCHONGA\r\n','0506'),('050603','CALLANMARCA\r\n','0506'),('050604','CONGALLA\r\n','0506'),('050605','CHINCHO\r\n','0506'),('050606','HUANCA-HUANCA\r\n','0506'),('050607','JULCAMARCA\r\n','0506'),('050608','SAN ANTONIO DE ANTAPARCO\r\n','0506'),('050609','SANTO TOMAS DE PATA\r\n','0506'),('050610','SECCLLA\r\n','0506'),('050611','CCOCHACCASA\r\n','0506'),('050612','HUALLAY-GRANDE\r\n','0506'),('050701','HUANCAVELICA\r\n','0507'),('050702','ACOBAMBILLA\r\n','0507'),('050703','ACORIA\r\n','0507'),('050704','CONAYCA\r\n','0507'),('050705','HUACHOCOLPA\r\n','0507'),('050706','HUAYLLAHUARA\r\n','0507'),('050707','IZCUCHACA\r\n','0507'),('050708','LARIA\r\n','0507'),('050709','MANTA\r\n','0507'),('050710','MARISCAL CACERES\r\n','0507'),('050711','NUEVO OCCORO\r\n','0507'),('050712','PALCA\r\n','0507'),('050713','PILCHACA\r\n','0507'),('050714','VILCA\r\n','0507'),('050715','YAULI\r\n','0507'),('050716','HUANDO\r\n','0507'),('050717','CUENCA\r\n','0507'),('050718','MOYA\r\n','0507'),('050719','ASCENSION\r\n','0507'),('060101','JESUS\r\n','0601'),('060102','BAÑOS\r\n','0601'),('060103','QUEROPALCA\r\n','0601'),('060104','SAN MIGUEL DE CAURI\r\n','0601'),('060105','RONDOS\r\n','0601'),('060106','JIVIA\r\n','0601'),('060107','SAN FRANCISCO DE ASIS\r\n','0601'),('060201','LLATA\r\n','0602'),('060202','ARANCAY\r\n','0602'),('060203','CHAVIN DE PARIARCA\r\n','0602'),('060204','JACAS GRANDE\r\n','0602'),('060205','JIRCAN\r\n','0602'),('060206','MONZON\r\n','0602'),('060207','PUNCHAO\r\n','0602'),('060208','PUÑOS\r\n','0602'),('060209','SINGA\r\n','0602'),('060210','MIRAFLORES\r\n','0602'),('060211','TANTAMAYO\r\n','0602'),('060301','AMBO\r\n','0603'),('060302','CAYNA\r\n','0603'),('060303','COLPAS\r\n','0603'),('060304','CONCHAMARCA\r\n','0603'),('060305','HUACAR\r\n','0603'),('060306','SAN FRANCISCO\r\n','0603'),('060307','SAN RAFAEL\r\n','0603'),('060308','TOMAY-KICHWA\r\n','0603'),('060401','CHAVINILLO\r\n','0604'),('060402','APARICIO POMARES\r\n','0604'),('060403','CAHUAC\r\n','0604'),('060404','CHACABAMBA\r\n','0604'),('060405','OBAS\r\n','0604'),('060406','PAMPAMARCA\r\n','0604'),('060407','CHORAS\r\n','0604'),('060408','JACAS CHICO\r\n','0604'),('060501','HUACAYBAMBA\r\n','0605'),('060502','PINRA\r\n','0605'),('060503','CANCHABAMBA\r\n','0605'),('060504','COCHABAMBA\r\n','0605'),('060601','HONORIA\r\n','0606'),('060602','PUERTO INCA\r\n','0606'),('060603','CODO DEL POZUZO\r\n','0606'),('060604','TOURNAVISTA\r\n','0606'),('060605','YUYAPICHIS\r\n','0606'),('060701','PANAO\r\n','0607'),('060702','CHAGLLA\r\n','0607'),('060703','MOLINO\r\n','0607'),('060704','UMARI\r\n','0607'),('060801','RUPA-RUPA\r\n','0608'),('060802','DANIEL ALOMIA ROBLES\r\n','0608'),('060803','HERMILIO VALDIZAN\r\n','0608'),('060804','LUYANDO\r\n','0608'),('060805','JOSE CRESPO Y CASTILLO\r\n','0608'),('060806','MARIANO DAMASO BERAUN\r\n','0608'),('060901','HUACRACHUCO\r\n','0609'),('060902','CHOLON\r\n','0609'),('060903','SAN BUENAVENTURA\r\n','0609'),('061001','LA UNION\r\n','0610'),('061002','CHUQUIS\r\n','0610'),('061003','MARIAS\r\n','0610'),('061004','PACHAS\r\n','0610'),('061005','QUIVILLA\r\n','0610'),('061006','RIPAN\r\n','0610'),('061007','SHUNQUI\r\n','0610'),('061008','YANAS\r\n','0610'),('061009','SILLAPATA\r\n','0610'),('061101','HUANUCO\r\n','0611'),('061102','CHINCHAO\r\n','0611'),('061103','MARGOS\r\n','0611'),('061104','QUISQUI\r\n','0611'),('061105','SAN FRANCISCO DE CAYRAN\r\n','0611'),('061106','SAN PEDRO DE CHAULAN\r\n','0611'),('061107','SANTA MARIA DEL VALLE\r\n','0611'),('061108','YARUMAYO\r\n','0611'),('061109','AMARILIS\r\n','0611'),('061110','CHURUBAMBA\r\n','0611'),('061111','PILLCO MARCA\r\n','0611'),('070101','LLIPATA\r\n','0701'),('070102','PALPA\r\n','0701'),('070103','SANTA CRUZ\r\n','0701'),('070104','TIBILLO\r\n','0701'),('070105','RIO GRANDE\r\n','0701'),('070201','NAZCA\r\n','0702'),('070202','CHANGUILLO\r\n','0702'),('070203','EL INGENIO\r\n','0702'),('070204','MARCONA\r\n','0702'),('070205','VISTA ALEGRE\r\n','0702'),('070301','ICA\r\n','0703'),('070302','LA TINGUIÑA\r\n','0703'),('070303','LOS AQUIJES\r\n','0703'),('070304','PARCONA\r\n','0703'),('070305','SALAS\r\n','0703'),('070306','SAN JOSE DE LOS MOLINOS\r\n','0703'),('070307','SAN JUAN BAUTISTA\r\n','0703'),('070308','SANTIAGO\r\n','0703'),('070309','SUBTANJALLA\r\n','0703'),('070310','YAUCA DEL ROSARIO\r\n','0703'),('070311','TATE\r\n','0703'),('070312','OCUCAJE\r\n','0703'),('070313','PUEBLO NUEVO\r\n','0703'),('070314','PACHACUTEC\r\n','0703'),('070401','PISCO\r\n','0704'),('070402','HUANCANO\r\n','0704'),('070403','HUMAY\r\n','0704'),('070404','INDEPENDENCIA\r\n','0704'),('070405','PARACAS\r\n','0704'),('070406','SAN ANDRES\r\n','0704'),('070407','TUPAC AMARU INCA\r\n','0704'),('070408','SAN CLEMENTE\r\n','0704'),('070501','CHINCHA ALTA\r\n','0705'),('070502','CHAVIN\r\n','0705'),('070503','CHINCHA BAJA\r\n','0705'),('070504','EL CARMEN\r\n','0705'),('070505','GROCIO PRADO\r\n','0705'),('070506','SUNAMPE\r\n','0705'),('070507','TAMBO DE MORA\r\n','0705'),('070508','ALTO LARAN\r\n','0705'),('070509','PUEBLO NUEVO\r\n','0705'),('070510','SAN JUAN DE YANAC\r\n','0705'),('070511','SAN PEDRO DE HUACARPANA\r\n','0705'),('080101','TAMBOPATA\r\n','0801'),('080102','INAMBARI\r\n','0801'),('080103','LABERINTO\r\n','0801'),('080104','LAS PIEDRAS\r\n','0801'),('080201','IÑAPARI\r\n','0802'),('080202','TAHUAMANU\r\n','0802'),('080203','IBERIA\r\n','0802'),('080301','MANU\r\n','0803'),('080302','FITZCARRALD\r\n','0803'),('080303','MADRE DE DIOS\r\n','0803'),('080304','HUEPETUHE\r\n','0803'),('090101','OXAPAMPA\r\n','0901'),('090102','HUANCABAMBA\r\n','0901'),('090103','PUERTO BERMUDEZ\r\n','0901'),('090104','VILLA RICA\r\n','0901'),('090105','POZUZO\r\n','0901'),('090106','PALCAZU\r\n','0901'),('090107','CHONTABAMBA\r\n','0901'),('090201','HUACHON\r\n','0902'),('090202','HUARIACA\r\n','0902'),('090203','HUAYLLAY\r\n','0902'),('090204','NINACACA\r\n','0902'),('090205','PALLANCHACRA\r\n','0902'),('090206','PAUCARTAMBO\r\n','0902'),('090207','SAN FRANCISCO DE ASIS DE YARUSYACAN\r\n','0902'),('090208','TICLACAYAN\r\n','0902'),('090209','TINYAHUARCO\r\n','0902'),('090210','VICCO\r\n','0902'),('090211','YANACANCHA\r\n','0902'),('090212','CHAUPIMARCA\r\n','0902'),('090213','SIMON BOLIVAR\r\n','0902'),('090301','YANAHUANCA\r\n','0903'),('090302','CHACAYAN\r\n','0903'),('090303','GOYLLARISQUIZGA\r\n','0903'),('090304','SAN PEDRO DE PILLAO\r\n','0903'),('090305','SANTA ANA DE TUSI\r\n','0903'),('090306','TAPUC\r\n','0903'),('090307','VILCABAMBA\r\n','0903'),('090308','PAUCAR\r\n','0903'),('100101','SULLANA\r\n','1001'),('100102','LANCONES\r\n','1001'),('100103','MARCAVELICA\r\n','1001'),('100104','MIGUEL CHECA\r\n','1001'),('100105','QUERECOTILLO\r\n','1001'),('100106','SALITRAL\r\n','1001'),('100107','IGNACIO ESCUDERO\r\n','1001'),('100108','BELLAVISTA\r\n','1001'),('100201','HUANCABAMBA\r\n','1002'),('100202','CANCHAQUE\r\n','1002'),('100203','HUARMACA\r\n','1002'),('100204','SONDOR\r\n','1002'),('100205','EL CARMEN DE LA FRONTERA\r\n','1002'),('100206','SAN MIGUEL DE EL FAIQUE\r\n','1002'),('100207','LALAQUIZ\r\n','1002'),('100208','SONDORILLO\r\n','1002'),('100301','SECHURA\r\n','1003'),('100302','VICE\r\n','1003'),('100303','BELLAVISTA DE LA UNION\r\n','1003'),('100304','CRISTO NOS VALGA\r\n','1003'),('100305','RINCONADA-LLICUAR\r\n','1003'),('100306','BERNAL\r\n','1003'),('100401','PARIÑAS\r\n','1004'),('100402','LA BREA\r\n','1004'),('100403','LOBITOS\r\n','1004'),('100404','MANCORA\r\n','1004'),('100405','LOS ORGANOS\r\n','1004'),('100406','EL ALTO\r\n','1004'),('100501','PAITA\r\n','1005'),('100502','ARENAL\r\n','1005'),('100503','LA HUACA\r\n','1005'),('100504','COLAN\r\n','1005'),('100505','TAMARINDO\r\n','1005'),('100506','VICHAYAL\r\n','1005'),('100507','AMOTAPE\r\n','1005'),('100601','CHULUCANAS\r\n','1006'),('100602','BUENOS AIRES\r\n','1006'),('100603','CHALACO\r\n','1006'),('100604','MORROPON\r\n','1006'),('100605','SANTA CATALINA DE MOSSA\r\n','1006'),('100606','SANTO DOMINGO\r\n','1006'),('100607','LA MATANZA\r\n','1006'),('100608','YAMANGO\r\n','1006'),('100609','SAN JUAN DE BIGOTE\r\n','1006'),('100610','SALITRAL\r\n','1006'),('100701','FRIAS\r\n','1007'),('100702','LAGUNAS\r\n','1007'),('100703','MONTERO\r\n','1007'),('100704','PACAIPAMPA\r\n','1007'),('100705','SAPILLICA\r\n','1007'),('100706','SICCHEZ\r\n','1007'),('100707','SUYO\r\n','1007'),('100708','PAIMAS\r\n','1007'),('100709','AYABACA\r\n','1007'),('100710','JILILI\r\n','1007'),('100801','PIURA\r\n','1008'),('100802','CASTILLA\r\n','1008'),('100803','LA ARENA\r\n','1008'),('100804','LA UNION\r\n','1008'),('100805','LAS LOMAS\r\n','1008'),('100806','TAMBO GRANDE\r\n','1008'),('100807','CURA MORI\r\n','1008'),('100808','EL TALLAN\r\n','1008'),('100809','CATACAOS\r\n','1008'),('110101','LOCUMBA\r\n','1101'),('110102','ITE\r\n','1101'),('110103','ILABAYA\r\n','1101'),('110201','TACNA\r\n','1102'),('110202','CALANA\r\n','1102'),('110203','INCLAN\r\n','1102'),('110204','PACHIA\r\n','1102'),('110205','POCOLLAY\r\n','1102'),('110206','SAMA\r\n','1102'),('110207','ALTO DE LA ALIANZA\r\n','1102'),('110208','CIUDAD NUEVA\r\n','1102'),('110209','CORONEL GREGORIO ALBARRACIN LANCHIPA\r\n','1102'),('110210','PALCA\r\n','1102'),('110301','CANDARAVE\r\n','1103'),('110302','CAIRANI\r\n','1103'),('110303','CURIBAYA\r\n','1103'),('110304','QUILAHUANI\r\n','1103'),('110305','CAMILACA\r\n','1103'),('110306','HUANUARA\r\n','1103'),('110401','HEROES ALBARRACIN\r\n','1104'),('110402','ESTIQUE\r\n','1104'),('110403','ESTIQUE PAMPA\r\n','1104'),('110404','SITAJARA\r\n','1104'),('110405','SUSAPAYA\r\n','1104'),('110406','TARUCACHI\r\n','1104'),('110407','TARATA\r\n','1104'),('110408','TICACO\r\n','1104'),('120101','TUMBES\r\n','1201'),('120102','CORRALES\r\n','1201'),('120103','LA CRUZ\r\n','1201'),('120104','PAMPAS DE HOSPITAL\r\n','1201'),('120105','SAN JUAN DE LA VIRGEN\r\n','1201'),('120106','SAN JACINTO\r\n','1201'),('120201','ZARUMILLA\r\n','1202'),('120202','MATAPALO\r\n','1202'),('120203','PAPAYAL\r\n','1202'),('120204','AGUAS VERDES\r\n','1202'),('120301','ZORRITOS\r\n','1203'),('120302','CASITAS\r\n','1203'),('120303','CANOAS DE PUNTA SAL\r\n','1203'),('130101','CHANCHAMAYO\r\n','1301'),('130102','SAN RAMON\r\n','1301'),('130103','VITOC\r\n','1301'),('130104','SAN LUIS DE SHUARO\r\n','1301'),('130105','PICHANAQUI\r\n','1301'),('130106','PERENE\r\n','1301'),('130201','LA OROYA\r\n','1302'),('130202','CHACAPALPA\r\n','1302'),('130203','HUAY HUAY\r\n','1302'),('130204','MARCAPOMACOCHA\r\n','1302'),('130205','MOROCOCHA\r\n','1302'),('130206','PACCHA\r\n','1302'),('130207','SUITUCANCHA\r\n','1302'),('130208','YAULI\r\n','1302'),('130209','SANTA ROSA DE SACCO\r\n','1302'),('130210','SANTA BARBARA DE CARHUACAYAN\r\n','1302'),('130301','PACCHA\r\n','1303'),('130302','SAN PEDRO DE CHUNAN\r\n','1303'),('130303','JAUJA\r\n','1303'),('130304','ACOLLA\r\n','1303'),('130305','APATA\r\n','1303'),('130306','ATAURA\r\n','1303'),('130307','EL MANTARO\r\n','1303'),('130308','HUAMALI\r\n','1303'),('130309','HUARIPAMPA\r\n','1303'),('130310','HUERTAS\r\n','1303'),('130311','JANJAILLO\r\n','1303'),('130312','JULCAN\r\n','1303'),('130313','LEONOR ORDOÑEZ\r\n','1303'),('130314','MARCO\r\n','1303'),('130315','MASMA\r\n','1303'),('130316','MOLINOS\r\n','1303'),('130317','MONOBAMBA\r\n','1303'),('130318','MUQUI\r\n','1303'),('130319','MUQUIYAUYO\r\n','1303'),('130320','PANCAN\r\n','1303'),('130321','PARCO\r\n','1303'),('130322','POMACANCHA\r\n','1303'),('130323','RICRAN\r\n','1303'),('130324','SAN LORENZO\r\n','1303'),('130325','SINCOS\r\n','1303'),('130326','YAULI\r\n','1303'),('130327','CURICACA\r\n','1303'),('130328','MASMA CHICCHE\r\n','1303'),('130329','SAUSA\r\n','1303'),('130330','YAUYOS\r\n','1303'),('130331','CANCHAYLLO\r\n','1303'),('130332','LLOCLLAPAMPA\r\n','1303'),('130333','PACA\r\n','1303'),('130334','TUNAN MARCA\r\n','1303'),('130401','HUANCAYO\r\n','1304'),('130402','CARHUACALLANGA\r\n','1304'),('130403','COLCA\r\n','1304'),('130404','CULLHUAS\r\n','1304'),('130405','CHACAPAMPA\r\n','1304'),('130406','CHILCA\r\n','1304'),('130407','CHONGOS ALTO\r\n','1304'),('130408','CHUPURO\r\n','1304'),('130409','EL TAMBO\r\n','1304'),('130410','HUACRAPUQUIO\r\n','1304'),('130411','HUALHUAS\r\n','1304'),('130412','HUASICANCHA\r\n','1304'),('130413','HUAYUCACHI\r\n','1304'),('130414','INGENIO\r\n','1304'),('130415','PARIAHUANCA\r\n','1304'),('130416','PILCOMAYO\r\n','1304'),('130417','PUCARA\r\n','1304'),('130418','QUILCAS\r\n','1304'),('130419','SAN AGUSTIN\r\n','1304'),('130420','SAN JERONIMO DE TUNAN\r\n','1304'),('130421','SANTO DOMINGO DE ACOBAMBA\r\n','1304'),('130422','SAÑO\r\n','1304'),('130423','SAPALLANGA\r\n','1304'),('130424','VIQUES\r\n','1304'),('130425','CHICCHE\r\n','1304'),('130426','HUANCAN\r\n','1304'),('130427','QUICHUAY\r\n','1304'),('130428','SICAYA\r\n','1304'),('130501','AHUAC\r\n','1305'),('130502','CHONGOS BAJO\r\n','1305'),('130503','HUACHAC\r\n','1305'),('130504','HUAMANCACA CHICO\r\n','1305'),('130505','SAN JUAN DE YSCOS\r\n','1305'),('130506','SAN JUAN DE JARPA\r\n','1305'),('130507','YANACANCHA\r\n','1305'),('130508','CHUPACA\r\n','1305'),('130509','TRES DE DICIEMBRE\r\n','1305'),('130601','SATIPO\r\n','1306'),('130602','COVIRIALI\r\n','1306'),('130603','LLAYLLA\r\n','1306'),('130604','MAZAMARI\r\n','1306'),('130605','PAMPA HERMOSA\r\n','1306'),('130606','PANGOA\r\n','1306'),('130607','RIO TAMBO\r\n','1306'),('130608','RIO NEGRO\r\n','1306'),('130701','TARMA\r\n','1307'),('130702','HUARICOLCA\r\n','1307'),('130703','HUASAHUASI\r\n','1307'),('130704','LA UNION\r\n','1307'),('130705','PALCA\r\n','1307'),('130706','PALCAMAYO\r\n','1307'),('130707','SAN PEDRO DE CAJAS\r\n','1307'),('130708','ACOBAMBA\r\n','1307'),('130709','TAPO\r\n','1307'),('130801','JUNIN\r\n','1308'),('130802','CARHUAMAYO\r\n','1308'),('130803','ONDORES\r\n','1308'),('130804','ULCUMAYO\r\n','1308'),('130901','CONCEPCION\r\n','1309'),('130902','ACO\r\n','1309'),('130903','ANDAMARCA\r\n','1309'),('130904','COMAS\r\n','1309'),('130905','COCHAS\r\n','1309'),('130906','HEROINAS TOLEDO\r\n','1309'),('130907','MANZANARES\r\n','1309'),('130908','MARISCAL CASTILLA\r\n','1309'),('130909','MATAHUASI\r\n','1309'),('130910','MITO\r\n','1309'),('130911','NUEVE DE JULIO\r\n','1309'),('130912','SANTA ROSA DE OCOPA\r\n','1309'),('130913','SAN JOSE DE QUERO\r\n','1309'),('130914','CHAMBARA\r\n','1309'),('130915','ORCOTUNA\r\n','1309'),('140101','CASCAS\r\n','1401'),('140102','LUCMA\r\n','1401'),('140103','MARMOT\r\n','1401'),('140104','SAYAPULLO\r\n','1401'),('140201','CHEPEN\r\n','1402'),('140202','PACANGA\r\n','1402'),('140203','PUEBLO NUEVO\r\n','1402'),('140301','HUARANCHAL\r\n','1403'),('140302','OTUZCO\r\n','1403'),('140303','AGALLPAMPA\r\n','1403'),('140304','CHARAT\r\n','1403'),('140305','LA CUESTA\r\n','1403'),('140306','PARANDAY\r\n','1403'),('140307','SALPO\r\n','1403'),('140308','SINSICAP\r\n','1403'),('140309','USQUIL\r\n','1403'),('140310','MACHE\r\n','1403'),('140401','TRUJILLO\r\n','1404'),('140402','HUANCHACO\r\n','1404'),('140403','LAREDO\r\n','1404'),('140404','MOCHE\r\n','1404'),('140405','SALAVERRY\r\n','1404'),('140406','SIMBAL\r\n','1404'),('140407','VICTOR LARCO HERRERA\r\n','1404'),('140408','EL PORVENIR\r\n','1404'),('140409','LA ESPERANZA\r\n','1404'),('140410','FLORENCIA DE MORA\r\n','1404'),('140411','POROTO\r\n','1404'),('140501','VIRU\r\n','1405'),('140502','GUADALUPITO\r\n','1405'),('140503','CHAO\r\n','1405'),('140601','JULCAN\r\n','1406'),('140602','CARABAMBA\r\n','1406'),('140603','HUASO\r\n','1406'),('140604','CALAMARCA\r\n','1406'),('140701','ASCOPE\r\n','1407'),('140702','CHICAMA\r\n','1407'),('140703','CHOCOPE\r\n','1407'),('140704','SANTIAGO DE CAO\r\n','1407'),('140705','MAGDALENA DE CAO\r\n','1407'),('140706','PAIJAN\r\n','1407'),('140707','CASA GRANDE\r\n','1407'),('140708','RAZURI\r\n','1407'),('140801','SANTIAGO DE CHUCO\r\n','1408'),('140802','CACHICADAN\r\n','1408'),('140803','MOLLEBAMBA\r\n','1408'),('140804','MOLLEPATA\r\n','1408'),('140805','QUIRUVILCA\r\n','1408'),('140806','SITABAMBA\r\n','1408'),('140807','ANGASMARCA\r\n','1408'),('140808','SANTA CRUZ DE CHUCA\r\n','1408'),('140901','TAYABAMBA\r\n','1409'),('140902','BULDIBUYO\r\n','1409'),('140903','CHILLIA\r\n','1409'),('140904','HUAYLILLAS\r\n','1409'),('140905','HUAYO\r\n','1409'),('140906','ONGON\r\n','1409'),('140907','PARCOY\r\n','1409'),('140908','PATAZ\r\n','1409'),('140909','PIAS\r\n','1409'),('140910','TAURIJA\r\n','1409'),('140911','SANTIAGO DE CHALLAS\r\n','1409'),('140912','HUANCASPATA\r\n','1409'),('140913','URPAY\r\n','1409'),('141001','GUADALUPE\r\n','1410'),('141002','JEQUETEPEQUE\r\n','1410'),('141003','PACASMAYO\r\n','1410'),('141004','SAN JOSE\r\n','1410'),('141005','SAN PEDRO DE LLOC\r\n','1410'),('141101','MARCABAL\r\n','1411'),('141102','HUAMACHUCO\r\n','1411'),('141103','COCHORCO\r\n','1411'),('141104','CURGOS\r\n','1411'),('141105','CHUGAY\r\n','1411'),('141106','SARIN\r\n','1411'),('141107','SARTIMBAMBA\r\n','1411'),('141108','SANAGORAN\r\n','1411'),('141201','BOLIVAR\r\n','1412'),('141202','BAMBAMARCA\r\n','1412'),('141203','LONGOTEA\r\n','1412'),('141204','UCUNCHA\r\n','1412'),('141205','UCHUMARCA\r\n','1412'),('141206','CONDORMARCA\r\n','1412'),('150101','PATAPO\r\n','1501'),('150102','CHICLAYO\r\n','1501'),('150103','CHONGOYAPE\r\n','1501'),('150104','ETEN\r\n','1501'),('150105','ETEN PUERTO\r\n','1501'),('150106','LAGUNAS\r\n','1501'),('150107','NUEVA ARICA\r\n','1501'),('150108','OYOTUN\r\n','1501'),('150109','PICSI\r\n','1501'),('150110','PIMENTEL\r\n','1501'),('150111','REQUE\r\n','1501'),('150112','JOSE LEONARDO ORTIZ\r\n','1501'),('150113','SAÑA\r\n','1501'),('150114','LA VICTORIA\r\n','1501'),('150115','CAYALTI\r\n','1501'),('150116','POMALCA\r\n','1501'),('150117','PUCALA\r\n','1501'),('150118','TUMAN\r\n','1501'),('150119','MONSEFU\r\n','1501'),('150120','SANTA ROSA\r\n','1501'),('150201','LAMBAYEQUE\r\n','1502'),('150202','CHOCHOPE\r\n','1502'),('150203','ILLIMO\r\n','1502'),('150204','MOCHUMI\r\n','1502'),('150205','MORROPE\r\n','1502'),('150206','MOTUPE\r\n','1502'),('150207','OLMOS\r\n','1502'),('150208','PACORA\r\n','1502'),('150209','SALAS\r\n','1502'),('150210','TUCUME\r\n','1502'),('150211','JAYANCA\r\n','1502'),('150212','SAN JOSE\r\n','1502'),('150301','INCAHUASI\r\n','1503'),('150302','PITIPO\r\n','1503'),('150303','PUEBLO NUEVO\r\n','1503'),('150304','MANUEL ANTONIO MESONES MURO\r\n','1503'),('150305','FERREÑAFE\r\n','1503'),('150306','CAÑARIS\r\n','1503'),('160101','HUARAL\r\n','1601'),('160102','ATAVILLOS ALTO\r\n','1601'),('160103','ATAVILLOS BAJO\r\n','1601'),('160104','AUCALLAMA\r\n','1601'),('160105','CHANCAY\r\n','1601'),('160106','IHUARI\r\n','1601'),('160107','LAMPIAN\r\n','1601'),('160108','SAN MIGUEL DE ACOS\r\n','1601'),('160109','VEINTISIETE DE NOVIEMBRE\r\n','1601'),('160110','SANTA CRUZ DE ANDAMARCA\r\n','1601'),('160111','SUMBILCA\r\n','1601'),('160112','PACARAOS\r\n','1601'),('160201','SAN BUENAVENTURA\r\n','1602'),('160202','CANTA\r\n','1602'),('160203','ARAHUAY\r\n','1602'),('160204','HUAMANTANGA\r\n','1602'),('160205','HUAROS\r\n','1602'),('160206','SANTA ROSA DE QUIVES\r\n','1602'),('160207','LACHAQUI\r\n','1602'),('160301','MALA\r\n','1603'),('160302','NUEVO IMPERIAL\r\n','1603'),('160303','PACARAN\r\n','1603'),('160304','QUILMANA\r\n','1603'),('160305','SAN ANTONIO\r\n','1603'),('160306','SAN LUIS\r\n','1603'),('160307','ZUÑIGA\r\n','1603'),('160308','ASIA\r\n','1603'),('160309','SAN VICENTE','1603'),('160310','CALANGO\r\n','1603'),('160311','CERRO AZUL\r\n','1603'),('160312','COAYLLO\r\n','1603'),('160313','CHILCA\r\n','1603'),('160314','LUNAHUANA\r\n','1603'),('160315','SANTA CRUZ DE FLORES\r\n','1603'),('160316','IMPERIAL\r\n','1603'),('160401','CAJATAMBO\r\n','1604'),('160402','COPA\r\n','1604'),('160403','HUANCAPON\r\n','1604'),('160404','MANAS\r\n','1604'),('160405','GORGOR\r\n','1604'),('160501','LIMA\r\n','1605'),('160502','ANCON\r\n','1605'),('160503','ATE\r\n','1605'),('160504','BREÑA\r\n','1605'),('160505','CARABAYLLO\r\n','1605'),('160506','CHACLACAYO\r\n','1605'),('160507','CHORRILLOS\r\n','1605'),('160508','LA VICTORIA\r\n','1605'),('160509','LA MOLINA\r\n','1605'),('160510','LINCE\r\n','1605'),('160511','LURIN\r\n','1605'),('160512','MAGDALENA DEL MAR\r\n','1605'),('160513','MIRAFLORES\r\n','1605'),('160514','PACHACAMAC\r\n','1605'),('160515','PUEBLO LIBRE\r\n','1605'),('160516','PUCUSANA\r\n','1605'),('160517','PUENTE PIEDRA\r\n','1605'),('160518','PUNTA NEGRA\r\n','1605'),('160519','RIMAC\r\n','1605'),('160520','SAN BARTOLO\r\n','1605'),('160521','SAN ISIDRO\r\n','1605'),('160522','BARRANCO\r\n','1605'),('160523','S.M.P.','1605'),('160524','SAN MIGUEL\r\n','1605'),('160525','SANTA ROSA\r\n','1605'),('160526','SANTIAGO DE SURCO\r\n','1605'),('160527','SURQUILLO\r\n','1605'),('160528','V.M.T.\r\n','1605'),('160529','JESUS MARIA\r\n','1605'),('160530','INDEPENDENCIA\r\n','1605'),('160531','EL AGUSTINO\r\n','1605'),('160532','S.J.M.\r\n','1605'),('160533','SAN LUIS\r\n','1605'),('160534','CIENEGUILLA\r\n','1605'),('160535','SAN BORJA\r\n','1605'),('160536','VILLA EL SALVADOR\r\n','1605'),('160537','LOS OLIVOS\r\n','1605'),('160538','SANTA ANITA\r\n','1605'),('160539','COMAS\r\n','1605'),('160540','LURIGANCHO\r\n','1605'),('160541','PUNTA HERMOSA\r\n','1605'),('160542','SANTA MARIA DEL MAR\r\n','1605'),('160543','S.J.L.\r\n','1605'),('160601','OYON\r\n','1606'),('160602','NAVAN\r\n','1606'),('160603','CAUJUL\r\n','1606'),('160604','ANDAJES\r\n','1606'),('160605','COCHAMARCA\r\n','1606'),('160606','PACHANGARA\r\n','1606'),('160701','BARRANCA\r\n','1607'),('160702','PARAMONGA\r\n','1607'),('160703','SUPE\r\n','1607'),('160704','SUPE PUERTO\r\n','1607'),('160705','PATIVILCA\r\n','1607'),('160801','ALIS\r\n','1608'),('160802','AYAUCA\r\n','1608'),('160803','AYAVIRI\r\n','1608'),('160804','AZANGARO\r\n','1608'),('160805','CACRA\r\n','1608'),('160806','CARANIA\r\n','1608'),('160807','COLONIA\r\n','1608'),('160808','CHOCOS\r\n','1608'),('160809','HUAMPARA\r\n','1608'),('160810','HUANCAYA\r\n','1608'),('160811','HUANTAN\r\n','1608'),('160812','HUAÑEC\r\n','1608'),('160813','LINCHA\r\n','1608'),('160814','MIRAFLORES\r\n','1608'),('160815','OMAS\r\n','1608'),('160816','QUINOCAY\r\n','1608'),('160817','SAN JOAQUIN\r\n','1608'),('160818','SAN PEDRO DE PILAS\r\n','1608'),('160819','TAURIPAMPA\r\n','1608'),('160820','TUPE\r\n','1608'),('160821','VIÑAC\r\n','1608'),('160822','VITIS\r\n','1608'),('160823','HONGOS\r\n','1608'),('160824','MADEAN\r\n','1608'),('160825','PUTINZA\r\n','1608'),('160826','HUANGASCAR\r\n','1608'),('160827','QUINCHES\r\n','1608'),('160828','YAUYOS\r\n','1608'),('160829','COCHAS\r\n','1608'),('160830','LARAOS\r\n','1608'),('160831','TANTA\r\n','1608'),('160832','TOMAS\r\n','1608'),('160833','CATAHUASI\r\n','1608'),('160901','MATUCANA\r\n','1609'),('160902','ANTIOQUIA\r\n','1609'),('160903','CARAMPOMA\r\n','1609'),('160904','SAN PEDRO DE CASTA\r\n','1609'),('160905','CUENCA\r\n','1609'),('160906','CHICLA\r\n','1609'),('160907','HUANZA\r\n','1609'),('160908','HUAROCHIRI\r\n','1609'),('160909','LAHUAYTAMBO\r\n','1609'),('160910','MARIATANA\r\n','1609'),('160911','RICARDO PALMA\r\n','1609'),('160912','SAN ANDRES DE TUPICOCHA\r\n','1609'),('160913','SAN ANTONIO\r\n','1609'),('160914','SAN BARTOLOME\r\n','1609'),('160915','SAN DAMIAN\r\n','1609'),('160916','SAN JUAN DE TANTARANCHE\r\n','1609'),('160917','SAN LORENZO DE QUINTI\r\n','1609'),('160918','SAN MATEO\r\n','1609'),('160919','SAN MATEO DE OTAO\r\n','1609'),('160920','SAN PEDRO DE HUANCAYRE\r\n','1609'),('160921','SANTA CRUZ DE COCACHACRA\r\n','1609'),('160922','SANTIAGO DE ANCHUCAYA\r\n','1609'),('160923','SANTIAGO DE TUNA\r\n','1609'),('160924','SANTO DOMINGO DE LOS OLLEROS\r\n','1609'),('160925','SURCO\r\n','1609'),('160926','HUACHUPAMPA\r\n','1609'),('160927','LARAOS\r\n','1609'),('160928','SAN JUAN DE IRIS\r\n','1609'),('160929','CALLAHUANCA\r\n','1609'),('160930','LANGA\r\n','1609'),('160931','SANGALLAYA\r\n','1609'),('160932','SANTA EULALIA\r\n','1609'),('161001','HUACHO\r\n','1610'),('161002','AMBAR\r\n','1610'),('161003','CALETA DE CARQUIN\r\n','1610'),('161004','CHECRAS\r\n','1610'),('161005','HUALMAY\r\n','1610'),('161006','HUAURA\r\n','1610'),('161007','PACCHO\r\n','1610'),('161008','SANTA LEONOR\r\n','1610'),('161009','SANTA MARIA\r\n','1610'),('161010','SAYAN\r\n','1610'),('161011','VEGUETA\r\n','1610'),('161012','LEONCIO PRADO\r\n','1610'),('170101','BELLAVISTA\r\n','1701'),('170102','LA PUNTA\r\n','1701'),('170103','CARMEN DE LA LEGUA-REYNOSO\r\n','1701'),('170104','LA PERLA\r\n','1701'),('170105','VENTANILLA\r\n','1701'),('170106','CALLAO\r\n','1701'),('180101','RAIMONDI\r\n','1801'),('180102','TAHUANIA\r\n','1801'),('180103','YURUA\r\n','1801'),('180104','SEPAHUA\r\n','1801'),('180201','PURUS\r\n','1802'),('180301','IRAZOLA\r\n','1803'),('180302','CURIMANA\r\n','1803'),('180303','PADRE ABAD\r\n','1803'),('180401','CALLERIA\r\n','1804'),('180402','MASISEA\r\n','1804'),('180403','CAMPOVERDE\r\n','1804'),('180404','IPARIA\r\n','1804'),('180405','NUEVA REQUENA\r\n','1804'),('180406','MANANTAY\r\n','1804'),('180407','YARINACOCHA\r\n','1804'),('190101','QUEROBAMBA\r\n','1901'),('190102','BELEN\r\n','1901'),('190103','CHALCOS\r\n','1901'),('190104','SAN SALVADOR DE QUIJE\r\n','1901'),('190105','PAICO\r\n','1901'),('190106','SAN PEDRO DE LARCAY\r\n','1901'),('190107','SORAS\r\n','1901'),('190108','HUACAÑA\r\n','1901'),('190109','CHILCAYOC\r\n','1901'),('190110','MORCOLLA\r\n','1901'),('190111','SANTIAGO DE PAUCARAY\r\n','1901'),('190201','HUANCAPI\r\n','1902'),('190202','ALCAMENCA\r\n','1902'),('190203','CANARIA\r\n','1902'),('190204','CAYARA\r\n','1902'),('190205','COLCA\r\n','1902'),('190206','HUAYA\r\n','1902'),('190207','HUAMANQUIQUIA\r\n','1902'),('190208','HUANCARAYLLA\r\n','1902'),('190209','VILCANCHOS\r\n','1902'),('190210','ASQUIPATA\r\n','1902'),('190211','APONGO\r\n','1902'),('190212','SARHUA\r\n','1902'),('190301','HUANTA\r\n','1903'),('190302','HUAMANGUILLA\r\n','1903'),('190303','LURICOCHA\r\n','1903'),('190304','SIVIA\r\n','1903'),('190305','LLOCHEGUA\r\n','1903'),('190306','IGUAIN\r\n','1903'),('190307','SANTILLANA\r\n','1903'),('190308','AYAHUANCO\r\n','1903'),('190401','COLTA\r\n','1904'),('190402','CORCULLA\r\n','1904'),('190403','LAMPA\r\n','1904'),('190404','MARCABAMBA\r\n','1904'),('190405','OYOLO\r\n','1904'),('190406','SAN JAVIER DE ALPABAMBA\r\n','1904'),('190407','SARA SARA\r\n','1904'),('190408','PAUSA\r\n','1904'),('190409','SAN JOSE DE USHUA\r\n','1904'),('190410','PARARCA\r\n','1904'),('190501','VISCHONGO\r\n','1905'),('190502','ACCOMARCA\r\n','1905'),('190503','CARHUANCA\r\n','1905'),('190504','CONCEPCION\r\n','1905'),('190505','HUAMBALPA\r\n','1905'),('190506','SAURAMA\r\n','1905'),('190507','INDEPENDENCIA\r\n','1905'),('190508','VILCAS HUAMAN\r\n','1905'),('190601','SANCOS\r\n','1906'),('190602','SACSAMARCA\r\n','1906'),('190603','SANTIAGO DE LUCANAMARCA\r\n','1906'),('190604','CARAPO\r\n','1906'),('190701','CORACORA\r\n','1907'),('190702','CORONEL CASTAÑEDA\r\n','1907'),('190703','CHUMPI\r\n','1907'),('190704','PACAPAUSA\r\n','1907'),('190705','PUYUSCA\r\n','1907'),('190706','SAN FRANCISCO DE RAVACAYCO\r\n','1907'),('190707','UPAHUACHO\r\n','1907'),('190708','PULLO\r\n','1907'),('190801','PUQUIO\r\n','1908'),('190802','AUCARA\r\n','1908'),('190803','CABANA\r\n','1908'),('190804','CHAVIÑA\r\n','1908'),('190805','CHIPAO\r\n','1908'),('190806','HUAC-HUAS\r\n','1908'),('190807','LARAMATE\r\n','1908'),('190808','LEONCIO PRADO\r\n','1908'),('190809','LUCANAS\r\n','1908'),('190810','LLAUTA\r\n','1908'),('190811','OTOCA\r\n','1908'),('190812','SANCOS\r\n','1908'),('190813','SAN JUAN\r\n','1908'),('190814','SAN PEDRO\r\n','1908'),('190815','SANTA ANA DE HUAYCAHUACHO\r\n','1908'),('190816','SANTA LUCIA\r\n','1908'),('190817','SAN PEDRO DE PALCO\r\n','1908'),('190818','SAN CRISTOBAL\r\n','1908'),('190819','CARMEN SALCEDO\r\n','1908'),('190820','OCAÑA\r\n','1908'),('190821','SAISA\r\n','1908'),('190901','SAN MIGUEL\r\n','1909'),('190902','ANCO\r\n','1909'),('190903','AYNA\r\n','1909'),('190904','CHILCAS\r\n','1909'),('190905','TAMBO\r\n','1909'),('190906','LUIS CARRANZA\r\n','1909'),('190907','SANTA ROSA\r\n','1909'),('190908','CHUNGUI\r\n','1909'),('191001','CANGALLO\r\n','1910'),('191002','LOS MOROCHUCOS\r\n','1910'),('191003','PARAS\r\n','1910'),('191004','TOTOS\r\n','1910'),('191005','MARIA PARADO DE BELLIDO\r\n','1910'),('191006','CHUSCHI\r\n','1910'),('191101','AYACUCHO\r\n','1911'),('191102','ACOS VINCHOS\r\n','1911'),('191103','CARMEN ALTO\r\n','1911'),('191104','CHIARA\r\n','1911'),('191105','QUINUA\r\n','1911'),('191106','SAN JOSE DE TICLLAS\r\n','1911'),('191107','SANTIAGO DE PISCHA\r\n','1911'),('191108','VINCHOS\r\n','1911'),('191109','TAMBILLO\r\n','1911'),('191110','ACOCRO\r\n','1911'),('191111','SOCOS\r\n','1911'),('191112','OCROS\r\n','1911'),('191113','PACAYCASA\r\n','1911'),('191114','SAN JUAN BAUTISTA\r\n','1911'),('191115','JESUS NAZARENO\r\n','1911'),('200101','SAN NICOLAS\r\n','2001'),('200102','COCHAMAL\r\n','2001'),('200103','CHIRIMOTO\r\n','2001'),('200104','HUAMBO\r\n','2001'),('200105','LONGAR\r\n','2001'),('200106','MARISCAL BENAVIDES\r\n','2001'),('200107','OMIA\r\n','2001'),('200108','SANTA ROSA\r\n','2001'),('200109','TOTORA\r\n','2001'),('200110','VISTA ALEGRE\r\n','2001'),('200111','LIMABAMBA\r\n','2001'),('200112','MILPUCC\r\n','2001'),('200201','BAGUA GRANDE\r\n','2002'),('200202','CAJARURO\r\n','2002'),('200203','CUMBA\r\n','2002'),('200204','EL MILAGRO\r\n','2002'),('200205','JAMALCA\r\n','2002'),('200206','YAMON\r\n','2002'),('200207','LONYA GRANDE\r\n','2002'),('200301','EL CENEPA\r\n','2003'),('200302','RIO SANTIAGO\r\n','2003'),('200303','NIEVA\r\n','2003'),('200401','LAMUD\r\n','2004'),('200402','CAMPORREDONDO\r\n','2004'),('200403','COCABAMBA\r\n','2004'),('200404','COLCAMAR\r\n','2004'),('200405','CONILA\r\n','2004'),('200406','INGUILPATA\r\n','2004'),('200407','LONYA CHICO\r\n','2004'),('200408','LUYA\r\n','2004'),('200409','LUYA VIEJO\r\n','2004'),('200410','MARIA\r\n','2004'),('200411','OCALLI\r\n','2004'),('200412','OCUMAL\r\n','2004'),('200413','SAN CRISTOBAL\r\n','2004'),('200414','SAN FRANCISCO DE YESO\r\n','2004'),('200415','SAN JERONIMO\r\n','2004'),('200416','SAN JUAN DE LOPECANCHA\r\n','2004'),('200417','SANTA CATALINA\r\n','2004'),('200418','SANTO TOMAS\r\n','2004'),('200419','TRITA\r\n','2004'),('200420','PROVIDENCIA\r\n','2004'),('200421','LONGUITA\r\n','2004'),('200422','PISUQUIA\r\n','2004'),('200423','TINGO\r\n','2004'),('200501','JUMBILLA\r\n','2005'),('200502','COROSHA\r\n','2005'),('200503','CUISPES\r\n','2005'),('200504','CHISQUILLA\r\n','2005'),('200505','FLORIDA\r\n','2005'),('200506','RECTA\r\n','2005'),('200507','SAN CARLOS\r\n','2005'),('200508','SHIPASBAMBA\r\n','2005'),('200509','VALERA\r\n','2005'),('200510','YAMBRASBAMBA\r\n','2005'),('200511','CHURUJA\r\n','2005'),('200512','JAZAN\r\n','2005'),('200601','LA PECA\r\n','2006'),('200602','ARAMANGO\r\n','2006'),('200603','EL PARCO\r\n','2006'),('200604','IMAZA\r\n','2006'),('200605','COPALLIN\r\n','2006'),('200701','CHACHAPOYAS\r\n','2007'),('200702','ASUNCION\r\n','2007'),('200703','CHETO\r\n','2007'),('200704','CHILIQUIN\r\n','2007'),('200705','CHUQUIBAMBA\r\n','2007'),('200706','GRANADA\r\n','2007'),('200707','HUANCAS\r\n','2007'),('200708','LEYMEBAMBA\r\n','2007'),('200709','LEVANTO\r\n','2007'),('200710','MAGDALENA\r\n','2007'),('200711','MARISCAL CASTILLA\r\n','2007'),('200712','MOLINOPAMPA\r\n','2007'),('200713','MONTEVIDEO\r\n','2007'),('200714','OLLEROS\r\n','2007'),('200715','SAN FRANCISCO DE DAGUAS\r\n','2007'),('200716','SAN ISIDRO DE MAINO\r\n','2007'),('200717','SOLOCO\r\n','2007'),('200718','SONCHE\r\n','2007'),('200719','BALSAS\r\n','2007'),('200720','LA JALCA\r\n','2007'),('200721','QUINJALCA\r\n','2007'),('210101','PAUCAS\r\n','2101'),('210102','PONTO\r\n','2101'),('210103','RAHUAPAMPA\r\n','2101'),('210104','RAPAYAN\r\n','2101'),('210105','SAN PEDRO DE CHANA\r\n','2101'),('210106','UCO\r\n','2101'),('210107','ANRA\r\n','2101'),('210108','CHAVIN DE HUANTAR\r\n','2101'),('210109','HUACACHI\r\n','2101'),('210110','HUACHIS\r\n','2101'),('210111','HUACCHIS\r\n','2101'),('210112','MASIN\r\n','2101'),('210113','CAJAY\r\n','2101'),('210114','HUANTAR\r\n','2101'),('210115','SAN MARCOS\r\n','2101'),('210116','HUARI\r\n','2101'),('210201','CORONGO\r\n','2102'),('210202','ACO\r\n','2102'),('210203','BAMBAS\r\n','2102'),('210204','LA PAMPA\r\n','2102'),('210205','YANAC\r\n','2102'),('210206','YUPAN\r\n','2102'),('210207','CUSCA\r\n','2102'),('210301','CHIQUIAN\r\n','2103'),('210302','ABELARDO PARDO LEZAMETA\r\n','2103'),('210303','AQUIA\r\n','2103'),('210304','CAJACAY\r\n','2103'),('210305','HUASTA\r\n','2103'),('210306','MANGAS\r\n','2103'),('210307','PACLLON\r\n','2103'),('210308','SAN MIGUEL DE CORPANQUI\r\n','2103'),('210309','TICLLOS\r\n','2103'),('210310','ANTONIO RAIMONDI\r\n','2103'),('210311','CANIS\r\n','2103'),('210312','LA PRIMAVERA\r\n','2103'),('210313','HUALLANCA\r\n','2103'),('210314','HUAYLLACAYAN\r\n','2103'),('210315','COLQUIOC\r\n','2103'),('210401','CHACAS\r\n','2104'),('210402','ACOCHACA\r\n','2104'),('210501','LLAMELLIN\r\n','2105'),('210502','CHACCHO\r\n','2105'),('210503','CHINGAS\r\n','2105'),('210504','SAN JUAN DE RONTOY\r\n','2105'),('210505','ACZO\r\n','2105'),('210506','MIRGAS\r\n','2105'),('210601','CHIMBOTE\r\n','2106'),('210602','CACERES DEL PERU\r\n','2106'),('210603','MORO\r\n','2106'),('210604','NEPEÑA\r\n','2106'),('210605','SAMANCO\r\n','2106'),('210606','SANTA\r\n','2106'),('210607','COISHCO\r\n','2106'),('210608','NUEVO CHIMBOTE\r\n','2106'),('210609','MACATE\r\n','2106'),('210701','POMABAMBA\r\n','2107'),('210702','PAROBAMBA\r\n','2107'),('210703','QUINUABAMBA\r\n','2107'),('210704','HUAYLLAN\r\n','2107'),('210801','CARAZ\r\n','2108'),('210802','HUALLANCA\r\n','2108'),('210803','HUATA\r\n','2108'),('210804','MATO\r\n','2108'),('210805','PAMPAROMAS\r\n','2108'),('210806','PUEBLO LIBRE\r\n','2108'),('210807','SANTA CRUZ\r\n','2108'),('210808','YURACMARCA\r\n','2108'),('210809','SANTO TORIBIO\r\n','2108'),('210810','HUAYLAS\r\n','2108'),('210901','BUENA VISTA ALTA\r\n','2109'),('210902','COMANDANTE NOEL\r\n','2109'),('210903','YAUTAN\r\n','2109'),('210904','CASMA\r\n','2109'),('211001','CARHUAZ\r\n','2110'),('211002','ACOPAMPA\r\n','2110'),('211003','AMASHCA\r\n','2110'),('211004','ANTA\r\n','2110'),('211005','MARCARA\r\n','2110'),('211006','PARIAHUANCA\r\n','2110'),('211007','SAN MIGUEL DE ACO\r\n','2110'),('211008','SHILLA\r\n','2110'),('211009','TINCO\r\n','2110'),('211010','YUNGAR\r\n','2110'),('211011','ATAQUERO\r\n','2110'),('211101','AIJA\r\n','2111'),('211102','CORIS\r\n','2111'),('211103','LA MERCED\r\n','2111'),('211104','SUCCHA\r\n','2111'),('211105','HUACLLAN\r\n','2111'),('211201','HUARAZ\r\n','2112'),('211202','INDEPENDENCIA\r\n','2112'),('211203','COCHABAMBA\r\n','2112'),('211204','COLCABAMBA\r\n','2112'),('211205','HUANCHAY\r\n','2112'),('211206','JANGAS\r\n','2112'),('211207','OLLEROS\r\n','2112'),('211208','PAMPAS\r\n','2112'),('211209','PARIACOTO\r\n','2112'),('211210','PIRA\r\n','2112'),('211211','TARICA\r\n','2112'),('211212','LA LIBERTAD\r\n','2112'),('211301','ACAS\r\n','2113'),('211302','CAJAMARQUILLA\r\n','2113'),('211303','CARHUAPAMPA\r\n','2113'),('211304','COCHAS\r\n','2113'),('211305','CONGAS\r\n','2113'),('211306','LLIPA\r\n','2113'),('211307','SAN CRISTOBAL DE RAJAN\r\n','2113'),('211308','SAN PEDRO\r\n','2113'),('211309','SANTIAGO DE CHILCAS\r\n','2113'),('211310','OCROS\r\n','2113'),('211401','HUARMEY\r\n','2114'),('211402','COCHAPETI\r\n','2114'),('211403','HUAYAN\r\n','2114'),('211404','MALVAS\r\n','2114'),('211405','CULEBRAS\r\n','2114'),('211501','YAUYA\r\n','2115'),('211502','SAN NICOLAS\r\n','2115'),('211503','SAN LUIS\r\n','2115'),('211601','YUNGAY\r\n','2116'),('211602','CASCAPARA\r\n','2116'),('211603','MANCOS\r\n','2116'),('211604','MATACOTO\r\n','2116'),('211605','RANRAHIRCA\r\n','2116'),('211606','SHUPLUY\r\n','2116'),('211607','YANAMA\r\n','2116'),('211608','QUILLO\r\n','2116'),('211701','ALFONSO UGARTE\r\n','2117'),('211702','CHINGALPO\r\n','2117'),('211703','HUAYLLABAMBA\r\n','2117'),('211704','QUICHES\r\n','2117'),('211705','SICSIBAMBA\r\n','2117'),('211706','ACOBAMBA\r\n','2117'),('211707','RAGASH\r\n','2117'),('211708','SAN JUAN\r\n','2117'),('211709','SIHUAS\r\n','2117'),('211710','CASHAPAMPA\r\n','2117'),('211801','RECUAY\r\n','2118'),('211802','COTAPARACO\r\n','2118'),('211803','HUAYLLAPAMPA\r\n','2118'),('211804','MARCA\r\n','2118'),('211805','PARARIN\r\n','2118'),('211806','TAPACOCHA\r\n','2118'),('211807','TICAPAMPA\r\n','2118'),('211808','LLACLLIN\r\n','2118'),('211809','CATAC\r\n','2118'),('211810','PAMPAS CHICO\r\n','2118'),('211901','CABANA\r\n','2119'),('211902','BOLOGNESI\r\n','2119'),('211903','CONCHUCOS\r\n','2119'),('211904','HUACASCHUQUE\r\n','2119'),('211905','LACABAMBA\r\n','2119'),('211906','LLAPO\r\n','2119'),('211907','PALLASCA\r\n','2119'),('211908','PAMPAS\r\n','2119'),('211909','SANTA ROSA\r\n','2119'),('211910','TAUCA\r\n','2119'),('211911','HUANDOVAL\r\n','2119'),('212001','PISCOBAMBA\r\n','2120'),('212002','CASCA\r\n','2120'),('212003','LUCMA\r\n','2120'),('212004','LLAMA\r\n','2120'),('212005','LLUMPA\r\n','2120'),('212006','MUSGA\r\n','2120'),('212007','ELEAZAR GUZMAN BARRON\r\n','2120'),('212008','FIDEL OLIVAS ESCUDERO\r\n','2120'),('220101','RAMON CASTILLA\r\n','2201'),('220102','PEBAS\r\n','2201'),('220103','YAVARI\r\n','2201'),('220104','SAN PABLO\r\n','2201'),('220201','BALSAPUERTO\r\n','2202'),('220202','JEBEROS\r\n','2202'),('220203','LAGUNAS\r\n','2202'),('220204','SANTA CRUZ\r\n','2202'),('220205','TENIENTE CESAR LOPEZ ROJAS\r\n','2202'),('220206','YURIMAGUAS\r\n','2202'),('220301','ANDOAS\r\n','2203'),('220302','CAHUAPANAS\r\n','2203'),('220303','MANSERICHE\r\n','2203'),('220304','MORONA\r\n','2203'),('220305','PASTAZA\r\n','2203'),('220306','BARRANCA\r\n','2203'),('220401','CONTAMANA\r\n','2204'),('220402','PADRE MARQUEZ\r\n','2204'),('220403','PAMPA HERMOSA\r\n','2204'),('220404','INAHUAYA\r\n','2204'),('220405','SARAYACU\r\n','2204'),('220406','VARGAS GUERRA\r\n','2204'),('220501','REQUENA\r\n','2205'),('220502','ALTO TAPICHE\r\n','2205'),('220503','CAPELO\r\n','2205'),('220504','MAQUIA\r\n','2205'),('220505','PUINAHUA\r\n','2205'),('220506','SAQUENA\r\n','2205'),('220507','SOPLIN\r\n','2205'),('220508','TAPICHE\r\n','2205'),('220509','JENARO HERRERA\r\n','2205'),('220510','YAQUERANA\r\n','2205'),('220511','EMILIO SAN MARTIN\r\n','2205'),('220601','NAUTA\r\n','2206'),('220602','PARINARI\r\n','2206'),('220603','URARINAS\r\n','2206'),('220604','TROMPETEROS\r\n','2206'),('220605','TIGRE\r\n','2206'),('220701','IQUITOS\r\n','2207'),('220702','ALTO NANAY\r\n','2207'),('220703','FERNANDO LORES\r\n','2207'),('220704','LAS AMAZONAS\r\n','2207'),('220705','MAZAN\r\n','2207'),('220706','NAPO\r\n','2207'),('220707','TORRES CAUSANA\r\n','2207'),('220708','INDIANA\r\n','2207'),('220709','PUNCHANA\r\n','2207'),('220710','BELEN\r\n','2207'),('220711','SAN JUAN BAUTISTA\r\n','2207'),('220712','TNTE MANUEL CLAVERO\r\n','2207'),('220713','PUTUMAYO\r\n','2207'),('230101','ILO\r\n','2301'),('230102','EL ALGARROBAL\r\n','2301'),('230103','PACOCHA\r\n','2301'),('230201','OMATE\r\n','2302'),('230202','COALAQUE\r\n','2302'),('230203','CHOJATA\r\n','2302'),('230204','ICHUÑA\r\n','2302'),('230205','LA CAPILLA\r\n','2302'),('230206','LLOQUE\r\n','2302'),('230207','PUQUINA\r\n','2302'),('230208','QUINISTAQUILLAS\r\n','2302'),('230209','UBINAS\r\n','2302'),('230210','YUNGA\r\n','2302'),('230211','MATALAQUE\r\n','2302'),('230301','MOQUEGUA\r\n','2303'),('230302','CARUMAS\r\n','2303'),('230303','CUCHUMBAYA\r\n','2303'),('230304','SAN CRISTOBAL\r\n','2303'),('230305','TORATA\r\n','2303'),('230306','SAMEGUA\r\n','2303'),('240101','YUNGUYO\r\n','2401'),('240102','UNICACHI\r\n','2401'),('240103','ANAPIA\r\n','2401'),('240104','OLLARAYA\r\n','2401'),('240105','TINICACHI\r\n','2401'),('240106','COPANI\r\n','2401'),('240107','CUTURAPI\r\n','2401'),('240201','SANDIA\r\n','2402'),('240202','LIMBANI\r\n','2402'),('240203','PHARA\r\n','2402'),('240204','PATAMBUCO\r\n','2402'),('240205','QUIACA\r\n','2402'),('240206','SAN JUAN DEL ORO\r\n','2402'),('240207','YANAHUAYA\r\n','2402'),('240208','SAN PEDRO DE PUTINA PUNCO\r\n','2402'),('240209','CUYOCUYO\r\n','2402'),('240210','ALTO INAMBARI\r\n','2402'),('240301','LAMPA\r\n','2403'),('240302','CABANILLA\r\n','2403'),('240303','CALAPUJA\r\n','2403'),('240304','NICASIO\r\n','2403'),('240305','OCUVIRI\r\n','2403'),('240306','PALCA\r\n','2403'),('240307','PARATIA\r\n','2403'),('240308','SANTA LUCIA\r\n','2403'),('240309','VILAVILA\r\n','2403'),('240310','PUCARA\r\n','2403'),('240401','ACHAYA\r\n','2404'),('240402','ARAPA\r\n','2404'),('240403','ASILLO\r\n','2404'),('240404','CHUPA\r\n','2404'),('240405','JOSE DOMINGO CHOQUEHUANCA\r\n','2404'),('240406','MUÑANI\r\n','2404'),('240407','POTONI\r\n','2404'),('240408','SAMAN\r\n','2404'),('240409','SAN ANTON\r\n','2404'),('240410','SAN JUAN DE SALINAS\r\n','2404'),('240411','SANTIAGO DE PUPUJA\r\n','2404'),('240412','TIRAPATA\r\n','2404'),('240413','AZANGARO\r\n','2404'),('240414','CAMINACA\r\n','2404'),('240415','SAN JOSE\r\n','2404'),('240501','MOHO\r\n','2405'),('240502','TILALI\r\n','2405'),('240503','HUAYRAPATA\r\n','2405'),('240504','CONIMA\r\n','2405'),('240601','ILAVE\r\n','2406'),('240602','PILCUYO\r\n','2406'),('240603','SANTA ROSA\r\n','2406'),('240604','CAPASO\r\n','2406'),('240605','CONDURIRI\r\n','2406'),('240701','PUTINA\r\n','2407'),('240702','PEDRO VILCA APAZA\r\n','2407'),('240703','QUILCAPUNCU\r\n','2407'),('240704','ANANEA\r\n','2407'),('240705','SINA\r\n','2407'),('240801','JULIACA\r\n','2408'),('240802','CABANILLAS\r\n','2408'),('240803','CARACOTO\r\n','2408'),('240804','CABANA\r\n','2408'),('240901','AYAVIRI\r\n','2409'),('240902','ANTAUTA\r\n','2409'),('240903','CUPI\r\n','2409'),('240904','MACARI\r\n','2409'),('240905','NUÑOA\r\n','2409'),('240906','ORURILLO\r\n','2409'),('240907','SANTA ROSA\r\n','2409'),('240908','UMACHIRI\r\n','2409'),('240909','LLALLI\r\n','2409'),('241001','COJATA\r\n','2410'),('241002','INCHUPALLA\r\n','2410'),('241003','PUSI\r\n','2410'),('241004','ROSASPATA\r\n','2410'),('241005','TARACO\r\n','2410'),('241006','VILQUE CHICO\r\n','2410'),('241007','HUANCANE\r\n','2410'),('241008','HUATASANI\r\n','2410'),('241101','DESAGUADERO\r\n','2411'),('241102','HUACULLANI\r\n','2411'),('241103','PISACOMA\r\n','2411'),('241104','POMATA\r\n','2411'),('241105','ZEPITA\r\n','2411'),('241106','KELLUYO\r\n','2411'),('241107','JULI\r\n','2411'),('241201','MACUSANI\r\n','2412'),('241202','AJOYANI\r\n','2412'),('241203','AYAPATA\r\n','2412'),('241204','CORANI\r\n','2412'),('241205','CRUCERO\r\n','2412'),('241206','ITUATA\r\n','2412'),('241207','OLLACHEA\r\n','2412'),('241208','SAN GABAN\r\n','2412'),('241209','USICAYOS\r\n','2412'),('241210','COASA\r\n','2412'),('241301','PUNO\r\n','2413'),('241302','ACORA\r\n','2413'),('241303','CAPACHICA\r\n','2413'),('241304','COATA\r\n','2413'),('241305','CHUCUITO\r\n','2413'),('241306','HUATA\r\n','2413'),('241307','MAÑAZO\r\n','2413'),('241308','PICHACANI\r\n','2413'),('241309','SAN ANTONIO\r\n','2413'),('241310','VILQUE\r\n','2413'),('241311','PLATERIA\r\n','2413'),('241312','AMANTANI\r\n','2413'),('241313','PAUCARCOLLA\r\n','2413'),('241314','ATUNCOLLA\r\n','2413'),('241315','TIQUILLACA\r\n','2413'),('250101','BELLAVISTA\r\n','2501'),('250102','SAN RAFAEL\r\n','2501'),('250103','ALTO BIAVO\r\n','2501'),('250104','HUALLAGA\r\n','2501'),('250105','SAN PABLO\r\n','2501'),('250106','BAJO BIAVO\r\n','2501'),('250201','RIOJA\r\n','2502'),('250202','POSIC\r\n','2502'),('250203','YORONGOS\r\n','2502'),('250204','YURACYACU\r\n','2502'),('250205','ELIAS SOPLIN\r\n','2502'),('250206','SAN FERNANDO\r\n','2502'),('250207','PARDO MIGUEL\r\n','2502'),('250208','AWAJUN\r\n','2502'),('250209','NUEVA CAJAMARCA\r\n','2502'),('250301','LAMAS\r\n','2503'),('250302','BARRANQUITA\r\n','2503'),('250303','CAYNARACHI\r\n','2503'),('250304','CUÑUMBUQUI\r\n','2503'),('250305','PINTO RECODO\r\n','2503'),('250306','RUMISAPA\r\n','2503'),('250307','TABALOSOS\r\n','2503'),('250308','ZAPATERO\r\n','2503'),('250309','ALONSO DE ALVARADO\r\n','2503'),('250310','SAN ROQUE DE CUMBAZA\r\n','2503'),('250311','SHANAO\r\n','2503'),('250401','PICOTA\r\n','2504'),('250402','BUENOS AIRES\r\n','2504'),('250403','PILLUANA\r\n','2504'),('250404','PUCACACA\r\n','2504'),('250405','SAN CRISTOBAL\r\n','2504'),('250406','SAN HILARION\r\n','2504'),('250407','TINGO DE PONASA\r\n','2504'),('250408','TRES UNIDOS\r\n','2504'),('250409','SHAMBOYACU\r\n','2504'),('250410','CASPIZAPA\r\n','2504'),('250501','AGUA BLANCA\r\n','2505'),('250502','SHATOJA\r\n','2505'),('250503','SAN MARTIN\r\n','2505'),('250504','SANTA ROSA\r\n','2505'),('250505','SAN JOSE DE SISA\r\n','2505'),('250601','TOCACHE\r\n','2506'),('250602','NUEVO PROGRESO\r\n','2506'),('250603','SHUNTE\r\n','2506'),('250604','UCHIZA\r\n','2506'),('250605','POLVORA\r\n','2506'),('250701','TARAPOTO\r\n','2507'),('250702','ALBERTO LEVEAU\r\n','2507'),('250703','CACATACHI\r\n','2507'),('250704','CHAZUTA\r\n','2507'),('250705','EL PORVENIR\r\n','2507'),('250706','HUIMBAYOC\r\n','2507'),('250707','JUAN GUERRA\r\n','2507'),('250708','MORALES\r\n','2507'),('250709','PAPAPLAYA\r\n','2507'),('250710','SAN ANTONIO\r\n','2507'),('250711','SHAPAJA\r\n','2507'),('250712','LA BANDA DE SHILCAYO\r\n','2507'),('250713','CHIPURANA\r\n','2507'),('250714','SAUCE\r\n','2507'),('250801','JUANJUI\r\n','2508'),('250802','CAMPANILLA\r\n','2508'),('250803','PACHIZA\r\n','2508'),('250804','PAJARILLO\r\n','2508'),('250805','HUICUNGO\r\n','2508'),('250901','SAPOSOA\r\n','2509'),('250902','PISCOYACU\r\n','2509'),('250903','SACANCHE\r\n','2509'),('250904','TINGO DE SAPOSOA\r\n','2509'),('250905','ALTO SAPOSOA\r\n','2509'),('250906','EL ESLABON\r\n','2509'),('251001','MOYOBAMBA\r\n','2510'),('251002','CALZADA\r\n','2510'),('251003','HABANA\r\n','2510'),('251004','JEPELACIO\r\n','2510'),('251005','YANTALO\r\n','2510'),('251006','SORITOR\r\n','2510');

/*Table structure for table `email` */


CREATE TABLE `email` (
  `IdEmail` int(11) NOT NULL auto_increment,
  `IdContacto` int(11) NOT NULL,
  `Direccion` varchar(200) NOT NULL,
  `FechActualizacion` datetime default NULL,
  `ModActualizacion` int(11) default NULL,
  `IdUsuario` int(11) default NULL,
  `Registro` timestamp NOT NULL default CURRENT_TIMESTAMP,
  `Estado` int(11) NOT NULL default '1',
  PRIMARY KEY  (`IdEmail`)
) ENGINE=MyISAM AUTO_INCREMENT=82 DEFAULT CHARSET=utf8;

/*Data for the table `email` */

/*Table structure for table `entregado` */


CREATE TABLE `entregado` (
  `Codigo` char(1) NOT NULL,
  `Detelles` char(50) NOT NULL,
  PRIMARY KEY  (`Codigo`)
) ENGINE=InnoDB DEFAULT CHARSET=latin1;

/*Data for the table `entregado` */

/*Table structure for table `estados` */


CREATE TABLE `estados` (
  `Codigo` char(1) character set latin1 collate latin1_spanish_ci NOT NULL,
  `Descripcion` varchar(50) NOT NULL,
  PRIMARY KEY  (`Codigo`)
) ENGINE=InnoDB DEFAULT CHARSET=latin1;

/*Data for the table `estados` */

insert  into `estados`(`Codigo`,`Descripcion`) values ('A','En Camal'),('P','Salida Parcial'),('S','Salio del Camal');

/*Table structure for table `estadosenvios` */


CREATE TABLE `estadosenvios` (
  `Codigo` char(1) character set latin1 collate latin1_spanish_ci NOT NULL,
  `Descripcion` char(50) NOT NULL,
  PRIMARY KEY  (`Codigo`)
) ENGINE=InnoDB DEFAULT CHARSET=latin1;

/*Data for the table `estadosenvios` */

insert  into `estadosenvios`(`Codigo`,`Descripcion`) values ('A','Sin Entregar'),('P','Entrega Parcial'),('T','Entrega Total');

/*Table structure for table `facturacab` */


CREATE TABLE `facturacab` (
  `facturaCabId` int(11) NOT NULL auto_increment,
  `Numero` int(11) NOT NULL,
  `Serie` int(11) NOT NULL default '1',
  `FechEmision` date default NULL,
  `clientes_Codigo` int(11) NOT NULL,
  `CodMoneda` int(6) default NULL,
  `tipoCambio` decimal(17,2) NOT NULL default '0.00',
  `SubTotal` decimal(17,2) NOT NULL default '0.00',
  `IGV` decimal(17,2) NOT NULL default '0.00',
  `Total` decimal(17,2) NOT NULL default '0.00',
  `credito` char(1) collate latin1_spanish_ci default '0',
  `Guiaremision` char(8) collate latin1_spanish_ci default '000000',
  `Codtransporte` char(2) collate latin1_spanish_ci default NULL,
  `traslado` date default NULL,
  `facturaCabEstado` char(1) collate latin1_spanish_ci default 'G' COMMENT 'G -- Generada / P -- Pagado / E -- Emitida / B -- Baja o Anulado / C -- Pagada parcial o a cuenta',
  `anular` char(1) collate latin1_spanish_ci default '0',
  `acuerdo` varchar(255) collate latin1_spanish_ci default NULL,
  `plan` varchar(255) collate latin1_spanish_ci default NULL,
  `cargofijo` varchar(255) collate latin1_spanish_ci default NULL,
  `modalidad` varchar(255) collate latin1_spanish_ci default NULL,
  PRIMARY KEY  (`facturaCabId`),
  KEY `fk_facturaCab_clientes1_idx` (`clientes_Codigo`),
  KEY `fk_facturaCab_moneda1_idx` (`CodMoneda`)
) ENGINE=MyISAM AUTO_INCREMENT=32 DEFAULT CHARSET=latin1 COLLATE=latin1_spanish_ci;

/*Data for the table `facturacab` */

/*Table structure for table `facturacompracab` */


CREATE TABLE `facturacompracab` (
  `idFactura` int(11) NOT NULL auto_increment,
  `NumFactura` char(20) collate latin1_spanish_ci default NULL,
  `FechaFactura` date default NULL,
  `NumIngreso` int(11) NOT NULL,
  `Totfactu` decimal(17,2) default '0.00',
  `Pagado` char(1) collate latin1_spanish_ci NOT NULL default '0' COMMENT '0 NO -- 1 SI',
  `Estado` char(1) collate latin1_spanish_ci NOT NULL default '1',
  PRIMARY KEY  (`idFactura`)
) ENGINE=MyISAM AUTO_INCREMENT=119 DEFAULT CHARSET=latin1 COLLATE=latin1_spanish_ci;

/*Data for the table `facturacompracab` */

insert  into `facturacompracab`(`idFactura`,`NumFactura`,`FechaFactura`,`NumIngreso`,`Totfactu`,`Pagado`,`Estado`) values (25,NULL,NULL,23,'0.00','0','1'),(26,NULL,NULL,24,'0.00','0','1'),(27,NULL,NULL,25,'0.00','0','1'),(28,NULL,NULL,26,'0.00','0','1'),(29,NULL,NULL,27,'0.00','0','1'),(30,NULL,NULL,28,'0.00','0','1'),(31,NULL,NULL,29,'0.00','0','1'),(32,NULL,NULL,30,'0.00','0','1'),(33,NULL,NULL,31,'0.00','0','1'),(34,NULL,NULL,32,'0.00','0','1'),(35,NULL,NULL,33,'0.00','0','1'),(36,NULL,NULL,34,'0.00','0','1'),(37,NULL,NULL,35,'0.00','0','1'),(38,NULL,NULL,36,'0.00','0','1'),(39,NULL,NULL,37,'0.00','0','1'),(40,NULL,NULL,38,'0.00','0','1'),(41,NULL,NULL,39,'0.00','0','1'),(42,NULL,NULL,40,'0.00','0','1'),(43,NULL,NULL,41,'0.00','0','1'),(44,NULL,NULL,42,'0.00','0','1'),(45,NULL,NULL,43,'0.00','0','1'),(46,NULL,NULL,44,'0.00','0','1'),(47,NULL,NULL,45,'0.00','0','1'),(48,NULL,NULL,46,'0.00','0','1'),(49,NULL,NULL,47,'0.00','0','1'),(50,NULL,NULL,48,'0.00','0','1'),(51,NULL,NULL,49,'0.00','0','1'),(52,NULL,NULL,50,'0.00','0','1'),(53,NULL,NULL,51,'0.00','0','1'),(54,NULL,NULL,52,'0.00','0','1'),(55,NULL,NULL,53,'0.00','0','1'),(56,NULL,NULL,54,'0.00','0','1'),(57,NULL,NULL,55,'0.00','0','1'),(58,NULL,NULL,56,'0.00','0','1'),(59,NULL,NULL,57,'0.00','0','1'),(60,NULL,NULL,58,'0.00','0','1'),(61,NULL,NULL,59,'0.00','0','1'),(62,NULL,NULL,60,'0.00','0','1'),(63,NULL,NULL,61,'0.00','0','1'),(64,NULL,NULL,62,'0.00','0','1'),(65,NULL,NULL,63,'0.00','0','1'),(66,NULL,NULL,64,'0.00','0','1'),(67,NULL,NULL,65,'0.00','0','1'),(68,NULL,NULL,66,'0.00','0','1'),(69,NULL,NULL,67,'0.00','0','1'),(70,NULL,NULL,68,'0.00','0','1'),(71,NULL,NULL,69,'0.00','0','1'),(72,NULL,NULL,70,'0.00','0','1'),(73,NULL,NULL,71,'0.00','0','1'),(74,NULL,NULL,72,'0.00','0','1'),(75,'32145','2016-08-11',73,'1025.00','1','1'),(76,NULL,NULL,74,'0.00','0','1'),(77,NULL,NULL,75,'0.00','0','1'),(78,NULL,NULL,76,'0.00','0','1'),(79,NULL,NULL,77,'0.00','0','1'),(80,NULL,NULL,78,'0.00','0','1'),(81,NULL,NULL,79,'0.00','0','1'),(82,NULL,NULL,80,'0.00','0','1'),(83,NULL,NULL,81,'0.00','0','1'),(84,NULL,NULL,82,'0.00','0','1'),(85,NULL,NULL,83,'0.00','0','1'),(86,NULL,NULL,84,'0.00','0','1'),(87,NULL,NULL,85,'0.00','0','1'),(88,NULL,NULL,86,'0.00','0','1'),(89,NULL,NULL,87,'0.00','0','1'),(90,NULL,NULL,88,'0.00','0','1'),(91,NULL,NULL,89,'0.00','0','1'),(92,NULL,NULL,90,'0.00','0','1'),(93,NULL,NULL,91,'0.00','0','1'),(94,NULL,NULL,92,'0.00','0','1'),(95,NULL,NULL,93,'0.00','0','1'),(96,NULL,NULL,94,'0.00','0','1'),(97,NULL,NULL,95,'0.00','0','1'),(98,NULL,NULL,96,'0.00','0','1'),(99,NULL,NULL,97,'0.00','0','1'),(100,NULL,NULL,98,'0.00','0','1'),(101,NULL,NULL,99,'0.00','0','1'),(102,NULL,NULL,100,'0.00','0','1'),(103,NULL,NULL,101,'0.00','0','1'),(104,NULL,NULL,102,'0.00','0','1'),(105,NULL,NULL,103,'0.00','0','1'),(106,NULL,NULL,104,'0.00','0','1'),(107,NULL,NULL,105,'0.00','0','1'),(108,NULL,NULL,106,'0.00','0','1'),(109,NULL,NULL,107,'0.00','0','1'),(110,NULL,NULL,108,'0.00','0','1'),(111,NULL,NULL,109,'0.00','0','1'),(112,NULL,NULL,110,'0.00','0','1'),(113,NULL,NULL,111,'0.00','0','1'),(114,NULL,NULL,112,'0.00','0','1'),(115,NULL,NULL,113,'0.00','0','1'),(116,NULL,NULL,114,'0.00','0','1'),(117,NULL,NULL,115,'0.00','0','1'),(118,NULL,NULL,116,'0.00','0','1');

/*Table structure for table `facturacompradet` */


CREATE TABLE `facturacompradet` (
  `idfacturadet` int(11) NOT NULL auto_increment,
  `idFactura` int(11) default NULL,
  `CodMaterial` varchar(15) collate latin1_spanish_ci default NULL,
  `CantProducto` int(11) default NULL,
  `CostProducto` decimal(17,2) default '0.00',
  `Estado` char(1) collate latin1_spanish_ci default 'A',
  PRIMARY KEY  (`idfacturadet`),
  KEY `fk_facturacompradet_carnes1_idx` (`CodMaterial`)
) ENGINE=MyISAM DEFAULT CHARSET=latin1 COLLATE=latin1_spanish_ci;

/*Data for the table `facturacompradet` */

/*Table structure for table `facturadet` */


CREATE TABLE `facturadet` (
  `facturaDetId` int(11) NOT NULL auto_increment,
  `facturaCabId` int(11) NOT NULL,
  `imei` varchar(25) collate latin1_spanish_ci NOT NULL,
  `iddetallealmacen` int(11) default NULL,
  `CodigoMaterial` varchar(15) collate latin1_spanish_ci default NULL,
  `CantProducto` int(11) NOT NULL default '0',
  `facturaDetCost` decimal(17,2) NOT NULL default '0.00',
  PRIMARY KEY  (`facturaDetId`),
  KEY `fk_guiaremisionDet_cortes1_idx` (`iddetallealmacen`),
  KEY `fk_guiaremisionDet_carnes1_idx` (`CodigoMaterial`),
  KEY `fk_facturaDet_facturaCab2_idx` (`facturaCabId`,`imei`)
) ENGINE=MyISAM AUTO_INCREMENT=58 DEFAULT CHARSET=latin1 COLLATE=latin1_spanish_ci;

/*Data for the table `facturadet` */

/*Table structure for table `guiacab` */


CREATE TABLE `guiacab` (
  `guiaCabId` int(11) NOT NULL auto_increment,
  `Serie` int(11) default NULL,
  `Numero` int(11) NOT NULL,
  `FechEmision` date default NULL,
  `clientes_Codigo` int(11) default NULL,
  `subtotal` decimal(17,2) default NULL,
  `IGV` decimal(17,2) default NULL,
  `total` decimal(17,2) default NULL,
  `credito` char(1) collate latin1_spanish_ci default NULL,
  `facturaCabId` int(11) default NULL,
  `clienteotienda` int(2) default NULL,
  `guiaCabEstado` char(1) collate latin1_spanish_ci default 'A',
  `anular` char(1) collate latin1_spanish_ci default '0',
  `acuerdo` varchar(255) collate latin1_spanish_ci default NULL,
  `plan` varchar(255) collate latin1_spanish_ci default NULL,
  `cargofijo` varchar(255) collate latin1_spanish_ci default NULL,
  `modalidad` varchar(255) collate latin1_spanish_ci default NULL,
  PRIMARY KEY  (`guiaCabId`),
  KEY `fk_guiarCab_clientes1_idx` (`clientes_Codigo`),
  KEY `fk_guiaCab_facturaCab1_idx` (`facturaCabId`)
) ENGINE=MyISAM AUTO_INCREMENT=136 DEFAULT CHARSET=latin1 COLLATE=latin1_spanish_ci;

/*Data for the table `guiacab` */

insert  into `guiacab`(`guiaCabId`,`Serie`,`Numero`,`FechEmision`,`clientes_Codigo`,`subtotal`,`IGV`,`total`,`credito`,`facturaCabId`,`clienteotienda`,`guiaCabEstado`,`anular`,`acuerdo`,`plan`,`cargofijo`,`modalidad`) values (21,2,8447,'2015-08-21',120950,'4.24','0.76','5.00','0',NULL,NULL,'A','0','','','',''),(22,2,8448,'2015-08-21',120950,'8.47','1.53','10.00','0',NULL,NULL,'A','0','','','',''),(23,2,8449,'2015-08-21',120950,'66.53','11.97','78.50','0',NULL,NULL,'A','0','','','',''),(24,2,8451,'2015-08-21',120950,'4.24','0.76','5.00','0',NULL,NULL,'A','0','','','',''),(25,2,8453,'2015-08-21',120950,'25.42','4.58','30.00','0',NULL,NULL,'A','0','','','',''),(26,2,8454,'2015-08-21',120950,'41.10','7.40','48.50','0',NULL,NULL,'A','0','','','',''),(27,2,8456,NULL,120950,'4.24','0.76','5.00','0',NULL,NULL,'A','0','','','',''),(28,2,8457,'2015-08-21',120950,'8.47','1.53','10.00','0',NULL,NULL,'A','0','','','',''),(29,2,8458,NULL,120950,'5.93','1.07','7.00','0',NULL,NULL,'A','0','','','',''),(30,2,8459,'2015-08-21',120950,'2.54','0.46','3.00','0',NULL,NULL,'A','0','','','',''),(31,2,859,'2015-08-21',120950,'20.34','3.66','24.00','0',NULL,NULL,'A','0','','','',''),(32,2,8460,'2015-08-21',120950,'32.63','5.87','38.50','0',NULL,NULL,'A','0','','','',''),(33,2,8461,'2015-08-21',120950,'50.00','9.00','59.00','0',NULL,NULL,'A','0','','','',''),(34,2,8461,NULL,120950,'50.00','9.00','59.00','0',NULL,NULL,'A','0','','','',''),(35,2,8464,'2015-08-21',120950,'42.37','7.63','50.00','0',NULL,NULL,'A','0','','','',''),(36,2,8465,'2015-08-21',120950,'4.24','0.76','5.00','0',NULL,NULL,'A','0','','','',''),(37,2,8466,'2015-08-21',120950,'4.24','0.76','5.00','0',NULL,NULL,'A','0','','','',''),(38,2,8467,'2015-08-21',120950,'8.47','1.53','10.00','0',NULL,NULL,'A','0','','','',''),(39,2,8469,'2015-08-21',120950,'6.78','1.22','8.00','0',NULL,NULL,'A','0','','','',''),(40,2,8471,'2015-08-21',120950,'4.24','0.76','5.00','0',NULL,NULL,'A','0','','','',''),(41,2,8472,'2015-08-21',120950,'2.54','0.46','3.00','0',NULL,NULL,'A','0','','','',''),(42,2,8473,'2015-08-24',120950,'1075.00','193.50','1268.50','0',NULL,NULL,'A','0','','','',''),(43,2,8474,'2015-08-24',120950,'41.10','7.40','48.50','0',NULL,NULL,'A','0','','','',''),(44,2,8475,'2015-08-24',120950,'4.24','0.76','5.00','0',NULL,NULL,'A','0','','','',''),(45,2,8476,'2015-08-24',120950,'4.24','0.76','5.00','0',NULL,NULL,'A','0','','','',''),(46,2,8477,'2015-08-24',120950,'16.95','3.05','20.00','0',NULL,NULL,'A','0','','','',''),(47,2,8478,'2015-08-24',120950,'168.64','30.36','199.00','0',NULL,NULL,'A','0','','','',''),(48,2,8479,'2015-08-24',120950,'2.54','0.46','3.00','0',NULL,NULL,'A','0','','','',''),(49,2,8480,'2015-08-24',120950,'16.95','3.05','20.00','0',NULL,NULL,'A','0','','','',''),(50,2,8481,'2015-08-24',120950,'4.24','0.76','5.00','0',NULL,NULL,'A','0','','','',''),(51,2,8482,'2015-08-24',120950,'211.02','37.98','249.00','0',NULL,NULL,'A','0','','','',''),(52,2,8484,'2015-08-24',120950,'138.98','25.02','164.00','0',NULL,NULL,'A','0','','','',''),(53,2,8485,'2015-08-24',120950,'2.54','0.46','3.00','0',NULL,NULL,'A','0','','','',''),(54,2,8486,'2015-08-24',120950,'8.47','1.53','10.00','0',NULL,NULL,'A','0','','','',''),(55,2,8487,'2015-08-25',120950,'2.54','0.46','3.00','0',NULL,NULL,'A','1','','','',''),(56,2,8488,'2015-08-25',120950,'0.00','0.00','0.00','0',NULL,NULL,'A','0','','','',''),(57,2,8489,'2015-08-25',120950,'3.39','0.61','4.00','0',NULL,NULL,'A','0','','','',''),(58,2,8491,'2015-08-25',120950,'16.95','3.05','20.00','0',NULL,NULL,'A','0','','','',''),(91,2,8523,'2015-08-26',120950,'0.85','0.15','1.00','0',NULL,NULL,'A','0','','','',''),(60,2,8493,'2015-08-25',120950,'0.00','0.00','0.00','0',NULL,NULL,'A','0','','','',''),(90,2,8522,'2015-08-26',120950,'0.85','0.15','1.00','0',NULL,NULL,'A','0','','','',''),(62,2,8494,'2015-08-25',120950,'5.93','1.07','7.00','0',NULL,NULL,'A','0','','','',''),(63,2,8495,'2015-08-25',120950,'2.54','0.46','3.00','0',NULL,NULL,'A','0','','','',''),(89,2,8521,'2015-08-26',120950,'0.85','0.15','1.00','0',NULL,NULL,'A','0','','','',''),(65,2,8497,'2015-08-25',120950,'8.47','1.53','10.00','0',NULL,NULL,'A','0','','','',''),(66,2,8498,'2015-08-25',120950,'4.24','0.76','5.00','0',NULL,NULL,'A','0','','','',''),(67,2,8499,'2015-08-25',120950,'41.10','7.40','48.50','0',NULL,NULL,'A','0','','','',''),(88,2,8520,'2015-08-26',120950,'41.53','7.47','49.00','0',NULL,NULL,'A','0','','','',''),(69,2,8502,'2015-08-25',120950,'16.95','3.05','20.00','0',NULL,NULL,'A','0','','','',''),(70,2,8503,'2015-08-25',120950,'2.54','0.46','3.00','0',NULL,NULL,'A','0','','','',''),(87,2,8519,'2015-08-26',120950,'7.63','1.37','9.00','0',NULL,NULL,'A','0','','','',''),(72,2,8505,'2015-08-25',120950,'2.54','0.46','3.00','0',NULL,NULL,'A','0','','','',''),(86,2,8518,'2015-08-26',120950,'4.24','0.76','5.00','0',NULL,NULL,'A','0','','','',''),(74,2,8507,'2015-08-25',120950,'4.24','0.76','5.00','0',NULL,NULL,'A','0','','','',''),(75,2,8508,'2015-08-25',120950,'7.63','1.37','9.00','0',NULL,NULL,'A','0','','','',''),(76,2,8509,'2015-08-25',120950,'8.47','1.53','10.00','0',NULL,NULL,'A','0','','','',''),(77,2,8510,'2015-08-25',120950,'4.24','0.76','5.00','0',NULL,NULL,'A','0','','','',''),(78,2,8511,'2015-08-25',120950,'8.47','1.53','10.00','0',NULL,NULL,'A','0','','','',''),(85,2,8517,'2015-08-26',120950,'4.24','0.76','5.00','0',NULL,NULL,'A','0','','','',''),(80,2,8513,'2015-08-25',120950,'9.32','1.68','11.00','0',NULL,NULL,'A','0','','','',''),(81,2,8514,'2015-08-25',120950,'8.47','1.53','10.00','0',NULL,NULL,'A','0','','','',''),(82,2,8515,'2015-08-26',120950,'2.54','0.46','3.00','0',NULL,NULL,'A','0','','','',''),(92,2,8525,'2015-08-26',120950,'211.02','37.98','249.00','0',NULL,NULL,'A','0','','','',''),(84,2,8516,'2015-08-26',120950,'4.24','0.76','5.00','0',NULL,NULL,'A','0','','','',''),(93,2,8526,'2015-08-26',120950,'4.24','0.76','5.00','0',NULL,NULL,'A','0','','','',''),(94,2,8528,'2015-08-26',120950,'5.08','0.92','6.00','0',NULL,NULL,'A','0','','','',''),(95,2,8529,'2015-08-27',120950,'4.24','0.76','5.00','0',NULL,NULL,'A','0','','','',''),(96,2,8530,'2015-08-27',120950,'2.54','0.46','3.00','0',NULL,NULL,'A','0','','','',''),(97,2,8531,'2015-08-27',120950,'2.54','0.46','3.00','0',NULL,NULL,'A','0','','','',''),(98,2,8532,'2015-08-27',120950,'8.47','1.53','10.00','0',NULL,NULL,'A','0','','','',''),(99,2,8533,'2015-08-27',120950,'4.24','0.76','5.00','0',NULL,NULL,'A','0','','','',''),(100,2,8534,'2015-08-27',120950,'2.54','0.46','3.00','0',NULL,NULL,'A','0','','','',''),(101,2,8535,'2015-08-27',120950,'2.54','0.46','3.00','0',NULL,NULL,'A','0','','','',''),(102,2,8536,'2015-08-27',120950,'0.85','0.15','1.00','0',NULL,NULL,'A','0','','','',''),(103,2,8537,'2015-08-27',120950,'0.85','0.15','1.00','0',NULL,NULL,'A','0','','','',''),(104,2,8537,'2015-08-27',120950,'0.85','0.15','1.00','0',NULL,NULL,'A','0','','','',''),(105,2,8537,'2015-08-27',120950,'0.85','0.15','1.00','0',NULL,NULL,'A','0','','','',''),(106,2,8538,'2015-08-27',120950,'2.54','0.46','3.00','0',NULL,NULL,'A','0','','','',''),(107,2,8539,'2015-08-28',120950,'41.10','7.40','48.50','0',NULL,NULL,'A','0','','','',''),(108,2,8540,'2015-08-28',120950,'41.10','7.40','48.50','0',NULL,NULL,'A','0','','','',''),(109,2,8541,'2015-08-28',120950,'4.24','0.76','5.00','0',NULL,NULL,'A','0','','','',''),(110,2,8542,'2015-08-28',120950,'83.47','15.03','98.50','0',NULL,NULL,'A','0','','','',''),(111,2,8543,'2015-08-28',120950,'8.47','1.53','10.00','0',NULL,NULL,'A','0','','','',''),(112,2,8544,'2015-08-28',120950,'2.54','0.46','3.00','0',NULL,NULL,'A','0','','','',''),(113,2,8545,'2015-08-28',120950,'67.80','12.20','80.00','0',NULL,NULL,'A','0','','','',''),(124,2,8456,'2015-08-21',120950,'4.24','0.76','5.00','0',NULL,NULL,'A','0','','','',''),(123,2,8452,'2015-08-21',120950,'0.85','0.15','1.00','0',NULL,NULL,'A','0','','','',''),(121,2,8450,'2015-08-21',120950,'0.00','0.00','0.00','0',NULL,NULL,'A','0','','','',''),(122,2,8552,'2015-08-21',120950,'0.85','0.15','1.00','0',NULL,NULL,'A','0','','','',''),(125,2,8462,'2015-08-22',120950,'5.08','0.92','6.00','0',NULL,NULL,'A','0','','','',''),(126,2,8463,'2015-08-22',120950,'8.47','1.53','10.00','0',NULL,NULL,'A','0','','','',''),(127,2,8458,'2015-08-22',120950,'5.93','1.07','7.00','0',NULL,NULL,'A','0','','','',''),(128,2,8458,'2015-08-22',120950,'5.93','1.07','7.00','0',NULL,NULL,'A','0','','','',''),(129,2,8458,'2015-08-22',120950,'5.93','1.07','7.00','0',NULL,NULL,'A','0','','','',''),(130,2,8458,'2015-08-22',120950,'5.93','1.07','7.00','0',NULL,NULL,'A','0','','','',''),(131,2,8458,'2015-08-22',120950,'5.93','1.07','7.00','0',NULL,NULL,'A','0','','','',''),(132,2,8546,'2015-08-28',120950,'7.63','1.37','9.00','0',NULL,NULL,'A','0','','','',''),(133,2,8547,'2015-08-28',120950,'2.54','0.46','3.00','0',NULL,NULL,'A','0','','','',''),(134,2,8549,'2015-08-28',120950,'4.24','0.76','5.00','0',NULL,NULL,'A','0','','','',''),(135,2,8458,'2015-08-22',120950,'5.93','1.07','7.00','0',NULL,NULL,'A','0','','','','');

/*Table structure for table `guiadet` */


CREATE TABLE `guiadet` (
  `guiaDetId` int(11) NOT NULL auto_increment,
  `guiaCabId` int(11) NOT NULL,
  `imei` varchar(25) collate latin1_spanish_ci default NULL,
  `iddetallealmacen` int(11) default NULL,
  `CodigoMaterial` varchar(15) collate latin1_spanish_ci default NULL,
  `guiaDetCant` int(11) NOT NULL,
  `guiaDetCost` decimal(17,2) NOT NULL default '0.00',
  PRIMARY KEY  (`guiaDetId`),
  KEY `fk_guiaDet_cortes1_idx` (`iddetallealmacen`),
  KEY `fk_guiaDet_carnes1_idx` (`CodigoMaterial`)
) ENGINE=MyISAM AUTO_INCREMENT=200 DEFAULT CHARSET=latin1 COLLATE=latin1_spanish_ci;

/*Data for the table `guiadet` */

insert  into `guiadet`(`guiaDetId`,`guiaCabId`,`imei`,`iddetallealmacen`,`CodigoMaterial`,`guiaDetCant`,`guiaDetCost`) values (189,22,'111111111111111',1548,'SERVISS001',10,'1.00'),(183,21,'111111111111111',1555,'SERVISS001',5,'1.00'),(34,23,'353816040504898',263,'PTHUMEDY01',1,'78.50'),(35,24,'0',0,'',5,'1.00'),(36,25,'0',0,'',30,'1.00'),(37,26,'359221063769698',393,'PBSXE4E212',1,'48.50'),(40,27,'0',0,'',5,'1.00'),(39,28,'0',0,'',10,'1.00'),(173,29,'0',0,'',7,'1.00'),(42,30,'0',0,'',3,'1.00'),(44,32,'862552027840583',293,'PDHE353102',1,'38.50'),(175,33,'895110052205264197',0,'',1,'15.00'),(177,34,'895110052205264197',0,'',1,'15.00'),(47,35,'0',0,'',50,'1.00'),(48,36,'0',0,'',5,'1.00'),(49,37,'0',0,'',5,'1.00'),(50,38,'0',0,'',10,'1.00'),(51,39,'0',1701,'SERVISS001',8,'1.00'),(52,40,'0',0,'',5,'1.00'),(53,41,'0',0,'',3,'1.00'),(54,42,'356309061196288',655,'PBSSGA5001',1,'1268.50'),(55,43,'359221063629256',388,'PBSXE4E211',1,'48.50'),(56,44,'0',0,'',5,'1.00'),(57,45,'0',0,'',5,'1.00'),(58,46,'0',0,'',20,'1.00'),(59,47,'355743062138256',667,'PBNL535004',1,'199.00'),(60,48,'0',1700,'SERVISS001',3,'1.00'),(61,49,'0',1699,'SERVISS001',20,'1.00'),(62,50,'0',1698,'SERVISS001',5,'1.00'),(63,51,'352570061859761',654,'PBSSS5G901',1,'249.00'),(64,52,'353783066672019',361,'PBLS106001',1,'164.00'),(65,53,'0',1697,'SERVISS001',3,'1.00'),(66,54,'0',1696,'SERVISS001',10,'1.00'),(191,92,'895110113000864327',319,'PSN25634M5',1,'5.00'),(68,56,'',1690,'SERVISS001',3,'0.00'),(69,57,'0',1695,'SERVISS001',4,'1.00'),(70,58,'0',1692,'SERVISS001',20,'1.00'),(129,98,'895110052005536567',429,'PSN12834SL',1,'1.00'),(128,98,'895110052005536568',430,'PSN12834SL',1,'1.00'),(127,98,'895110052005536569',431,'PSN12834SL',1,'1.00'),(126,97,'',1677,'SERVISS001',3,'1.00'),(125,96,'',0,'',3,'1.00'),(124,95,'',0,'',5,'1.00'),(77,60,'',0,'',3,'1.00'),(123,94,'',1676,'SERVISS001',6,'1.00'),(80,63,'',0,'',3,'1.00'),(122,93,'',1675,'SERVISS001',5,'1.00'),(190,92,'352570061860249',1719,'PBSSS5G901',1,'244.00'),(120,91,'357957057700288',672,'PBSSGS4ME1',1,'0.50'),(119,91,'895110133001544624',671,'PSN2562341',1,'0.50'),(118,90,'895110133001012738',275,'PSN256L231',1,'1.00'),(86,65,'',1693,'SERVISS001',10,'1.00'),(87,66,'0',1689,'SERVISS001',5,'1.00'),(88,67,'359221063769003',392,'PBSXE4E212',1,'48.50'),(117,89,'895110133001012737',274,'PSN256L231',1,'1.00'),(91,69,'0',1686,'SERVISS001',20,'1.00'),(92,70,'0',1681,'SERVISS001',3,'1.00'),(116,88,'359221063802770',661,'PBSXE4E212',1,'48.50'),(95,72,'0',1691,'SERVISS001',3,'1.00'),(115,88,'895110133001012736',273,'PSN256L231',1,'0.50'),(114,87,'895110052205264233',592,'PSN12834SL',1,'6.00'),(113,87,'',1678,'SERVISS001',3,'1.00'),(99,74,'',1688,'SERVISS001',5,'1.00'),(100,75,'359221063686371',657,'PBSXE4E211',1,'9.00'),(101,76,'',1682,'SERVISS001',10,'1.00'),(102,77,'',1685,'SERVISS001',5,'1.00'),(103,78,'',1665,'SERVISS001',10,'1.00'),(112,86,'',0,'',5,'1.00'),(111,85,'',1683,'SERVISS001',5,'1.00'),(106,80,'',1680,'SERVISS001',11,'1.00'),(107,81,'',1679,'SERVISS001',10,'1.00'),(108,82,'',1684,'SERVISS001',3,'1.00'),(130,98,'895110052005536566',428,'PSN12834SL',1,'1.00'),(131,98,'895110052005536565',427,'PSN12834SL',1,'1.00'),(132,98,'895110052005536564',426,'PSN12834SL',1,'1.00'),(133,98,'895110052005536563',425,'PSN12834SL',1,'1.00'),(134,98,'895110052005536562',424,'PSN12834SL',1,'1.00'),(135,98,'895110052005536561',423,'PSN12834SL',1,'1.00'),(136,98,'895110052005536560',422,'PSN12834SL',1,'1.00'),(137,99,'',0,'',5,'1.00'),(138,100,'',1671,'SERVISS001',3,'1.00'),(139,101,'',1674,'SERVISS001',3,'1.00'),(140,102,'895110133001012743',280,'PSN256L231',1,'1.00'),(141,103,'',1669,'SERVISS001',5,'1.00'),(142,103,'',1669,'SERVISS001',5,'1.00'),(143,103,'',1669,'SERVISS001',5,'1.00'),(144,106,'',1667,'SERVISS001',3,'1.00'),(145,107,'359221063629454',391,'PBSXE4E211',1,'48.50'),(146,108,'359221063802762',660,'PBSXE4E212',1,'48.50'),(147,109,'',0,'',5,'1.00'),(148,110,'013595006306249',355,'PBIP4S8001',1,'98.50'),(149,111,'',1670,'SERVISS001',10,'1.00'),(150,112,'',0,'',3,'1.00'),(194,113,'353159069741541',637,'PBVKI12901',1,'65.00'),(193,113,'895110113000912706',335,'PSN25634RP',1,'5.00'),(192,113,'111111111111111',1541,'SERVISS001',10,'1.00'),(155,31,'865390020061452',290,'PBHUAG6203',2,'12.00'),(166,0,'111111111111111',1577,'SERVISS001',2,'1.00'),(165,0,'111111111111111',1577,'SERVISS001',2,'1.00'),(164,0,'111111111111111',1577,'SERVISS001',2,'1.00'),(163,0,'',0,'',0,'0.00'),(167,0,'111111111111111',1577,'SERVISS001',2,'1.00'),(168,0,'111111111111111',1577,'SERVISS001',2,'1.00'),(170,121,'895110133001012756',0,'',1,'1.00'),(171,122,'895110133001012755',0,'',1,'1.00'),(172,123,'895110133001012755',0,'',1,'1.00'),(174,27,'111111111111111',1702,'SERVISS001',5,'1.00'),(176,33,'356861063362052',367,'PBLW320001',1,'44.00'),(178,34,'356861063362052',367,'PBLW320001',1,'44.00'),(179,125,'895110052205264198',0,'',1,'6.00'),(180,126,'111111111111111',1569,'SERVISS001',10,'1.00'),(181,29,'111111111111111',0,'',7,'1.00'),(182,29,'111111111111111',1572,'SERVISS001',7,'1.00'),(184,29,'111111111111111',0,'',7,'1.00'),(185,29,'111111111111111',1572,'SERVISS001',7,'1.00'),(187,29,'111111111111111',1562,'SERVISS001',7,'1.00'),(195,132,'111111111111111',1541,'SERVISS001',3,'1.00'),(196,132,'895110052005536570',432,'PSN12834SL',1,'6.00'),(197,133,'111111111111111',1538,'SERVISS001',3,'1.00'),(198,134,'111111111111111',1535,'SERVISS001',5,'1.00'),(199,29,'111111111111111',0,'',7,'1.00');

/*Table structure for table `guiarecab` */


CREATE TABLE `guiarecab` (
  `guiaCabId` int(11) NOT NULL auto_increment,
  `guiaCabNumero` int(11) NOT NULL,
  `guiaCabSerie` int(11) NOT NULL default '1',
  `guiaCabFechEmision` date default NULL,
  `guiaCabFechTralado` date default NULL,
  `guiaCabObservaciones` varchar(150) collate latin1_spanish_ci default NULL,
  `clientes_Codigo` int(11) default NULL,
  `guiaCabEstado` char(1) collate latin1_spanish_ci default 'A',
  PRIMARY KEY  (`guiaCabId`)
) ENGINE=MyISAM DEFAULT CHARSET=latin1 COLLATE=latin1_spanish_ci;

/*Data for the table `guiarecab` */

/*Table structure for table `guiaremisioncab` */


CREATE TABLE `guiaremisioncab` (
  `guiaremisionCabId` int(11) NOT NULL auto_increment,
  `Numero` char(8) collate latin1_spanish_ci NOT NULL,
  `Serie` char(5) collate latin1_spanish_ci NOT NULL default '1',
  `FechEmision` date default NULL,
  `FechTralado` date default NULL,
  `clientes_Codigo` int(11) default NULL,
  `CodTransportista` char(2) collate latin1_spanish_ci default NULL,
  `motivotrasladoId` int(11) default NULL,
  `facturaCabId` int(11) default NULL,
  `guiaremisionCabEstado` char(1) collate latin1_spanish_ci default 'A',
  `Total` decimal(11,2) default NULL,
  PRIMARY KEY  (`guiaremisionCabId`,`Numero`,`Serie`),
  KEY `fk_guiaremisionCab_clientes1_idx` (`clientes_Codigo`),
  KEY `fk_guiaremisionCab_motivostrasladoemision1_idx` (`motivotrasladoId`),
  KEY `fk_guiaremisionCab_facturaCab1_idx` (`facturaCabId`),
  KEY `fk_guiaremisionCab_transportistas1_idx` (`CodTransportista`)
) ENGINE=MyISAM DEFAULT CHARSET=latin1 COLLATE=latin1_spanish_ci;

/*Data for the table `guiaremisioncab` */

/*Table structure for table `guiaremisiondet` */


CREATE TABLE `guiaremisiondet` (
  `guiaremisionDetId` int(11) NOT NULL auto_increment,
  `guiaremisionCabId` int(11) default NULL,
  `Numero` int(11) default NULL,
  `CodCorte` int(11) default NULL,
  `CodCarne` int(11) default NULL,
  `guiaremisionDetCant` decimal(17,2) NOT NULL default '0.00',
  `guiaremisionDetCostKilo` decimal(17,2) NOT NULL default '0.00',
  PRIMARY KEY  (`guiaremisionDetId`),
  KEY `fk_guiaremisionDet_cortes1_idx` (`CodCorte`),
  KEY `fk_guiaremisionDet_carnes1_idx` (`CodCarne`),
  KEY `fk_guiaremisionDet_guiaremisionCab1_idx` (`Numero`)
) ENGINE=MyISAM DEFAULT CHARSET=latin1 COLLATE=latin1_spanish_ci;

/*Data for the table `guiaremisiondet` */

/*Table structure for table `ingrealmacencab` */


CREATE TABLE `ingrealmacencab` (
  `NumIngreso` int(11) NOT NULL auto_increment,
  `GuiaIngreso` char(20) collate latin1_spanish_ci default NULL,
  `FechaGuia` datetime default NULL,
  `Proveedor` int(11) default NULL,
  `Observacion` varchar(200) collate latin1_spanish_ci default NULL,
  `NumAlmacen` char(1) collate latin1_spanish_ci NOT NULL,
  `TipCompra` int(11) NOT NULL,
  `FechaIng` timestamp NOT NULL default CURRENT_TIMESTAMP,
  `CodUsuario` char(4) collate latin1_spanish_ci default NULL,
  PRIMARY KEY  (`NumIngreso`),
  KEY `NumOrden` (`TipCompra`),
  KEY `NumCamal` (`NumAlmacen`)
) ENGINE=MyISAM AUTO_INCREMENT=117 DEFAULT CHARSET=latin1 COLLATE=latin1_spanish_ci;

/*Data for the table `ingrealmacencab` */

insert  into `ingrealmacencab`(`NumIngreso`,`GuiaIngreso`,`FechaGuia`,`Proveedor`,`Observacion`,`NumAlmacen`,`TipCompra`,`FechaIng`,`CodUsuario`) values (23,'1140-0008137','2015-06-08 00:00:00',1,'stock inicial','9',2,'2015-08-24 20:07:27','U001'),(24,'1140-0009596','2015-03-06 00:00:00',1,'','1',2,'2015-08-24 21:02:35','U001'),(25,'1140-009622','2015-03-11 00:00:00',1,'stock inicial','9',2,'2015-08-24 21:04:44','U001'),(26,'1140-0009596','2015-03-06 00:00:00',1,'stock inicial','9',2,'2015-08-24 21:07:24','U001'),(27,'1140-0009814','2015-04-11 00:00:00',1,'stock inicial','9',3,'2015-08-24 21:13:13','U001'),(28,'1140-0009814','2015-04-27 00:00:00',1,'stock inicial','9',3,'2015-08-24 21:15:07','U001'),(29,'1140-0009837','2015-04-30 00:00:00',1,'stock inicial','9',2,'2015-08-24 21:19:43','U001'),(30,'1140-0009837','2015-04-30 00:00:00',1,'stock inicial','9',2,'2015-08-24 21:20:58','U001'),(31,'1140-0009937','2015-05-23 00:00:00',1,'stock inicial','9',2,'2015-08-24 21:27:55','U001'),(32,'1140-0009977','2015-06-02 00:00:00',1,'stock inicial','9',2,'2015-08-24 21:31:20','U001'),(33,'1140-0010069','2015-06-19 00:00:00',1,'stock inicial','9',2,'2015-08-24 21:32:52','U001'),(34,'1140-0010071','2015-06-19 00:00:00',1,'stock inicial','9',2,'2015-08-24 21:50:39','U001'),(35,'1140-0010143','2015-07-08 00:00:00',1,'stock inicial','9',2,'2015-08-24 21:53:23','U001'),(36,'1140-0010144','2015-07-08 00:00:00',1,'STOCK INICIAL','9',3,'2015-08-25 17:41:48','U001'),(37,'1140-0010170','2015-07-15 00:00:00',1,'STOCK INICIAL','9',3,'2015-08-25 20:17:03','U001'),(38,'1140-0010069','2015-06-19 00:00:00',1,'stock inicial','9',2,'2015-08-25 22:00:40','U001'),(39,'1140-0009577','2015-03-03 00:00:00',1,'STOCK INICIAL','9',2,'2015-08-25 22:22:25','U001'),(40,'1140-0009917','2015-05-20 00:00:00',1,'STOCK INCIAL','9',2,'2015-08-25 22:25:22','U001'),(41,'1140-007852','2015-03-19 00:00:00',1,'STOCK INICIAL','9',2,'2015-08-25 22:34:48','U001'),(42,'1140-008071','2015-05-23 00:00:00',1,'STOCK INICIAL','9',2,'2015-08-25 22:37:03','U001'),(43,'1140-0010172','2015-07-15 00:00:00',1,'STOCK INICIAL','9',2,'2015-08-25 22:41:23','U001'),(44,'1140-0009936','2015-05-23 00:00:00',1,'STOCK INICIAL','9',2,'2015-08-25 22:47:24','U001'),(45,'1140-0009655','2015-03-19 00:00:00',1,'STOCK INICIAL','9',2,'2015-08-25 22:51:00','U001'),(46,'1140-0009977','2015-06-02 00:00:00',1,'STOCK INICIAL','9',2,'2015-08-25 22:55:46','U001'),(47,'1140-0010172','2015-07-15 00:00:00',1,'STOCK INICIAL','9',2,'2015-08-25 23:02:01','U001'),(48,'1140-0010143','2015-07-08 00:00:00',1,'STOCK INICIAL','9',2,'2015-08-25 23:04:59','U001'),(49,'1140-0010144','2015-07-08 00:00:00',1,'STOCK INICIAL','9',3,'2015-08-25 23:09:58','U001'),(50,'1140-0009938','2015-05-23 00:00:00',1,'STOCK INICIAL','9',2,'2015-08-25 23:12:02','U001'),(51,'1140-0009938','2015-05-23 00:00:00',1,'STOCK INICIAL','9',2,'2015-08-25 23:13:46','U001'),(52,'1140-0010220','2015-07-25 00:00:00',1,'STOCK INICIAL','9',3,'2015-08-25 23:16:52','U001'),(53,'1140-10006','2015-06-08 00:00:00',1,'stock inicial','9',2,'2015-08-26 22:59:57','U001'),(54,'1140-0010007','2015-06-08 00:00:00',1,'stock inicial','9',2,'2015-08-26 23:04:23','U001'),(55,'1140-0010070','2015-06-19 00:00:00',1,'stock inicial','9',2,'2015-08-26 23:23:46','U001'),(56,'1140-0010086','2015-06-24 00:00:00',1,'stock inicial','9',3,'2015-08-26 23:32:12','U001'),(57,'1140-0010160','2015-07-11 00:00:00',1,'stock inicial','9',3,'2015-08-26 23:37:46','U001'),(58,'1140-0010225','2015-07-27 00:00:00',1,'stock inicial','9',2,'2015-08-26 23:46:23','U001'),(59,'1140-0010226','2015-07-27 00:00:00',1,'stock inicial','9',3,'2015-08-26 23:52:32','U001'),(60,'1140-0010173','2015-07-15 00:00:00',1,'stock inicial','9',2,'2015-08-26 23:55:32','U001'),(61,'1140-0010254','2015-08-03 00:00:00',1,'stock ilimitado','9',2,'2015-08-27 00:09:59','U001'),(62,'1140-0010269','2015-08-05 00:00:00',1,'stock inicial','9',2,'2015-08-27 00:15:31','U001'),(63,'1140-0010271','2015-08-05 00:00:00',1,'stock inicial','9',2,'2015-08-27 00:48:47','U001'),(64,'1140-0010271','2015-08-05 00:00:00',1,'stock inicial','9',2,'2015-08-27 00:54:35','U001'),(65,'1140-0010272','2015-08-05 00:00:00',1,'stock inicial','9',3,'2015-08-27 00:57:57','U001'),(66,'1140-0010274','2015-08-05 00:00:00',1,'stock inicial','9',2,'2015-08-27 00:59:15','U001'),(67,'1140-0010275','2015-08-06 00:00:00',1,'stock inicial','9',3,'2015-08-27 01:13:01','U001'),(68,'1140-0010276','2015-08-06 00:00:00',1,'stock inicial','9',2,'2015-08-27 01:15:12','U001'),(69,'1140-0010278','2015-08-06 00:00:00',1,'stock inicial','9',2,'2015-08-27 01:17:30','U001'),(70,'1140-0010289','2015-08-08 00:00:00',1,'stock inicial','9',3,'2015-08-27 01:21:14','U001'),(71,'1140-0010295','2015-08-10 00:00:00',1,'stock inicial','9',3,'2015-08-27 01:22:54','U001'),(72,'1179-0033815','2015-07-08 00:00:00',1,'stock inicial','9',2,'2015-08-27 01:24:47','U001'),(73,'1140-0009861','2015-05-20 00:00:00',1,'stcok inicial','9',2,'2015-08-27 01:27:54','U001'),(74,'1140-0010299','2015-08-11 00:00:00',1,'stock inicial','9',2,'2015-08-27 01:30:49','U001'),(75,'1140-0010295','2015-08-10 00:00:00',1,'stock inicial','9',3,'2015-08-27 01:41:42','U001'),(76,'1140-0010300','2015-08-11 00:00:00',1,'stock inicial','9',2,'2015-08-27 01:45:27','U001'),(77,'1140-0010298','2015-08-11 00:00:00',1,'stock inicial','9',3,'2015-08-27 01:47:07','U001'),(78,'1140-0010310','2015-08-13 00:00:00',1,'stock inicial','9',2,'2015-08-27 01:53:35','U001'),(79,'1140-0010308','2015-08-13 00:00:00',1,'stock inicial','9',2,'2015-08-27 01:57:45','U001'),(80,'1140-0010312','2015-08-14 00:00:00',1,'stock inicial','9',3,'2015-08-27 02:00:41','U001'),(81,'1140-0010314','2015-08-14 00:00:00',1,'STOCK INICIAL','9',2,'2015-08-27 02:06:13','U001'),(82,'1140-0010315','2015-08-14 00:00:00',1,'STOCK INICIAL','9',2,'2015-08-27 02:08:13','U001'),(83,'1140-0010316','2015-08-14 00:00:00',1,'stock inicial','9',2,'2015-08-27 12:30:47','U001'),(84,'1140-0010326','2015-08-17 00:00:00',1,'stock inicial','9',2,'2015-08-27 12:40:23','U001'),(85,'1140-0010131','2015-08-17 00:00:00',1,'stock inicial','9',2,'2015-08-27 12:52:46','U001'),(86,'1140-0010132','2015-08-18 00:00:00',1,'stock inicial','9',3,'2015-08-27 12:54:50','U001'),(87,'1140-0010340','2015-08-18 00:00:00',1,'stock inicial','9',2,'2015-08-27 12:57:37','U001'),(88,'1140-0010353','2015-08-22 00:00:00',1,'stock inicial','9',2,'2015-08-27 13:01:03','U001'),(89,'1140-0010360','2015-08-24 00:00:00',1,'stock inicial','9',3,'2015-08-27 13:05:45','U001'),(90,'1140-0010354','2015-08-21 00:00:00',1,'stock inicial','9',3,'2015-08-27 13:07:31','U001'),(91,'1140-00100000','2015-08-25 00:00:00',1,'stock inicial','9',2,'2015-08-27 13:10:29','U001'),(92,'1140-0010353','2015-08-21 00:00:00',1,'stock inicial','9',2,'2015-08-27 15:41:29','U001'),(93,'1140-0010379','2015-08-27 00:00:00',1,'','9',2,'2015-08-28 00:51:09','U001'),(94,'1140-0010360','2015-08-24 00:00:00',1,'STOCK INICIAL','9',3,'2015-08-28 00:56:51','U001'),(95,'1140-0010354','2015-08-22 00:00:00',1,'STOCK INICIAL','9',3,'2015-08-28 01:06:55','U001'),(96,'1140-0010357','2015-08-24 00:00:00',1,'STOCK INICIAL','9',3,'2015-08-28 01:16:03','U001'),(97,'1140-0010368','2015-08-25 00:00:00',1,'STOCK INICIAL','9',3,'2015-08-28 01:22:40','U001'),(98,'1140-0010369','2015-08-26 00:00:00',1,'STOCK INICIAL','9',3,'2015-08-28 01:30:05','U001'),(101,'1140-0010370','2015-08-26 00:00:00',1,'','9',2,'2015-08-31 17:22:45','U001'),(100,'002-1000','2015-08-28 00:00:00',1,'RRVV','9',1,'2015-08-28 17:17:03','U001'),(102,'1140-0010384','2015-08-28 00:00:00',1,'','9',2,'2015-09-01 14:37:10','U001'),(103,'1140-0010384','2015-08-28 00:00:00',1,'','9',2,'2015-09-15 00:53:48','U001'),(104,'1140-0010434','2015-09-08 00:00:00',1,'','9',3,'2015-09-15 16:42:32','U001'),(105,'1140-0010440','2015-09-09 00:00:00',1,'','9',2,'2015-09-15 21:47:11','U001'),(106,'1140-0010443','2015-09-09 00:00:00',1,'','9',3,'2015-09-15 21:57:10','U001'),(107,'1140-0010403','2015-09-01 00:00:00',1,'','9',2,'2015-09-15 22:15:25','U001'),(108,'1140-0010417','2015-09-04 00:00:00',1,'','9',2,'2015-09-15 22:34:13','U001'),(109,'1140-0010446','2015-09-09 00:00:00',1,'','9',2,'2015-09-15 22:36:38','U001'),(110,'1140-0010451','2015-09-09 00:00:00',1,'','9',2,'2015-09-15 22:47:40','U001'),(111,'1140-0010454','2015-09-11 00:00:00',1,'','9',2,'2015-09-15 22:58:03','U001'),(112,'1140-0010462','2015-09-12 00:00:00',1,'','9',2,'2015-09-15 23:03:30','U001'),(113,'1140-0010404','2015-09-01 00:00:00',1,'','9',2,'2015-09-15 23:06:27','U001'),(114,'1140-0010441','2015-09-09 00:00:00',1,'','9',2,'2015-09-15 23:10:29','U001'),(115,'1140-0010465','2015-09-14 00:00:00',1,'','9',2,'2015-09-15 23:21:12','U001'),(116,'1140-0010415','2015-09-04 00:00:00',1,'','9',2,'2015-09-15 23:22:54','U001');

/*Table structure for table `ingrealmacendet` */


CREATE TABLE `ingrealmacendet` (
  `iddetallealmacen` int(11) NOT NULL auto_increment,
  `NumIngreso` char(6) collate latin1_spanish_ci NOT NULL,
  `codmaterial` varchar(15) collate latin1_spanish_ci NOT NULL,
  `imei` varchar(25) collate latin1_spanish_ci default NULL,
  `CantProducto` int(11) NOT NULL default '1',
  `psinigv` decimal(19,2) NOT NULL default '0.00',
  `vendido` int(11) NOT NULL default '1' COMMENT '1 por vender  2 vendido',
  `Observaciones` varchar(45) collate latin1_spanish_ci default NULL,
  PRIMARY KEY  (`iddetallealmacen`),
  KEY `fk_ingrecamaldet_ingrecamalcab1_idx` (`NumIngreso`),
  KEY `fk_ingrecamaldet_camal1_idx` (`codmaterial`),
  KEY `fk_ingrecamaldet_carnes1_idx` (`imei`),
  KEY `fk_ingrecamaldet_ordencompracab1_idx` (`psinigv`)
) ENGINE=MyISAM AUTO_INCREMENT=2070 DEFAULT CHARSET=latin1 COLLATE=latin1_spanish_ci;

/*Data for the table `ingrealmacendet` */

insert  into `ingrealmacendet`(`iddetallealmacen`,`NumIngreso`,`codmaterial`,`imei`,`CantProducto`,`psinigv`,`vendido`,`Observaciones`) values (112,'23','PBAV750001','865771026153015',1,'8.50',1,NULL),(113,'25','PBAV750001','865771027860683',1,'217.00',1,NULL),(114,'26','PBLGL20D12','354341063424501',1,'217.00',1,NULL),(115,'28','PBXSE1D202','353848060278699',1,'0.00',1,NULL),(116,'28','PBXSE1D201','353848062624346',1,'0.00',1,NULL),(117,'30','PBNL735L02','355143060979126',1,'1244.00',1,NULL),(118,'31','PBLW320002','351524062976851',1,'42.00',1,NULL),(171,'46','PBLGL70D24','355990063846631',1,'0.51',1,NULL),(170,'46','PBLGL70D24','355990063846177',1,'0.51',1,NULL),(129,'38','PBLGL20D13','354341063687586',1,'8.50',1,NULL),(122,'34','PBLW320002','351524063055689',1,'42.00',1,NULL),(192,'48','PBAZL2N001','356302056488554',1,'42.00',1,NULL),(124,'37','PBSXE1D202','353848060278640',1,'0.00',1,NULL),(125,'37','PBSXE1D201','353848063083443',1,'0.00',1,NULL),(126,'37','PSN256L231','895110133001012655',1,'0.00',1,NULL),(127,'37','PSN256L231','895110133001012656',1,'0.00',1,NULL),(128,'37','PSN256L231','895110133001012657',1,'0.00',1,NULL),(130,'38','PBLGL20D13','354341063688626',1,'8.50',1,NULL),(131,'38','PDHE353101','862552027750378',1,'28.51',1,NULL),(132,'39','PDALX600A1','860387021042049',1,'78.00',1,NULL),(133,'40','PBAZAA35S6','354080062061837',1,'8.50',1,NULL),(169,'45','PSN128P4T4','895110022917825570',1,'12.00',1,NULL),(168,'45','PSN128P4T4','895110022917825569',1,'12.00',1,NULL),(167,'45','PSN128P4T4','895110022917825568',1,'12.00',1,NULL),(166,'45','PSN128P4T4','895110022917450017',1,'12.00',1,NULL),(163,'44','PSN128P4T4','895110042007732635',1,'12.00',1,NULL),(164,'44','PSN128P4T4','895110042007732636',1,'12.00',1,NULL),(162,'44','PSN128P4T4','895110042007732634',1,'12.00',1,NULL),(161,'44','PSN128P4T4','895110042007732633',1,'12.00',1,NULL),(186,'47','PSN256L231','895110133001539798',1,'0.50',1,NULL),(184,'47','PSN256L231','895110133001539796',1,'0.50',1,NULL),(185,'47','PSN256L231','895110133001539797',1,'0.50',1,NULL),(183,'47','PSN256L231','895110133001539795',1,'0.50',1,NULL),(177,'47','PSN256L231','895110133001012663',1,'0.50',1,NULL),(178,'47','PSN256L231','895110133001012664',1,'0.50',1,NULL),(179,'47','PSN256L231','895110133001012665',1,'0.50',1,NULL),(180,'47','PSN256L231','895110133001012666',1,'0.50',1,NULL),(181,'47','PSN256L231','895110133001012667',1,'0.50',1,NULL),(182,'47','PSN256L231','895110133001539794',1,'0.50',1,NULL),(173,'47','PBAZAA50C1','354078060755145',1,'8.52',1,NULL),(174,'47','PBLS106005','353783066554167',1,'17.03',1,NULL),(175,'47','PSN256L231','895110133001012661',1,'0.50',1,NULL),(176,'47','PSN256L231','895110133001012662',1,'0.50',1,NULL),(165,'44','PSN128P4T4','895110042007732637',1,'12.00',1,NULL),(172,'46','PBLGL70D24','355990063848215',1,'0.51',1,NULL),(187,'47','PSN256L231','895110133001539799',1,'0.50',1,NULL),(188,'47','PSN256L231','895110133001539800',1,'0.50',1,NULL),(189,'47','PSN256L231','895110133001539801',1,'0.50',1,NULL),(190,'47','PSN256L231','895110133001539802',1,'0.50',1,NULL),(191,'47','PSN256L231','895110133001539803',1,'0.50',1,NULL),(193,'48','PBAZL2N002','359066053977763',1,'42.00',1,NULL),(194,'48','PBAZL2N002','359066053977698',1,'42.00',1,NULL),(195,'49','PBNL635L01','353632065931035',1,'0.00',1,NULL),(196,'49','PBNL435001','356500060880639',1,'0.00',1,NULL),(197,'50','FTHUF31702','864952022903279',1,'39.00',1,NULL),(202,'55','PBLGL20D17','354341064795305',1,'179.00',1,NULL),(199,'52','PBHTCD51L1','353452062851908',1,'0.00',1,NULL),(200,'53','PBAV750001','865771026153080',1,'8.50',1,NULL),(201,'54','PBLGA10001','351648070032629',1,'62.00',1,NULL),(203,'56','PBLGF60D32','356233061434434',1,'0.00',1,NULL),(204,'57','PBNL535003','355743062117706',1,'0.00',1,NULL),(205,'58','PTAZAAT7M1','354093060007074',1,'178.52',1,NULL),(206,'59','PBLGA10002','351648070139200',1,'62.00',2,NULL),(207,'59','PBLGA10001','351648070003208',1,'62.00',1,NULL),(208,'59','PSN25634SN','895110153000029261',1,'15.00',1,NULL),(209,'59','PSN25634SN','895110153000029262',1,'15.00',1,NULL),(210,'59','PSN25634SN','895110153000029263',1,'15.00',1,NULL),(211,'59','PSN25634SN','895110153000029264',1,'15.00',1,NULL),(212,'59','PSN25634SN','895110153000029265',1,'15.00',1,NULL),(213,'59','PSN25634SN','895110153000029266',1,'15.00',1,NULL),(214,'59','PSN25634SN','895110153000029267',1,'15.00',1,NULL),(215,'60','PSN25623RP','895110113000376825',1,'5.00',1,NULL),(216,'61','PBLW320001','356861062763417',1,'42.00',1,NULL),(217,'61','PBLW320002','356861062662825',1,'42.00',1,NULL),(218,'61','PBVKI12901','353159069703285',1,'42.00',1,NULL),(219,'61','PSN12834SN','895110052205217130',1,'15.00',1,NULL),(220,'61','PSN12834SN','895110052205217131',1,'15.00',1,NULL),(221,'61','PSN12834SN','895110052205217132',1,'15.00',1,NULL),(222,'62','PSN128P4T4','895110052105811119',1,'11.00',1,NULL),(223,'62','PSN128P4T4','895110052105811120',1,'11.00',1,NULL),(224,'62','PSN128P4T4','895110052105811121',1,'11.00',1,NULL),(225,'62','PSN128P4T4','895110052105811122',1,'11.00',1,NULL),(226,'62','PSN128P4T4','895110052105811123',1,'11.00',1,NULL),(227,'62','PSN128P4T4','895110052105811124',1,'11.00',1,NULL),(228,'62','PSN128P4T4','895110052105811125',1,'11.00',1,NULL),(229,'62','PSN128P4T4','895110052105811126',1,'11.00',1,NULL),(230,'62','PSN128P4T4','895110052105811127',1,'11.00',1,NULL),(231,'62','PSN128P4T4','895110052105811128',1,'11.00',1,NULL),(232,'62','PSN128P4T4','895110052105811129',1,'11.00',1,NULL),(252,'64','PSN12834SL','895110052205263784',1,'2.00',1,NULL),(251,'64','PSN12834SL','895110052205263783',1,'2.00',1,NULL),(250,'64','PSN12834SL','895110052205263782',1,'2.00',1,NULL),(247,'64','PSN12834SL','895110052205263779',1,'2.00',1,NULL),(248,'64','PSN12834SL','895110052205263780',1,'2.00',1,NULL),(249,'64','PSN12834SL','895110052205263781',1,'2.00',1,NULL),(245,'64','PSN12834SL','895110052205263777',1,'2.00',1,NULL),(246,'64','PSN12834SL','895110052205263778',1,'2.00',1,NULL),(244,'64','PSN12834SL','895110052205263776',1,'2.00',1,NULL),(253,'64','PSN12834SL','895110052205263785',1,'2.00',1,NULL),(254,'64','PSN12834SL','895110052205263786',1,'2.00',1,NULL),(255,'64','PSN12834SL','895110052205263787',1,'2.00',1,NULL),(256,'64','PSN12834SL','895110052205263788',1,'2.00',1,NULL),(257,'64','PSN12834SL','895110052205263789',1,'2.00',1,NULL),(258,'64','PSN12834SL','895110052205263790',1,'2.00',1,NULL),(259,'64','PSN12834SL','895110052205263791',1,'2.00',1,NULL),(260,'64','PSN12834SL','895110052205263792',1,'2.00',1,NULL),(261,'64','PSN12834SL','895110052205263793',1,'2.00',1,NULL),(262,'64','PSN12834SL','895110052205263794',1,'2.00',1,NULL),(263,'65','PTHUMEDY01','353816040504898',1,'0.00',2,NULL),(264,'66','PBSGANGML1','357938061376760',1,'8.50',1,NULL),(265,'67','PBLS106001','353783066673454',1,'0.00',1,NULL),(266,'67','PBLS106001','353783067207229',1,'0.00',1,NULL),(267,'67','PBLS106001','353783067207757',1,'0.00',1,NULL),(268,'67','PBN1060001','357171061084917',1,'0.00',1,NULL),(269,'67','PBSXE4E212','359221063218415',1,'0.00',1,NULL),(270,'67','PBLS106001','353783066671557',1,'0.00',1,NULL),(271,'67','PBLS106001','353783067207799',1,'0.00',1,NULL),(272,'67','PBNL530004','357171061084768',1,'0.00',1,NULL),(273,'67','PSN256L231','895110133001012736',1,'0.00',2,NULL),(274,'67','PSN256L231','895110133001012737',1,'0.00',2,NULL),(275,'67','PSN256L231','895110133001012738',1,'0.00',2,NULL),(276,'67','PSN256L231','895110133001012739',1,'0.00',1,NULL),(277,'67','PSN256L231','895110133001012740',1,'0.00',1,NULL),(278,'67','PSN256L231','895110133001012741',1,'0.00',1,NULL),(279,'67','PSN256L231','895110133001012742',1,'0.00',1,NULL),(280,'67','PSN256L231','895110133001012743',1,'0.00',2,NULL),(281,'67','PSN256L231','895110133001012744',1,'0.00',1,NULL),(282,'68','FTHUF31701','864952028560552',1,'39.00',2,NULL),(283,'68','FTHUF31701','864952028562806',1,'39.00',1,NULL),(284,'69','PBN1060001','358622064676421',1,'62.00',1,NULL),(285,'69','PBN1060001','358622064676447',1,'62.00',1,NULL),(286,'69','PBN1060001','358622064676462',1,'62.00',1,NULL),(287,'70','PBHTD62601','358720060222206',1,'0.00',1,NULL),(306,'75','PTHUMEDY01','353816040502827',1,'0.00',1,NULL),(305,'75','PBIP432G01','013068002534545',1,'0.00',1,NULL),(290,'72','PBHUAG6203','865390020061452',1,'8.51',1,NULL),(291,'73','PBLGL80D31','356062063294557',1,'198.50',1,NULL),(292,'74','PBAZL2N002','359066053977714',1,'8.50',1,NULL),(293,'74','PDHE353102','862552027840583',1,'28.50',2,NULL),(294,'74','PDHE353102','862552027841714',1,'28.50',1,NULL),(295,'74','PDHE353102','862552027854022',1,'28.50',1,NULL),(296,'74','PDHE353102','862552027856316',1,'28.50',1,NULL),(297,'74','PBLW320002','356861062604090',1,'8.50',1,NULL),(298,'74','PSN2562341','895110133001544583',1,'0.50',1,NULL),(299,'74','PSN2562341','895110133001544584',1,'0.50',1,NULL),(300,'74','PSN2562341','895110133001544585',1,'0.50',1,NULL),(301,'74','PSN2562341','895110133001544586',1,'0.50',1,NULL),(302,'74','PSN2562341','895110133001544587',1,'0.50',1,NULL),(303,'74','PSN2562341','895110133001544588',1,'0.50',1,NULL),(304,'74','PSN2562341','895110133001544589',1,'0.50',2,NULL),(307,'75','PSN256L231','895110133001012757',1,'0.00',1,NULL),(308,'75','PSN256L231','895110133001012758',1,'0.00',1,NULL),(309,'75','PSN256L231','895110133001012759',1,'0.00',1,NULL),(310,'75','PSN256L231','895110133001012760',1,'0.00',1,NULL),(311,'75','PSN256L231','895110133001012761',1,'0.00',1,NULL),(312,'75','PSN256L231','895110133001012762',1,'0.00',1,NULL),(313,'75','PSN256L231','895110133001012763',1,'0.00',1,NULL),(314,'76','PBVKI12907','353159068798658',1,'42.00',1,NULL),(315,'76','PSN12834SN','895110052205217188',1,'15.00',1,NULL),(316,'76','PSN12834SN','895110052205217189',1,'15.00',2,NULL),(317,'76','PSN12834SN','895110052205217190',1,'15.00',2,NULL),(318,'77','PSN256L231','895110133001012764',1,'0.00',1,NULL),(319,'78','PSN25634M5','895110113000864327',1,'5.00',2,NULL),(320,'78','PSN25634M5','895110113000864328',1,'5.00',1,NULL),(321,'78','PSN25634M5','895110113000864329',1,'5.00',1,NULL),(322,'78','PSN25634M5','895110113000864330',1,'5.00',1,NULL),(323,'78','PSN25634M5','895110113000864331',1,'5.00',1,NULL),(324,'78','PSN25634M5','895110113000864332',1,'5.00',1,NULL),(325,'78','PSN25634M5','895110113000864333',1,'5.00',1,NULL),(326,'78','PSN25634M5','895110113000864334',1,'5.00',1,NULL),(327,'78','PSN25634M5','895110123000819556',1,'5.00',1,NULL),(328,'78','PSN25634M5','895110123000819557',1,'5.00',1,NULL),(329,'78','PSN25634M5','895110123000819558',1,'5.00',1,NULL),(330,'78','PSN25634M5','895110123000819559',1,'5.00',1,NULL),(331,'78','PSN25634M5','895110123000819560',1,'5.00',1,NULL),(332,'78','PSN25634M5','895110123000819561',1,'5.00',1,NULL),(333,'78','PSN25634M5','895110123000819562',1,'5.00',1,NULL),(334,'78','PSN25634M5','895110113000864326',1,'5.00',1,NULL),(335,'79','PSN25634RP','895110113000912706',1,'5.00',2,NULL),(336,'79','PSN25634RP','895110113000912707',1,'5.00',1,NULL),(337,'79','PSN25634RP','895110113000912708',1,'5.00',1,NULL),(338,'79','PSN25634RP','895110113000912709',1,'5.00',1,NULL),(339,'79','PSN25634RP','895110113000912710',1,'5.00',1,NULL),(340,'79','PSN25634RP','895110113000912711',1,'5.00',1,NULL),(341,'79','PSN25634RP','895110113000912712',1,'5.00',1,NULL),(342,'79','PSN25634RP','895110113000912713',1,'5.00',1,NULL),(343,'79','PSN25634RP','895110113000912714',1,'5.00',1,NULL),(344,'79','PSN25634RP','895110123000871846',1,'5.00',1,NULL),(345,'79','PSN25634RP','895110123000871847',1,'5.00',1,NULL),(346,'79','PSN25634RP','895110123000871848',1,'5.00',1,NULL),(347,'79','PSN25634RP','895110123000871849',1,'5.00',1,NULL),(348,'79','PSN25634RP','895110123000871850',1,'5.00',1,NULL),(349,'79','PSN25634RP','895110123000871851',1,'5.00',1,NULL),(350,'79','PSN25634RP','895110123000871852',1,'5.00',1,NULL),(351,'79','PSN25634RP','895110123000871853',1,'5.00',1,NULL),(352,'79','PSN25634RP','895110123000871854',1,'5.00',1,NULL),(353,'79','PSN25634RP','895110123000871855',1,'5.00',1,NULL),(354,'80','PBIP4S8002','013591005815876',1,'0.00',1,NULL),(355,'80','PBIP4S8001','013595006306249',1,'0.00',2,NULL),(356,'81','PBVKI12901','353159069727672',1,'8.50',2,NULL),(357,'81','PBVKI12901','353159069729322',1,'8.50',2,NULL),(358,'82','PSN12834SN','895110052205217201',1,'15.00',1,NULL),(359,'82','PBAZL2N001','359066052506498',1,'42.00',1,NULL),(360,'82','PBAZL2N002','359066053977706',1,'42.00',1,NULL),(361,'83','PBLS106001','353783066672019',1,'159.00',2,NULL),(362,'83','PBLS106001','353783066673405',1,'159.00',1,NULL),(363,'83','PBLS106001','353783066673439',1,'159.00',1,NULL),(364,'83','PBLS106001','353783066673876',1,'159.00',1,NULL),(365,'83','PBLW320002','356861064027076',1,'42.00',1,NULL),(366,'83','PBLW320001','356861063361971',1,'42.00',2,NULL),(367,'83','PBLW320001','356861063362052',1,'42.00',1,NULL),(368,'83','PSN12834SN','895110052205217206',1,'15.00',1,NULL),(369,'83','PSN12834SN','895110052205217207',1,'15.00',1,NULL),(370,'83','PSN12834SN','895110052205217208',1,'15.00',1,NULL),(371,'83','PSN12834SN','895110052205217209',1,'15.00',1,NULL),(372,'84','PSN256L231','895110133001012779',1,'0.50',1,NULL),(373,'84','PSN256L231','895110133001012780',1,'0.50',1,NULL),(374,'84','PSN256L231','895110133001012781',1,'0.50',1,NULL),(375,'84','PSN256L231','895110133001012782',1,'0.50',1,NULL),(376,'84','PSN256L231','895110133001012783',1,'0.50',1,NULL),(377,'84','PSN256L231','895110133001012784',1,'0.50',1,NULL),(378,'84','PSN256L231','895110133001012785',1,'0.50',1,NULL),(379,'84','PSN256L231','895110133001012786',1,'0.50',1,NULL),(380,'84','PSN256L231','895110133001012787',1,'0.50',1,NULL),(381,'84','PSN256L231','895110133001012788',1,'0.50',1,NULL),(382,'84','PSN256L231','895110133001012789',1,'0.50',1,NULL),(383,'84','PSN256L231','895110133001012790',1,'0.50',1,NULL),(384,'84','PSN256L231','895110133001012791',1,'0.50',1,NULL),(385,'84','PSN256L231','895110133001012792',1,'0.50',1,NULL),(386,'84','PSN256L231','895110133001012793',1,'0.50',1,NULL),(387,'84','PSN256L231','895110133001012794',1,'0.50',1,NULL),(388,'84','PBSXE4E211','359221063629256',1,'8.50',2,NULL),(389,'84','PBSXE4E211','359221063629421',1,'8.50',1,NULL),(390,'84','PBSXE4E211','359221063629439',1,'8.50',1,NULL),(391,'84','PBSXE4E211','359221063629454',1,'8.50',2,NULL),(392,'84','PBSXE4E212','359221063769003',1,'8.50',2,NULL),(393,'84','PBSXE4E212','359221063769698',1,'8.50',2,NULL),(394,'84','PBSXE4E212','359221063771231',1,'8.50',1,NULL),(395,'85','PSN128P4T4','895110032219917086',1,'15.00',1,NULL),(396,'85','PSN128P4T4','895110032219917087',1,'15.00',1,NULL),(397,'85','PSN128P4T4','895110032219917088',1,'15.00',1,NULL),(398,'85','PSN128P4T4','895110032219917089',1,'15.00',1,NULL),(399,'85','PSN128P4T4','895110032219917090',1,'15.00',1,NULL),(400,'85','PSN128P4T4','895110032219917091',1,'15.00',1,NULL),(401,'85','PSN128P4T4','895110032219917092',1,'15.00',1,NULL),(402,'85','PSN128P4T4','895110032219917093',1,'15.00',1,NULL),(403,'85','PSN128P4T4','895110032219917094',1,'15.00',1,NULL),(404,'85','PSN128P4T4','895110032219917095',1,'15.00',1,NULL),(405,'85','PSN128P4T4','895110032219917096',1,'15.00',1,NULL),(406,'85','PSN128P4T4','895110032219917097',1,'15.00',1,NULL),(407,'85','PSN128P4T4','895110032219917098',1,'15.00',1,NULL),(408,'86','PSN2562341','895110133001544605',1,'0.00',1,NULL),(409,'86','PSN2562341','895110133001544606',1,'0.00',1,NULL),(410,'86','PBIP4S8002','013591005875508',1,'0.00',1,NULL),(411,'86','PBIP4S8001','013595006293181',1,'0.00',1,NULL),(412,'87','PSN12834SL','895110052005536550',1,'2.00',1,NULL),(413,'87','PSN12834SL','895110052005536551',1,'2.00',1,NULL),(414,'87','PSN12834SL','895110052005536552',1,'2.00',1,NULL),(415,'87','PSN12834SL','895110052005536553',1,'2.00',1,NULL),(416,'87','PSN12834SL','895110052005536554',1,'2.00',1,NULL),(417,'87','PSN12834SL','895110052005536555',1,'2.00',1,NULL),(418,'87','PSN12834SL','895110052005536556',1,'2.00',1,NULL),(419,'87','PSN12834SL','895110052005536557',1,'2.00',1,NULL),(420,'87','PSN12834SL','895110052005536558',1,'2.00',1,NULL),(421,'87','PSN12834SL','895110052005536559',1,'2.00',1,NULL),(422,'87','PSN12834SL','895110052005536560',1,'2.00',2,NULL),(423,'87','PSN12834SL','895110052005536561',1,'2.00',2,NULL),(424,'87','PSN12834SL','895110052005536562',1,'2.00',2,NULL),(425,'87','PSN12834SL','895110052005536563',1,'2.00',2,NULL),(426,'87','PSN12834SL','895110052005536564',1,'2.00',2,NULL),(427,'87','PSN12834SL','895110052005536565',1,'2.00',2,NULL),(428,'87','PSN12834SL','895110052005536566',1,'2.00',2,NULL),(429,'87','PSN12834SL','895110052005536567',1,'2.00',2,NULL),(430,'87','PSN12834SL','895110052005536568',1,'2.00',2,NULL),(431,'87','PSN12834SL','895110052005536569',1,'2.00',2,NULL),(432,'87','PSN12834SL','895110052005536570',1,'2.00',2,NULL),(433,'87','PSN12834SL','895110052005536571',1,'2.00',1,NULL),(434,'87','PSN12834SL','895110052005536572',1,'2.00',1,NULL),(435,'87','PSN12834SL','895110052005536573',1,'2.00',1,NULL),(436,'87','PSN12834SL','895110052005536574',1,'2.00',1,NULL),(437,'87','PSN12834SL','895110052005536575',1,'2.00',1,NULL),(438,'87','PSN12834SL','895110052005536576',1,'2.00',1,NULL),(439,'87','PSN12834SL','895110052005536577',1,'2.00',1,NULL),(440,'87','PSN12834SL','895110052005536578',1,'2.00',1,NULL),(441,'87','PSN12834SL','895110052005536579',1,'2.00',1,NULL),(442,'87','PSN12834SL','895110052005536580',1,'2.00',1,NULL),(443,'87','PSN12834SL','895110052005536581',1,'2.00',1,NULL),(444,'87','PSN12834SL','895110052005536582',1,'2.00',1,NULL),(445,'87','PSN12834SL','895110052005536583',1,'2.00',1,NULL),(446,'87','PSN12834SL','895110052005536584',1,'2.00',1,NULL),(447,'87','PSN12834SL','895110052005536585',1,'2.00',1,NULL),(448,'87','PSN12834SL','895110052005536586',1,'2.00',1,NULL),(449,'87','PSN12834SL','895110052005536587',1,'2.00',1,NULL),(450,'87','PSN12834SL','895110052005536588',1,'2.00',2,NULL),(451,'87','PSN12834SL','895110052005536589',1,'2.00',2,NULL),(452,'87','PSN12834SL','895110052005536590',1,'2.00',2,NULL),(453,'87','PSN12834SL','895110052005536591',1,'2.00',2,NULL),(454,'87','PSN12834SL','895110052005536592',1,'2.00',2,NULL),(455,'87','PSN12834SL','895110052005536593',1,'2.00',1,NULL),(456,'87','PSN12834SL','895110052005536594',1,'2.00',2,NULL),(457,'87','PSN12834SL','895110052005536595',1,'2.00',2,NULL),(458,'87','PSN12834SL','895110052005536596',1,'2.00',2,NULL),(459,'87','PSN12834SL','895110052005536597',1,'2.00',2,NULL),(460,'87','PSN12834SL','895110052005536598',1,'2.00',2,NULL),(461,'87','PSN12834SL','895110052005536599',1,'2.00',2,NULL),(462,'87','PSN12834SL','895110052205264095',1,'2.00',1,NULL),(463,'87','PSN12834SL','895110052205264096',1,'2.00',1,NULL),(464,'87','PSN12834SL','895110052205264097',1,'2.00',1,NULL),(465,'87','PSN12834SL','895110052205264098',1,'2.00',1,NULL),(466,'87','PSN12834SL','895110052205264099',1,'2.00',1,NULL),(467,'87','PSN12834SL','895110052205264100',1,'2.00',1,NULL),(468,'87','PSN12834SL','895110052205264101',1,'2.00',1,NULL),(469,'87','PSN12834SL','895110052205264102',1,'2.00',1,NULL),(470,'87','PSN12834SL','895110052205264103',1,'2.00',1,NULL),(471,'87','PSN12834SL','895110052205264104',1,'2.00',1,NULL),(472,'87','PSN12834SL','895110052205264105',1,'2.00',1,NULL),(473,'87','PSN12834SL','895110052205264106',1,'2.00',1,NULL),(474,'87','PSN12834SL','895110052205264107',1,'2.00',1,NULL),(475,'87','PSN12834SL','895110052205264108',1,'2.00',1,NULL),(476,'87','PSN12834SL','895110052205264109',1,'2.00',1,NULL),(477,'87','PSN12834SL','895110052205264110',1,'2.00',1,NULL),(478,'87','PSN12834SL','895110052205264111',1,'2.00',1,NULL),(479,'87','PSN12834SL','895110052205264112',1,'2.00',1,NULL),(480,'87','PSN12834SL','895110052205264113',1,'2.00',1,NULL),(481,'87','PSN12834SL','895110052205264114',1,'2.00',1,NULL),(482,'87','PSN12834SL','895110052205264115',1,'2.00',1,NULL),(483,'87','PSN12834SL','895110052205264116',1,'2.00',1,NULL),(484,'87','PSN12834SL','895110052205264117',1,'2.00',1,NULL),(485,'87','PSN12834SL','895110052205264118',1,'2.00',1,NULL),(486,'87','PSN12834SL','895110052205264119',1,'2.00',1,NULL),(487,'87','PSN12834SL','895110052205264120',1,'2.00',1,NULL),(488,'87','PSN12834SL','895110052205264121',1,'2.00',1,NULL),(489,'87','PSN12834SL','895110052205264122',1,'2.00',1,NULL),(490,'87','PSN12834SL','895110052205264123',1,'2.00',1,NULL),(491,'87','PSN12834SL','895110052205264124',1,'2.00',1,NULL),(492,'87','PSN12834SL','895110052205264125',1,'2.00',1,NULL),(493,'87','PSN12834SL','895110052205264126',1,'2.00',1,NULL),(494,'87','PSN12834SL','895110052205264127',1,'2.00',1,NULL),(495,'87','PSN12834SL','895110052205264128',1,'2.00',1,NULL),(496,'87','PSN12834SL','895110052205264129',1,'2.00',1,NULL),(497,'87','PSN12834SL','895110052205264130',1,'2.00',1,NULL),(498,'87','PSN12834SL','895110052205264131',1,'2.00',1,NULL),(499,'87','PSN12834SL','895110052205264132',1,'2.00',1,NULL),(500,'87','PSN12834SL','895110052205264133',1,'2.00',1,NULL),(501,'87','PSN12834SL','895110052205264134',1,'2.00',1,NULL),(502,'87','PSN12834SL','895110052205264135',1,'2.00',1,NULL),(503,'87','PSN12834SL','895110052205264136',1,'2.00',1,NULL),(504,'87','PSN12834SL','895110052205264137',1,'2.00',1,NULL),(505,'87','PSN12834SL','895110052205264138',1,'2.00',1,NULL),(506,'87','PSN12834SL','895110052205264139',1,'2.00',1,NULL),(507,'87','PSN12834SL','895110052205264140',1,'2.00',1,NULL),(508,'87','PSN12834SL','895110052205264141',1,'2.00',1,NULL),(509,'87','PSN12834SL','895110052205264142',1,'2.00',1,NULL),(510,'87','PSN12834SL','895110052205264143',1,'2.00',1,NULL),(511,'87','PSN12834SL','895110052205264144',1,'2.00',1,NULL),(512,'87','PSN12834SL','895110052205264145',1,'2.00',1,NULL),(513,'87','PSN12834SL','895110052205264146',1,'2.00',1,NULL),(514,'87','PSN12834SL','895110052205264147',1,'2.00',1,NULL),(515,'87','PSN12834SL','895110052205264148',1,'2.00',1,NULL),(516,'87','PSN12834SL','895110052205264149',1,'2.00',1,NULL),(517,'87','PSN12834SL','895110052205264150',1,'2.00',1,NULL),(518,'87','PSN12834SL','895110052205264151',1,'2.00',1,NULL),(519,'87','PSN12834SL','895110052205264152',1,'2.00',1,NULL),(520,'87','PSN12834SL','895110052205264153',1,'2.00',1,NULL),(521,'87','PSN12834SL','895110052205264154',1,'2.00',1,NULL),(522,'87','PSN12834SL','895110052205264155',1,'2.00',1,NULL),(523,'87','PSN12834SL','895110052205264156',1,'2.00',1,NULL),(524,'87','PSN12834SL','895110052205264157',1,'2.00',1,NULL),(525,'87','PSN12834SL','895110052205264158',1,'2.00',1,NULL),(526,'87','PSN12834SL','895110052205264159',1,'2.00',1,NULL),(527,'87','PSN12834SL','895110052205264160',1,'2.00',1,NULL),(528,'87','PSN12834SL','895110052205264161',1,'2.00',1,NULL),(529,'87','PSN12834SL','895110052205264162',1,'2.00',1,NULL),(530,'87','PSN12834SL','895110052205264163',1,'2.00',1,NULL),(531,'87','PSN12834SL','895110052205264164',1,'2.00',1,NULL),(532,'87','PSN12834SL','895110052205264165',1,'2.00',1,NULL),(533,'87','PSN12834SL','895110052205264166',1,'2.00',1,NULL),(534,'87','PSN12834SL','895110052205264167',1,'2.00',1,NULL),(535,'87','PSN12834SL','895110052205264168',1,'2.00',1,NULL),(536,'87','PSN12834SL','895110052205264169',1,'2.00',1,NULL),(537,'87','PSN12834SL','895110052205264170',1,'2.00',1,NULL),(538,'87','PSN12834SL','895110052205264171',1,'2.00',1,NULL),(539,'87','PSN12834SL','895110052205264172',1,'2.00',1,NULL),(540,'87','PSN12834SL','895110052205264173',1,'2.00',1,NULL),(541,'87','PSN12834SL','895110052205264174',1,'2.00',1,NULL),(542,'87','PSN12834SL','895110052205264175',1,'2.00',1,NULL),(543,'87','PSN12834SL','895110052205264176',1,'2.00',1,NULL),(544,'87','PSN12834SL','895110052205264177',1,'2.00',1,NULL),(545,'87','PSN12834SL','895110052205264178',1,'2.00',1,NULL),(546,'87','PSN12834SL','895110052205264179',1,'2.00',1,NULL),(547,'87','PSN12834SL','895110052205264180',1,'2.00',1,NULL),(548,'87','PSN12834SL','895110052205264181',1,'2.00',1,NULL),(549,'87','PSN12834SL','895110052205264182',1,'2.00',1,NULL),(550,'87','PSN12834SL','895110052205264183',1,'2.00',1,NULL),(551,'87','PSN12834SL','895110052205264184',1,'2.00',1,NULL),(552,'87','PSN12834SL','895110052205264185',1,'2.00',1,NULL),(553,'87','PSN12834SL','895110052205264186',1,'2.00',1,NULL),(554,'87','PSN12834SL','895110052205264187',1,'2.00',1,NULL),(555,'87','PSN12834SL','895110052205264188',1,'2.00',1,NULL),(556,'87','PSN12834SL','895110052205264189',1,'2.00',1,NULL),(557,'87','PSN12834SL','895110052205264190',1,'2.00',1,NULL),(558,'87','PSN12834SL','895110052205264191',1,'2.00',1,NULL),(559,'87','PSN12834SL','895110052205264192',1,'2.00',1,NULL),(560,'87','PSN12834SL','895110052205264193',1,'2.00',1,NULL),(561,'87','PSN12834SL','895110052205264194',1,'2.00',1,NULL),(562,'87','PSN12834SL','895110052205264201',1,'2.00',1,NULL),(563,'87','PSN12834SL','895110052205264202',1,'2.00',1,NULL),(564,'87','PSN12834SL','895110052205264203',1,'2.00',1,NULL),(565,'87','PSN12834SL','895110052205264204',1,'2.00',1,NULL),(566,'87','PSN12834SL','895110052205264205',1,'2.00',1,NULL),(567,'87','PSN12834SL','895110052205264206',1,'2.00',1,NULL),(568,'87','PSN12834SL','895110052205264207',1,'2.00',1,NULL),(569,'87','PSN12834SL','895110052205264208',1,'2.00',1,NULL),(570,'87','PSN12834SL','895110052205264209',1,'2.00',1,NULL),(571,'87','PSN12834SL','895110052205264210',1,'2.00',1,NULL),(572,'87','PSN12834SL','895110052205264211',1,'2.00',1,NULL),(573,'87','PSN12834SL','895110052205264212',1,'2.00',1,NULL),(574,'87','PSN12834SL','895110052205264213',1,'2.00',1,NULL),(575,'87','PSN12834SL','895110052205264214',1,'2.00',1,NULL),(576,'87','PSN12834SL','895110052205264215',1,'2.00',1,NULL),(577,'87','PSN12834SL','895110052205264216',1,'2.00',1,NULL),(578,'87','PSN12834SL','895110052205264217',1,'2.00',1,NULL),(579,'87','PSN12834SL','895110052205264218',1,'2.00',1,NULL),(580,'87','PSN12834SL','895110052205264219',1,'2.00',1,NULL),(581,'87','PSN12834SL','895110052205264220',1,'2.00',1,NULL),(582,'87','PSN12834SL','895110052205264221',1,'2.00',1,NULL),(583,'87','PSN12834SL','895110052205264222',1,'2.00',1,NULL),(584,'87','PSN12834SL','895110052205264223',1,'2.00',1,NULL),(585,'87','PSN12834SL','895110052205264224',1,'2.00',1,NULL),(586,'87','PSN12834SL','895110052205264225',1,'2.00',1,NULL),(587,'87','PSN12834SL','895110052205264226',1,'2.00',1,NULL),(588,'87','PSN12834SL','895110052205264227',1,'2.00',1,NULL),(589,'87','PSN12834SL','895110052205264228',1,'2.00',1,NULL),(590,'87','PSN12834SL','895110052205264229',1,'2.00',1,NULL),(591,'87','PSN12834SL','895110052205264230',1,'2.00',1,NULL),(592,'87','PSN12834SL','895110052205264233',1,'2.00',2,NULL),(593,'87','PSN12834SL','895110052205264234',1,'2.00',1,NULL),(594,'87','PSN12834SL','895110052205264235',1,'2.00',1,NULL),(595,'87','PSN12834SL','895110052205264236',1,'2.00',1,NULL),(596,'87','PSN12834SL','895110052205264237',1,'2.00',1,NULL),(597,'87','PSN12834SL','895110052205264238',1,'2.00',1,NULL),(598,'87','PSN12834SL','895110052205264239',1,'2.00',1,NULL),(599,'87','PSN12834SL','895110052205264240',1,'2.00',1,NULL),(600,'87','PSN12834SL','895110052205264241',1,'2.00',1,NULL),(601,'87','PSN12834SL','895110052205264242',1,'2.00',1,NULL),(602,'87','PSN12834SL','895110052205264243',1,'2.00',1,NULL),(603,'87','PSN12834SL','895110052205264244',1,'2.00',1,NULL),(634,'92','PSN12834SN','895110052205217232',1,'15.00',2,NULL),(633,'92','PSN12834SN','895110052205217231',1,'15.00',1,NULL),(632,'92','PSN12834SN','895110052205217230',1,'15.00',1,NULL),(631,'92','PSN12834SN','895110052205217229',1,'15.00',1,NULL),(653,'94','PSN2562341','895110133001544622',1,'0.00',1,NULL),(657,'95','PBSXE4E211','359221063686371',1,'0.00',2,NULL),(658,'95','PBSXE4E211','359221063694524',1,'0.00',1,NULL),(656,'95','PBSXE4E211','359221063683568',1,'0.00',1,NULL),(655,'95','PBSSGA5001','356309061196288',1,'0.00',2,NULL),(614,'91','PSN256PL34','895110113000840964',1,'12.00',1,NULL),(615,'91','SG25600003','895110113001350198',1,'2.00',1,NULL),(616,'91','PSN256L3M5','895110113000075623',1,'11.00',1,NULL),(617,'91','PSN256L3M5','895110113000055653',1,'11.00',1,NULL),(618,'91','PSN2562341','895110113000983705',1,'0.50',1,NULL),(619,'91','PSN2562341','895110113000983706',1,'0.50',1,NULL),(620,'91','PSN128P4T4','895110012912943826',1,'12.00',1,NULL),(621,'91','PSN128P4T4','895110012912943827',1,'12.00',1,NULL),(622,'91','PSN128P4T5','895110012912943827',1,'12.00',1,NULL),(623,'91','PSN128PRT1','895110012009347879',1,'12.00',1,NULL),(624,'91','PSN128PRT1','895110012009347880',1,'12.00',1,NULL),(625,'91','PSN128PRT1','895110012009347811',1,'12.00',1,NULL),(626,'91','PSN128PRT1','895110012009347812',1,'12.00',1,NULL),(627,'91','PSN256PL23','895110123000038247',1,'12.00',1,NULL),(628,'91','PSN128PRT4','895110022015670090',1,'12.00',1,NULL),(629,'91','PSN128PRT4','895110022015670091',1,'12.00',1,NULL),(630,'91','PSN128PRT4','895110022015670092',1,'12.00',1,NULL),(635,'92','PBVKI12901','353159069406640',1,'42.00',1,NULL),(636,'92','PBVKI12901','353159069729306',1,'42.00',2,NULL),(637,'92','PBVKI12901','353159069741541',1,'42.00',2,NULL),(638,'92','PBVKI12901','353159069871314',1,'42.00',1,NULL),(639,'93','PSN12834SN','895110052205212149',1,'15.00',1,NULL),(640,'93','PSN12834SN','895110052205212150',1,'15.00',1,NULL),(641,'93','PSN12834SN','895110052205212151',1,'15.00',1,NULL),(642,'93','PSN12834SN','895110052205212152',1,'15.00',1,NULL),(643,'93','PSN12834SN','895110052205212153',1,'15.00',1,NULL),(644,'93','PSN12834SN','895110052205217247',1,'15.00',1,NULL),(645,'93','PSN12834SN','895110052205217248',1,'15.00',1,NULL),(646,'93','PBLW320002','356861064028108',1,'51.00',1,NULL),(647,'93','PBLW320002','356861064062750',1,'51.00',1,NULL),(648,'93','PBLW320001','356861063580653',1,'51.00',1,NULL),(649,'93','PBLW320001','356861063589258',1,'51.00',1,NULL),(650,'93','PBVKI12901','353159069715289',1,'51.00',1,NULL),(651,'93','PBVKI12901','353159069738729',1,'51.00',1,NULL),(652,'93','PBVKI12901','353159069801865',1,'51.00',1,NULL),(654,'94','PBSSS5G901','352570061859761',1,'0.00',2,NULL),(659,'95','PBSXE4E212','359221063797996',1,'0.00',2,NULL),(660,'95','PBSXE4E212','359221063802762',1,'0.00',2,NULL),(661,'95','PBSXE4E212','359221063802770',1,'0.00',2,NULL),(662,'95','PSN2562341','895110133001544616',1,'0.00',1,NULL),(663,'95','PSN2562341','895110133001544617',1,'0.00',1,NULL),(664,'95','PSN2562341','895110133001544618',1,'0.00',1,NULL),(665,'95','PSN2562341','895110133001544619',1,'0.00',1,NULL),(666,'95','PSN2562341','895110133001544620',1,'0.00',1,NULL),(667,'96','PBNL535004','355743062138256',1,'0.00',2,NULL),(668,'96','PSN256L231','895110133001012799',1,'0.00',1,NULL),(669,'97','PBSSS5G901','352570061859696',1,'0.00',1,NULL),(670,'97','PSN2562341','895110133001544623',1,'0.00',1,NULL),(671,'98','PSN2562341','895110133001544624',1,'0.00',2,NULL),(672,'98','PBSSGS4ME1','357957057700288',1,'0.00',2,NULL),(1702,'100','SERVISS001','111111111111111',1,'1.00',2,NULL),(1701,'100','SERVISS001','111111111111111',1,'1.00',2,NULL),(1700,'100','SERVISS001','111111111111111',1,'1.00',2,NULL),(1699,'100','SERVISS001','111111111111111',1,'1.00',2,NULL),(1698,'100','SERVISS001','111111111111111',1,'1.00',2,NULL),(1697,'100','SERVISS001','111111111111111',1,'1.00',2,NULL),(1696,'100','SERVISS001','111111111111111',1,'1.00',2,NULL),(1695,'100','SERVISS001','111111111111111',1,'1.00',2,NULL),(1694,'100','SERVISS001','111111111111111',1,'1.00',2,NULL),(1693,'100','SERVISS001','111111111111111',1,'1.00',2,NULL),(1692,'100','SERVISS001','111111111111111',1,'1.00',2,NULL),(1691,'100','SERVISS001','111111111111111',1,'1.00',2,NULL),(1690,'100','SERVISS001','111111111111111',1,'1.00',2,NULL),(1689,'100','SERVISS001','111111111111111',1,'1.00',2,NULL),(1688,'100','SERVISS001','111111111111111',1,'1.00',2,NULL),(1687,'100','SERVISS001','111111111111111',1,'1.00',2,NULL),(1686,'100','SERVISS001','111111111111111',1,'1.00',2,NULL),(1685,'100','SERVISS001','111111111111111',1,'1.00',2,NULL),(1684,'100','SERVISS001','111111111111111',1,'1.00',2,NULL),(1683,'100','SERVISS001','111111111111111',1,'1.00',2,NULL),(1682,'100','SERVISS001','111111111111111',1,'1.00',2,NULL),(1681,'100','SERVISS001','111111111111111',1,'1.00',2,NULL),(1680,'100','SERVISS001','111111111111111',1,'1.00',2,NULL),(1679,'100','SERVISS001','111111111111111',1,'1.00',2,NULL),(1678,'100','SERVISS001','111111111111111',1,'1.00',2,NULL),(1677,'100','SERVISS001','111111111111111',1,'1.00',2,NULL),(1676,'100','SERVISS001','111111111111111',1,'1.00',2,NULL),(1675,'100','SERVISS001','111111111111111',1,'1.00',2,NULL),(1674,'100','SERVISS001','111111111111111',1,'1.00',2,NULL),(1673,'100','SERVISS001','111111111111111',1,'1.00',2,NULL),(1672,'100','SERVISS001','111111111111111',1,'1.00',2,NULL),(1671,'100','SERVISS001','111111111111111',1,'1.00',2,NULL),(1670,'100','SERVISS001','111111111111111',1,'1.00',2,NULL),(1669,'100','SERVISS001','111111111111111',1,'1.00',2,NULL),(1668,'100','SERVISS001','111111111111111',1,'1.00',2,NULL),(1667,'100','SERVISS001','111111111111111',1,'1.00',2,NULL),(1666,'100','SERVISS001','111111111111111',1,'1.00',2,NULL),(1665,'100','SERVISS001','111111111111111',1,'1.00',2,NULL),(1664,'100','SERVISS001','111111111111111',1,'1.00',2,NULL),(1663,'100','SERVISS001','111111111111111',1,'1.00',2,NULL),(1662,'100','SERVISS001','111111111111111',1,'1.00',2,NULL),(1661,'100','SERVISS001','111111111111111',1,'1.00',2,NULL),(1660,'100','SERVISS001','111111111111111',1,'1.00',2,NULL),(1659,'100','SERVISS001','111111111111111',1,'1.00',2,NULL),(1658,'100','SERVISS001','111111111111111',1,'1.00',2,NULL),(1657,'100','SERVISS001','111111111111111',1,'1.00',2,NULL),(1656,'100','SERVISS001','111111111111111',1,'1.00',2,NULL),(1655,'100','SERVISS001','111111111111111',1,'1.00',2,NULL),(1654,'100','SERVISS001','111111111111111',1,'1.00',2,NULL),(1653,'100','SERVISS001','111111111111111',1,'1.00',2,NULL),(1652,'100','SERVISS001','111111111111111',1,'1.00',2,NULL),(1651,'100','SERVISS001','111111111111111',1,'1.00',2,NULL),(1650,'100','SERVISS001','111111111111111',1,'1.00',2,NULL),(1649,'100','SERVISS001','111111111111111',1,'1.00',2,NULL),(1648,'100','SERVISS001','111111111111111',1,'1.00',2,NULL),(1647,'100','SERVISS001','111111111111111',1,'1.00',2,NULL),(1646,'100','SERVISS001','111111111111111',1,'1.00',2,NULL),(1645,'100','SERVISS001','111111111111111',1,'1.00',2,NULL),(1644,'100','SERVISS001','111111111111111',1,'1.00',2,NULL),(1643,'100','SERVISS001','111111111111111',1,'1.00',2,NULL),(1642,'100','SERVISS001','111111111111111',1,'1.00',2,NULL),(1641,'100','SERVISS001','111111111111111',1,'1.00',2,NULL),(1640,'100','SERVISS001','111111111111111',1,'1.00',2,NULL),(1639,'100','SERVISS001','111111111111111',1,'1.00',2,NULL),(1638,'100','SERVISS001','111111111111111',1,'1.00',2,NULL),(1637,'100','SERVISS001','111111111111111',1,'1.00',2,NULL),(1636,'100','SERVISS001','111111111111111',1,'1.00',2,NULL),(1635,'100','SERVISS001','111111111111111',1,'1.00',2,NULL),(1634,'100','SERVISS001','111111111111111',1,'1.00',2,NULL),(1633,'100','SERVISS001','111111111111111',1,'1.00',2,NULL),(1632,'100','SERVISS001','111111111111111',1,'1.00',2,NULL),(1631,'100','SERVISS001','111111111111111',1,'1.00',2,NULL),(1630,'100','SERVISS001','111111111111111',1,'1.00',2,NULL),(1629,'100','SERVISS001','111111111111111',1,'1.00',2,NULL),(1628,'100','SERVISS001','111111111111111',1,'1.00',2,NULL),(1627,'100','SERVISS001','111111111111111',1,'1.00',2,NULL),(1626,'100','SERVISS001','111111111111111',1,'1.00',2,NULL),(1625,'100','SERVISS001','111111111111111',1,'1.00',2,NULL),(1624,'100','SERVISS001','111111111111111',1,'1.00',2,NULL),(1623,'100','SERVISS001','111111111111111',1,'1.00',2,NULL),(1622,'100','SERVISS001','111111111111111',1,'1.00',2,NULL),(1621,'100','SERVISS001','111111111111111',1,'1.00',2,NULL),(1620,'100','SERVISS001','111111111111111',1,'1.00',2,NULL),(1619,'100','SERVISS001','111111111111111',1,'1.00',2,NULL),(1618,'100','SERVISS001','111111111111111',1,'1.00',2,NULL),(1617,'100','SERVISS001','111111111111111',1,'1.00',2,NULL),(1616,'100','SERVISS001','111111111111111',1,'1.00',2,NULL),(1615,'100','SERVISS001','111111111111111',1,'1.00',2,NULL),(1614,'100','SERVISS001','111111111111111',1,'1.00',2,NULL),(1613,'100','SERVISS001','111111111111111',1,'1.00',2,NULL),(1612,'100','SERVISS001','111111111111111',1,'1.00',2,NULL),(1611,'100','SERVISS001','111111111111111',1,'1.00',2,NULL),(1610,'100','SERVISS001','111111111111111',1,'1.00',2,NULL),(1609,'100','SERVISS001','111111111111111',1,'1.00',2,NULL),(1608,'100','SERVISS001','111111111111111',1,'1.00',2,NULL),(1607,'100','SERVISS001','111111111111111',1,'1.00',2,NULL),(1606,'100','SERVISS001','111111111111111',1,'1.00',2,NULL),(1605,'100','SERVISS001','111111111111111',1,'1.00',2,NULL),(1604,'100','SERVISS001','111111111111111',1,'1.00',2,NULL),(1603,'100','SERVISS001','111111111111111',1,'1.00',2,NULL),(1602,'100','SERVISS001','111111111111111',1,'1.00',2,NULL),(1601,'100','SERVISS001','111111111111111',1,'1.00',2,NULL),(1600,'100','SERVISS001','111111111111111',1,'1.00',2,NULL),(1599,'100','SERVISS001','111111111111111',1,'1.00',2,NULL),(1598,'100','SERVISS001','111111111111111',1,'1.00',2,NULL),(1597,'100','SERVISS001','111111111111111',1,'1.00',2,NULL),(1596,'100','SERVISS001','111111111111111',1,'1.00',2,NULL),(1595,'100','SERVISS001','111111111111111',1,'1.00',2,NULL),(1594,'100','SERVISS001','111111111111111',1,'1.00',2,NULL),(1593,'100','SERVISS001','111111111111111',1,'1.00',2,NULL),(1592,'100','SERVISS001','111111111111111',1,'1.00',2,NULL),(1591,'100','SERVISS001','111111111111111',1,'1.00',2,NULL),(1590,'100','SERVISS001','111111111111111',1,'1.00',2,NULL),(1589,'100','SERVISS001','111111111111111',1,'1.00',2,NULL),(1588,'100','SERVISS001','111111111111111',1,'1.00',2,NULL),(1587,'100','SERVISS001','111111111111111',1,'1.00',2,NULL),(1586,'100','SERVISS001','111111111111111',1,'1.00',2,NULL),(1585,'100','SERVISS001','111111111111111',1,'1.00',2,NULL),(1584,'100','SERVISS001','111111111111111',1,'1.00',2,NULL),(1583,'100','SERVISS001','111111111111111',1,'1.00',2,NULL),(1582,'100','SERVISS001','111111111111111',1,'1.00',2,NULL),(1581,'100','SERVISS001','111111111111111',1,'1.00',2,NULL),(1580,'100','SERVISS001','111111111111111',1,'1.00',2,NULL),(1579,'100','SERVISS001','111111111111111',1,'1.00',2,NULL),(1578,'100','SERVISS001','111111111111111',1,'1.00',2,NULL),(1577,'100','SERVISS001','111111111111111',1,'1.00',2,NULL),(1576,'100','SERVISS001','111111111111111',1,'1.00',2,NULL),(1575,'100','SERVISS001','111111111111111',1,'1.00',2,NULL),(1574,'100','SERVISS001','111111111111111',1,'1.00',2,NULL),(1573,'100','SERVISS001','111111111111111',1,'1.00',2,NULL),(1572,'100','SERVISS001','111111111111111',1,'1.00',2,NULL),(1571,'100','SERVISS001','111111111111111',1,'1.00',2,NULL),(1570,'100','SERVISS001','111111111111111',1,'1.00',2,NULL),(1569,'100','SERVISS001','111111111111111',1,'1.00',2,NULL),(1568,'100','SERVISS001','111111111111111',1,'1.00',2,NULL),(1567,'100','SERVISS001','111111111111111',1,'1.00',2,NULL),(1566,'100','SERVISS001','111111111111111',1,'1.00',2,NULL),(1565,'100','SERVISS001','111111111111111',1,'1.00',2,NULL),(1564,'100','SERVISS001','111111111111111',1,'1.00',2,NULL),(1563,'100','SERVISS001','111111111111111',1,'1.00',2,NULL),(1562,'100','SERVISS001','111111111111111',1,'1.00',2,NULL),(1561,'100','SERVISS001','111111111111111',1,'1.00',2,NULL),(1560,'100','SERVISS001','111111111111111',1,'1.00',2,NULL),(1559,'100','SERVISS001','111111111111111',1,'1.00',2,NULL),(1558,'100','SERVISS001','111111111111111',1,'1.00',2,NULL),(1557,'100','SERVISS001','111111111111111',1,'1.00',2,NULL),(1556,'100','SERVISS001','111111111111111',1,'1.00',2,NULL),(1555,'100','SERVISS001','111111111111111',1,'1.00',2,NULL),(1554,'100','SERVISS001','111111111111111',1,'1.00',2,NULL),(1553,'100','SERVISS001','111111111111111',1,'1.00',2,NULL),(1552,'100','SERVISS001','111111111111111',1,'1.00',2,NULL),(1551,'100','SERVISS001','111111111111111',1,'1.00',2,NULL),(1550,'100','SERVISS001','111111111111111',1,'1.00',2,NULL),(1549,'100','SERVISS001','111111111111111',1,'1.00',2,NULL),(1548,'100','SERVISS001','111111111111111',1,'1.00',2,NULL),(1547,'100','SERVISS001','111111111111111',1,'1.00',2,NULL),(1546,'100','SERVISS001','111111111111111',1,'1.00',2,NULL),(1545,'100','SERVISS001','111111111111111',1,'1.00',2,NULL),(1544,'100','SERVISS001','111111111111111',1,'1.00',2,NULL),(1543,'100','SERVISS001','111111111111111',1,'1.00',2,NULL),(1542,'100','SERVISS001','111111111111111',1,'1.00',2,NULL),(1541,'100','SERVISS001','111111111111111',1,'1.00',2,NULL),(1540,'100','SERVISS001','111111111111111',1,'1.00',2,NULL),(1539,'100','SERVISS001','111111111111111',1,'1.00',2,NULL),(1538,'100','SERVISS001','111111111111111',1,'1.00',2,NULL),(1537,'100','SERVISS001','111111111111111',1,'1.00',2,NULL),(1536,'100','SERVISS001','111111111111111',1,'1.00',2,NULL),(1535,'100','SERVISS001','111111111111111',1,'1.00',2,NULL),(1534,'100','SERVISS001','111111111111111',1,'1.00',2,NULL),(1533,'100','SERVISS001','111111111111111',1,'1.00',2,NULL),(1532,'100','SERVISS001','111111111111111',1,'1.00',2,NULL),(1531,'100','SERVISS001','111111111111111',1,'1.00',2,NULL),(1530,'100','SERVISS001','111111111111111',1,'1.00',1,NULL),(1529,'100','SERVISS001','111111111111111',1,'1.00',1,NULL),(1528,'100','SERVISS001','111111111111111',1,'1.00',1,NULL),(1527,'100','SERVISS001','111111111111111',1,'1.00',1,NULL),(1526,'100','SERVISS001','111111111111111',1,'1.00',1,NULL),(1525,'100','SERVISS001','111111111111111',1,'1.00',1,NULL),(1524,'100','SERVISS001','111111111111111',1,'1.00',1,NULL),(1523,'100','SERVISS001','111111111111111',1,'1.00',1,NULL),(1522,'100','SERVISS001','111111111111111',1,'1.00',1,NULL),(1521,'100','SERVISS001','111111111111111',1,'1.00',1,NULL),(1520,'100','SERVISS001','111111111111111',1,'1.00',1,NULL),(1518,'100','SERVISS001','111111111111111',1,'1.00',1,NULL),(1519,'100','SERVISS001','111111111111111',1,'1.00',1,NULL),(1517,'100','SERVISS001','111111111111111',1,'1.00',1,NULL),(1516,'100','SERVISS001','111111111111111',1,'1.00',1,NULL),(1515,'100','SERVISS001','111111111111111',1,'1.00',1,NULL),(1514,'100','SERVISS001','111111111111111',1,'1.00',1,NULL),(1513,'100','SERVISS001','111111111111111',1,'1.00',1,NULL),(1512,'100','SERVISS001','111111111111111',1,'1.00',1,NULL),(1511,'100','SERVISS001','111111111111111',1,'1.00',1,NULL),(1510,'100','SERVISS001','111111111111111',1,'1.00',1,NULL),(1509,'100','SERVISS001','111111111111111',1,'1.00',1,NULL),(1508,'100','SERVISS001','111111111111111',1,'1.00',1,NULL),(1507,'100','SERVISS001','111111111111111',1,'1.00',1,NULL),(1506,'100','SERVISS001','111111111111111',1,'1.00',1,NULL),(1505,'100','SERVISS001','111111111111111',1,'1.00',1,NULL),(1504,'100','SERVISS001','111111111111111',1,'1.00',1,NULL),(1503,'100','SERVISS001','111111111111111',1,'1.00',1,NULL),(1502,'100','SERVISS001','111111111111111',1,'1.00',1,NULL),(1501,'100','SERVISS001','111111111111111',1,'1.00',1,NULL),(1500,'100','SERVISS001','111111111111111',1,'1.00',1,NULL),(1499,'100','SERVISS001','111111111111111',1,'1.00',1,NULL),(1498,'100','SERVISS001','111111111111111',1,'1.00',1,NULL),(1497,'100','SERVISS001','111111111111111',1,'1.00',1,NULL),(1496,'100','SERVISS001','111111111111111',1,'1.00',1,NULL),(1495,'100','SERVISS001','111111111111111',1,'1.00',1,NULL),(1494,'100','SERVISS001','111111111111111',1,'1.00',1,NULL),(1493,'100','SERVISS001','111111111111111',1,'1.00',1,NULL),(1492,'100','SERVISS001','111111111111111',1,'1.00',1,NULL),(1491,'100','SERVISS001','111111111111111',1,'1.00',1,NULL),(1490,'100','SERVISS001','111111111111111',1,'1.00',1,NULL),(1489,'100','SERVISS001','111111111111111',1,'1.00',1,NULL),(1488,'100','SERVISS001','111111111111111',1,'1.00',1,NULL),(1487,'100','SERVISS001','111111111111111',1,'1.00',1,NULL),(1486,'100','SERVISS001','111111111111111',1,'1.00',1,NULL),(1485,'100','SERVISS001','111111111111111',1,'1.00',1,NULL),(1484,'100','SERVISS001','111111111111111',1,'1.00',1,NULL),(1483,'100','SERVISS001','111111111111111',1,'1.00',1,NULL),(1482,'100','SERVISS001','111111111111111',1,'1.00',1,NULL),(1481,'100','SERVISS001','111111111111111',1,'1.00',1,NULL),(1480,'100','SERVISS001','111111111111111',1,'1.00',1,NULL),(1479,'100','SERVISS001','111111111111111',1,'1.00',1,NULL),(1478,'100','SERVISS001','111111111111111',1,'1.00',1,NULL),(1477,'100','SERVISS001','111111111111111',1,'1.00',1,NULL),(1476,'100','SERVISS001','111111111111111',1,'1.00',1,NULL),(1475,'100','SERVISS001','111111111111111',1,'1.00',1,NULL),(1474,'100','SERVISS001','111111111111111',1,'1.00',1,NULL),(1473,'100','SERVISS001','111111111111111',1,'1.00',1,NULL),(1472,'100','SERVISS001','111111111111111',1,'1.00',1,NULL),(1471,'100','SERVISS001','111111111111111',1,'1.00',1,NULL),(1470,'100','SERVISS001','111111111111111',1,'1.00',1,NULL),(1469,'100','SERVISS001','111111111111111',1,'1.00',1,NULL),(1468,'100','SERVISS001','111111111111111',1,'1.00',1,NULL),(1467,'100','SERVISS001','111111111111111',1,'1.00',1,NULL),(1466,'100','SERVISS001','111111111111111',1,'1.00',1,NULL),(1465,'100','SERVISS001','111111111111111',1,'1.00',1,NULL),(1464,'100','SERVISS001','111111111111111',1,'1.00',1,NULL),(1463,'100','SERVISS001','111111111111111',1,'1.00',1,NULL),(1462,'100','SERVISS001','111111111111111',1,'1.00',1,NULL),(1461,'100','SERVISS001','111111111111111',1,'1.00',1,NULL),(1460,'100','SERVISS001','111111111111111',1,'1.00',1,NULL),(1459,'100','SERVISS001','111111111111111',1,'1.00',1,NULL),(1458,'100','SERVISS001','111111111111111',1,'1.00',1,NULL),(1457,'100','SERVISS001','111111111111111',1,'1.00',1,NULL),(1456,'100','SERVISS001','111111111111111',1,'1.00',1,NULL),(1455,'100','SERVISS001','111111111111111',1,'1.00',1,NULL),(1454,'100','SERVISS001','111111111111111',1,'1.00',1,NULL),(1453,'100','SERVISS001','111111111111111',1,'1.00',1,NULL),(1452,'100','SERVISS001','111111111111111',1,'1.00',1,NULL),(1451,'100','SERVISS001','111111111111111',1,'1.00',1,NULL),(1450,'100','SERVISS001','111111111111111',1,'1.00',1,NULL),(1449,'100','SERVISS001','111111111111111',1,'1.00',1,NULL),(1448,'100','SERVISS001','111111111111111',1,'1.00',1,NULL),(1447,'100','SERVISS001','111111111111111',1,'1.00',1,NULL),(1446,'100','SERVISS001','111111111111111',1,'1.00',1,NULL),(1445,'100','SERVISS001','111111111111111',1,'1.00',1,NULL),(1443,'100','SERVISS001','111111111111111',1,'1.00',1,NULL),(1444,'100','SERVISS001','111111111111111',1,'1.00',1,NULL),(1442,'100','SERVISS001','111111111111111',1,'1.00',1,NULL),(1441,'100','SERVISS001','111111111111111',1,'1.00',1,NULL),(1440,'100','SERVISS001','111111111111111',1,'1.00',1,NULL),(1439,'100','SERVISS001','111111111111111',1,'1.00',1,NULL),(1438,'100','SERVISS001','111111111111111',1,'1.00',1,NULL),(1437,'100','SERVISS001','111111111111111',1,'1.00',1,NULL),(1436,'100','SERVISS001','111111111111111',1,'1.00',1,NULL),(1435,'100','SERVISS001','111111111111111',1,'1.00',1,NULL),(1434,'100','SERVISS001','111111111111111',1,'1.00',1,NULL),(1433,'100','SERVISS001','111111111111111',1,'1.00',1,NULL),(1432,'100','SERVISS001','111111111111111',1,'1.00',1,NULL),(1431,'100','SERVISS001','111111111111111',1,'1.00',1,NULL),(1430,'100','SERVISS001','111111111111111',1,'1.00',1,NULL),(1429,'100','SERVISS001','111111111111111',1,'1.00',1,NULL),(1428,'100','SERVISS001','111111111111111',1,'1.00',1,NULL),(1427,'100','SERVISS001','111111111111111',1,'1.00',1,NULL),(1426,'100','SERVISS001','111111111111111',1,'1.00',1,NULL),(1425,'100','SERVISS001','111111111111111',1,'1.00',1,NULL),(1424,'100','SERVISS001','111111111111111',1,'1.00',1,NULL),(1423,'100','SERVISS001','111111111111111',1,'1.00',1,NULL),(1422,'100','SERVISS001','111111111111111',1,'1.00',1,NULL),(1421,'100','SERVISS001','111111111111111',1,'1.00',1,NULL),(1420,'100','SERVISS001','111111111111111',1,'1.00',1,NULL),(1419,'100','SERVISS001','111111111111111',1,'1.00',1,NULL),(1418,'100','SERVISS001','111111111111111',1,'1.00',1,NULL),(1417,'100','SERVISS001','111111111111111',1,'1.00',1,NULL),(1416,'100','SERVISS001','111111111111111',1,'1.00',1,NULL),(1415,'100','SERVISS001','111111111111111',1,'1.00',1,NULL),(1414,'100','SERVISS001','111111111111111',1,'1.00',1,NULL),(1413,'100','SERVISS001','111111111111111',1,'1.00',1,NULL),(1412,'100','SERVISS001','111111111111111',1,'1.00',1,NULL),(1411,'100','SERVISS001','111111111111111',1,'1.00',1,NULL),(1410,'100','SERVISS001','111111111111111',1,'1.00',1,NULL),(1409,'100','SERVISS001','111111111111111',1,'1.00',1,NULL),(1408,'100','SERVISS001','111111111111111',1,'1.00',1,NULL),(1407,'100','SERVISS001','111111111111111',1,'1.00',1,NULL),(1406,'100','SERVISS001','111111111111111',1,'1.00',1,NULL),(1405,'100','SERVISS001','111111111111111',1,'1.00',1,NULL),(1404,'100','SERVISS001','111111111111111',1,'1.00',1,NULL),(1403,'100','SERVISS001','111111111111111',1,'1.00',1,NULL),(1402,'100','SERVISS001','111111111111111',1,'1.00',1,NULL),(1401,'100','SERVISS001','111111111111111',1,'1.00',1,NULL),(1400,'100','SERVISS001','111111111111111',1,'1.00',1,NULL),(1399,'100','SERVISS001','111111111111111',1,'1.00',1,NULL),(1398,'100','SERVISS001','111111111111111',1,'1.00',1,NULL),(1397,'100','SERVISS001','111111111111111',1,'1.00',1,NULL),(1396,'100','SERVISS001','111111111111111',1,'1.00',1,NULL),(1395,'100','SERVISS001','111111111111111',1,'1.00',1,NULL),(1394,'100','SERVISS001','111111111111111',1,'1.00',1,NULL),(1393,'100','SERVISS001','111111111111111',1,'1.00',1,NULL),(1392,'100','SERVISS001','111111111111111',1,'1.00',1,NULL),(1391,'100','SERVISS001','111111111111111',1,'1.00',1,NULL),(1390,'100','SERVISS001','111111111111111',1,'1.00',1,NULL),(1389,'100','SERVISS001','111111111111111',1,'1.00',1,NULL),(1388,'100','SERVISS001','111111111111111',1,'1.00',1,NULL),(1387,'100','SERVISS001','111111111111111',1,'1.00',1,NULL),(1386,'100','SERVISS001','111111111111111',1,'1.00',1,NULL),(1385,'100','SERVISS001','111111111111111',1,'1.00',1,NULL),(1384,'100','SERVISS001','111111111111111',1,'1.00',1,NULL),(1383,'100','SERVISS001','111111111111111',1,'1.00',1,NULL),(1382,'100','SERVISS001','111111111111111',1,'1.00',1,NULL),(1381,'100','SERVISS001','111111111111111',1,'1.00',1,NULL),(1380,'100','SERVISS001','111111111111111',1,'1.00',1,NULL),(1379,'100','SERVISS001','111111111111111',1,'1.00',1,NULL),(1378,'100','SERVISS001','111111111111111',1,'1.00',1,NULL),(1377,'100','SERVISS001','111111111111111',1,'1.00',1,NULL),(1376,'100','SERVISS001','111111111111111',1,'1.00',1,NULL),(1375,'100','SERVISS001','111111111111111',1,'1.00',1,NULL),(1374,'100','SERVISS001','111111111111111',1,'1.00',1,NULL),(1373,'100','SERVISS001','111111111111111',1,'1.00',1,NULL),(1372,'100','SERVISS001','111111111111111',1,'1.00',1,NULL),(1371,'100','SERVISS001','111111111111111',1,'1.00',1,NULL),(1370,'100','SERVISS001','111111111111111',1,'1.00',1,NULL),(1369,'100','SERVISS001','111111111111111',1,'1.00',1,NULL),(1368,'100','SERVISS001','111111111111111',1,'1.00',1,NULL),(1367,'100','SERVISS001','111111111111111',1,'1.00',1,NULL),(1366,'100','SERVISS001','111111111111111',1,'1.00',1,NULL),(1365,'100','SERVISS001','111111111111111',1,'1.00',1,NULL),(1364,'100','SERVISS001','111111111111111',1,'1.00',1,NULL),(1363,'100','SERVISS001','111111111111111',1,'1.00',1,NULL),(1362,'100','SERVISS001','111111111111111',1,'1.00',1,NULL),(1361,'100','SERVISS001','111111111111111',1,'1.00',1,NULL),(1360,'100','SERVISS001','111111111111111',1,'1.00',1,NULL),(1359,'100','SERVISS001','111111111111111',1,'1.00',1,NULL),(1358,'100','SERVISS001','111111111111111',1,'1.00',1,NULL),(1357,'100','SERVISS001','111111111111111',1,'1.00',1,NULL),(1356,'100','SERVISS001','111111111111111',1,'1.00',1,NULL),(1355,'100','SERVISS001','111111111111111',1,'1.00',1,NULL),(1354,'100','SERVISS001','111111111111111',1,'1.00',1,NULL),(1353,'100','SERVISS001','111111111111111',1,'1.00',1,NULL),(1352,'100','SERVISS001','111111111111111',1,'1.00',1,NULL),(1351,'100','SERVISS001','111111111111111',1,'1.00',1,NULL),(1350,'100','SERVISS001','111111111111111',1,'1.00',1,NULL),(1349,'100','SERVISS001','111111111111111',1,'1.00',1,NULL),(1348,'100','SERVISS001','111111111111111',1,'1.00',1,NULL),(1347,'100','SERVISS001','111111111111111',1,'1.00',1,NULL),(1346,'100','SERVISS001','111111111111111',1,'1.00',1,NULL),(1345,'100','SERVISS001','111111111111111',1,'1.00',1,NULL),(1344,'100','SERVISS001','111111111111111',1,'1.00',1,NULL),(1343,'100','SERVISS001','111111111111111',1,'1.00',1,NULL),(1342,'100','SERVISS001','111111111111111',1,'1.00',1,NULL),(1341,'100','SERVISS001','111111111111111',1,'1.00',1,NULL),(1340,'100','SERVISS001','111111111111111',1,'1.00',1,NULL),(1339,'100','SERVISS001','111111111111111',1,'1.00',1,NULL),(1338,'100','SERVISS001','111111111111111',1,'1.00',1,NULL),(1337,'100','SERVISS001','111111111111111',1,'1.00',1,NULL),(1336,'100','SERVISS001','111111111111111',1,'1.00',1,NULL),(1335,'100','SERVISS001','111111111111111',1,'1.00',1,NULL),(1334,'100','SERVISS001','111111111111111',1,'1.00',1,NULL),(1333,'100','SERVISS001','111111111111111',1,'1.00',1,NULL),(1332,'100','SERVISS001','111111111111111',1,'1.00',1,NULL),(1331,'100','SERVISS001','111111111111111',1,'1.00',1,NULL),(1330,'100','SERVISS001','111111111111111',1,'1.00',1,NULL),(1329,'100','SERVISS001','111111111111111',1,'1.00',1,NULL),(1328,'100','SERVISS001','111111111111111',1,'1.00',1,NULL),(1327,'100','SERVISS001','111111111111111',1,'1.00',1,NULL),(1326,'100','SERVISS001','111111111111111',1,'1.00',1,NULL),(1325,'100','SERVISS001','111111111111111',1,'1.00',1,NULL),(1324,'100','SERVISS001','111111111111111',1,'1.00',1,NULL),(1323,'100','SERVISS001','111111111111111',1,'1.00',1,NULL),(1322,'100','SERVISS001','111111111111111',1,'1.00',1,NULL),(1321,'100','SERVISS001','111111111111111',1,'1.00',1,NULL),(1320,'100','SERVISS001','111111111111111',1,'1.00',1,NULL),(1319,'100','SERVISS001','111111111111111',1,'1.00',1,NULL),(1318,'100','SERVISS001','111111111111111',1,'1.00',1,NULL),(1317,'100','SERVISS001','111111111111111',1,'1.00',1,NULL),(1316,'100','SERVISS001','111111111111111',1,'1.00',1,NULL),(1315,'100','SERVISS001','111111111111111',1,'1.00',1,NULL),(1314,'100','SERVISS001','111111111111111',1,'1.00',1,NULL),(1313,'100','SERVISS001','111111111111111',1,'1.00',1,NULL),(1312,'100','SERVISS001','111111111111111',1,'1.00',1,NULL),(1311,'100','SERVISS001','111111111111111',1,'1.00',1,NULL),(1310,'100','SERVISS001','111111111111111',1,'1.00',1,NULL),(1309,'100','SERVISS001','111111111111111',1,'1.00',1,NULL),(1308,'100','SERVISS001','111111111111111',1,'1.00',1,NULL),(1307,'100','SERVISS001','111111111111111',1,'1.00',1,NULL),(1306,'100','SERVISS001','111111111111111',1,'1.00',1,NULL),(1305,'100','SERVISS001','111111111111111',1,'1.00',1,NULL),(1304,'100','SERVISS001','111111111111111',1,'1.00',1,NULL),(1303,'100','SERVISS001','111111111111111',1,'1.00',1,NULL),(1302,'100','SERVISS001','111111111111111',1,'1.00',1,NULL),(1301,'100','SERVISS001','111111111111111',1,'1.00',1,NULL),(1300,'100','SERVISS001','111111111111111',1,'1.00',1,NULL),(1299,'100','SERVISS001','111111111111111',1,'1.00',1,NULL),(1298,'100','SERVISS001','111111111111111',1,'1.00',1,NULL),(1297,'100','SERVISS001','111111111111111',1,'1.00',1,NULL),(1296,'100','SERVISS001','111111111111111',1,'1.00',1,NULL),(1295,'100','SERVISS001','111111111111111',1,'1.00',1,NULL),(1294,'100','SERVISS001','111111111111111',1,'1.00',1,NULL),(1293,'100','SERVISS001','111111111111111',1,'1.00',1,NULL),(1292,'100','SERVISS001','111111111111111',1,'1.00',1,NULL),(1291,'100','SERVISS001','111111111111111',1,'1.00',1,NULL),(1290,'100','SERVISS001','111111111111111',1,'1.00',1,NULL),(1289,'100','SERVISS001','111111111111111',1,'1.00',1,NULL),(1288,'100','SERVISS001','111111111111111',1,'1.00',1,NULL),(1287,'100','SERVISS001','111111111111111',1,'1.00',1,NULL),(1286,'100','SERVISS001','111111111111111',1,'1.00',1,NULL),(1285,'100','SERVISS001','111111111111111',1,'1.00',1,NULL),(1284,'100','SERVISS001','111111111111111',1,'1.00',1,NULL),(1283,'100','SERVISS001','111111111111111',1,'1.00',1,NULL),(1282,'100','SERVISS001','111111111111111',1,'1.00',1,NULL),(1281,'100','SERVISS001','111111111111111',1,'1.00',1,NULL),(1280,'100','SERVISS001','111111111111111',1,'1.00',1,NULL),(1279,'100','SERVISS001','111111111111111',1,'1.00',1,NULL),(1278,'100','SERVISS001','111111111111111',1,'1.00',1,NULL),(1277,'100','SERVISS001','111111111111111',1,'1.00',1,NULL),(1276,'100','SERVISS001','111111111111111',1,'1.00',1,NULL),(1275,'100','SERVISS001','111111111111111',1,'1.00',1,NULL),(1274,'100','SERVISS001','111111111111111',1,'1.00',1,NULL),(1273,'100','SERVISS001','111111111111111',1,'1.00',1,NULL),(1272,'100','SERVISS001','111111111111111',1,'1.00',1,NULL),(1271,'100','SERVISS001','111111111111111',1,'1.00',1,NULL),(1270,'100','SERVISS001','111111111111111',1,'1.00',1,NULL),(1269,'100','SERVISS001','111111111111111',1,'1.00',1,NULL),(1268,'100','SERVISS001','111111111111111',1,'1.00',1,NULL),(1267,'100','SERVISS001','111111111111111',1,'1.00',1,NULL),(1266,'100','SERVISS001','111111111111111',1,'1.00',1,NULL),(1265,'100','SERVISS001','111111111111111',1,'1.00',1,NULL),(1264,'100','SERVISS001','111111111111111',1,'1.00',1,NULL),(1263,'100','SERVISS001','111111111111111',1,'1.00',1,NULL),(1262,'100','SERVISS001','111111111111111',1,'1.00',1,NULL),(1261,'100','SERVISS001','111111111111111',1,'1.00',1,NULL),(1260,'100','SERVISS001','111111111111111',1,'1.00',1,NULL),(1259,'100','SERVISS001','111111111111111',1,'1.00',1,NULL),(1258,'100','SERVISS001','111111111111111',1,'1.00',1,NULL),(1257,'100','SERVISS001','111111111111111',1,'1.00',1,NULL),(1256,'100','SERVISS001','111111111111111',1,'1.00',1,NULL),(1255,'100','SERVISS001','111111111111111',1,'1.00',1,NULL),(1254,'100','SERVISS001','111111111111111',1,'1.00',1,NULL),(1253,'100','SERVISS001','111111111111111',1,'1.00',1,NULL),(1252,'100','SERVISS001','111111111111111',1,'1.00',1,NULL),(1251,'100','SERVISS001','111111111111111',1,'1.00',1,NULL),(1250,'100','SERVISS001','111111111111111',1,'1.00',1,NULL),(1249,'100','SERVISS001','111111111111111',1,'1.00',1,NULL),(1248,'100','SERVISS001','111111111111111',1,'1.00',1,NULL),(1247,'100','SERVISS001','111111111111111',1,'1.00',1,NULL),(1246,'100','SERVISS001','111111111111111',1,'1.00',1,NULL),(1245,'100','SERVISS001','111111111111111',1,'1.00',1,NULL),(1244,'100','SERVISS001','111111111111111',1,'1.00',1,NULL),(1243,'100','SERVISS001','111111111111111',1,'1.00',1,NULL),(1242,'100','SERVISS001','111111111111111',1,'1.00',1,NULL),(1241,'100','SERVISS001','111111111111111',1,'1.00',1,NULL),(1240,'100','SERVISS001','111111111111111',1,'1.00',1,NULL),(1239,'100','SERVISS001','111111111111111',1,'1.00',1,NULL),(1238,'100','SERVISS001','111111111111111',1,'1.00',1,NULL),(1237,'100','SERVISS001','111111111111111',1,'1.00',1,NULL),(1236,'100','SERVISS001','111111111111111',1,'1.00',1,NULL),(1235,'100','SERVISS001','111111111111111',1,'1.00',1,NULL),(1234,'100','SERVISS001','111111111111111',1,'1.00',1,NULL),(1233,'100','SERVISS001','111111111111111',1,'1.00',1,NULL),(1232,'100','SERVISS001','111111111111111',1,'1.00',1,NULL),(1231,'100','SERVISS001','111111111111111',1,'1.00',1,NULL),(1230,'100','SERVISS001','111111111111111',1,'1.00',1,NULL),(1229,'100','SERVISS001','111111111111111',1,'1.00',1,NULL),(1228,'100','SERVISS001','111111111111111',1,'1.00',1,NULL),(1227,'100','SERVISS001','111111111111111',1,'1.00',1,NULL),(1226,'100','SERVISS001','111111111111111',1,'1.00',1,NULL),(1225,'100','SERVISS001','111111111111111',1,'1.00',1,NULL),(1224,'100','SERVISS001','111111111111111',1,'1.00',1,NULL),(1223,'100','SERVISS001','111111111111111',1,'1.00',1,NULL),(1222,'100','SERVISS001','111111111111111',1,'1.00',1,NULL),(1221,'100','SERVISS001','111111111111111',1,'1.00',1,NULL),(1220,'100','SERVISS001','111111111111111',1,'1.00',1,NULL),(1219,'100','SERVISS001','111111111111111',1,'1.00',1,NULL),(1218,'100','SERVISS001','111111111111111',1,'1.00',1,NULL),(1217,'100','SERVISS001','111111111111111',1,'1.00',1,NULL),(1216,'100','SERVISS001','111111111111111',1,'1.00',1,NULL),(1215,'100','SERVISS001','111111111111111',1,'1.00',1,NULL),(1214,'100','SERVISS001','111111111111111',1,'1.00',1,NULL),(1213,'100','SERVISS001','111111111111111',1,'1.00',1,NULL),(1212,'100','SERVISS001','111111111111111',1,'1.00',1,NULL),(1211,'100','SERVISS001','111111111111111',1,'1.00',1,NULL),(1196,'100','SERVISS001','111111111111111',1,'1.00',1,NULL),(1197,'100','SERVISS001','111111111111111',1,'1.00',1,NULL),(1198,'100','SERVISS001','111111111111111',1,'1.00',1,NULL),(1199,'100','SERVISS001','111111111111111',1,'1.00',1,NULL),(1200,'100','SERVISS001','111111111111111',1,'1.00',1,NULL),(1201,'100','SERVISS001','111111111111111',1,'1.00',1,NULL),(1202,'100','SERVISS001','111111111111111',1,'1.00',1,NULL),(1203,'100','SERVISS001','111111111111111',1,'1.00',1,NULL),(1204,'100','SERVISS001','111111111111111',1,'1.00',1,NULL),(1205,'100','SERVISS001','111111111111111',1,'1.00',1,NULL),(1206,'100','SERVISS001','111111111111111',1,'1.00',1,NULL),(1207,'100','SERVISS001','111111111111111',1,'1.00',1,NULL),(1208,'100','SERVISS001','111111111111111',1,'1.00',1,NULL),(1209,'100','SERVISS001','111111111111111',1,'1.00',1,NULL),(1210,'100','SERVISS001','111111111111111',1,'1.00',1,NULL),(1703,'100','SERVISS001','111111111111111',1,'1.00',1,NULL),(1704,'100','SERVISS001','111111111111111',1,'1.00',1,NULL),(1705,'100','SERVISS001','111111111111111',1,'1.00',1,NULL),(1706,'100','SERVISS001','111111111111111',1,'1.00',1,NULL),(1707,'100','SERVISS001','111111111111111',1,'1.00',1,NULL),(1708,'100','SERVISS001','111111111111111',1,'1.00',1,NULL),(1709,'100','SERVISS001','111111111111111',1,'1.00',1,NULL),(1710,'100','SERVISS001','111111111111111',1,'1.00',1,NULL),(1711,'100','SERVISS001','111111111111111',1,'1.00',1,NULL),(1712,'100','SERVISS001','111111111111111',1,'1.00',1,NULL),(1713,'100','SERVISS001','111111111111111',1,'1.00',1,NULL),(1714,'100','SERVISS001','111111111111111',1,'1.00',1,NULL),(1715,'100','SERVISS001','111111111111111',1,'1.00',1,NULL),(1716,'100','SERVISS001','111111111111111',1,'1.00',1,NULL),(1717,'100','SERVISS001','111111111111111',1,'1.00',1,NULL),(1718,'100','SERVISS001','111111111111111',1,'1.00',1,NULL),(1719,'101','PBSSS5G901','352570061860249',1,'1398.50',1,NULL),(1754,'103','PSN2562341','895110133001544640',1,'0.50',1,NULL),(1752,'103','PSN2562341','895110133001544638',1,'0.50',1,NULL),(1751,'103','PSN2562341','895110133001544637',1,'0.50',1,NULL),(1748,'103','PBSXE4E211','359221063735046',1,'8.50',1,NULL),(1749,'103','PBSXE4E211','359221063735061',1,'8.50',1,NULL),(1750,'103','PSN2562341','895110133001544636',1,'0.50',1,NULL),(1753,'103','PSN2562341','895110133001544639',1,'0.50',1,NULL),(1747,'103','PBSXE4E211','359221063735012',1,'8.50',1,NULL),(1745,'103','PBSXE4E211','359221063734486',1,'8.50',1,NULL),(1746,'103','PBSXE4E211','359221063734494',1,'8.50',1,NULL),(1744,'103','PBSXE4E212','359221063694599',1,'8.50',1,NULL),(1742,'103','PBSXE4E212','359221063694474',1,'8.50',1,NULL),(1743,'103','PBSXE4E212','359221063694532',1,'8.50',1,NULL),(1740,'103','PBSXE4E212','359221063686835',1,'8.50',1,NULL),(1741,'103','PBSXE4E212','359221063687148',1,'8.50',1,NULL),(1755,'103','PSN2562341','895110133001544641',1,'0.50',1,NULL),(1756,'103','PSN2562341','895110133001544642',1,'0.50',1,NULL),(1757,'103','PSN2562341','895110133001544643',1,'0.50',1,NULL),(1758,'103','PSN2562341','895110133001544644',1,'0.50',1,NULL),(1759,'103','PSN2562341','895110133001544645',1,'0.50',1,NULL),(1760,'104','PBIP5S1602','13968005196236',1,'0.00',1,NULL),(1761,'104','PBIP5S1602','13968005210664',1,'0.00',1,NULL),(1762,'104','PSN2562341','895110123001057390',1,'0.00',1,NULL),(1763,'104','PSN2562341','895110123001057391',1,'0.00',1,NULL),(1764,'105','PBLLX80001','356119050041209',1,'8.52',1,NULL),(1765,'105','PBLS106001','353783066918727',1,'8.50',1,NULL),(1766,'105','PBLLX80001','356119050114238',1,'8.52',1,NULL),(1767,'105','PBLS106001','353783066918719',1,'8.50',1,NULL),(1768,'105','PBLS106001','353783066918735',1,'8.50',1,NULL),(1769,'105','PBLS106001','353783066918743',1,'8.50',1,NULL),(1770,'105','PBLS106001','353783066922463',1,'8.50',1,NULL),(1771,'105','PBLS106001','353783066918701',1,'8.50',1,NULL),(1772,'105','PSN2562341','895110123001057392',1,'0.50',1,NULL),(1773,'105','PSN2562341','895110123001057393',1,'0.50',1,NULL),(1774,'105','PSN2562341','895110123001057394',1,'0.50',1,NULL),(1775,'105','PSN2562341','895110123001057395',1,'0.50',1,NULL),(1776,'105','PSN2562341','895110123001057396',1,'0.50',1,NULL),(1777,'105','PSN2562341','895110123001057397',1,'0.50',1,NULL),(1778,'105','PSN2562341','895110123001057398',1,'0.50',1,NULL),(1779,'105','PSN2562341','895110123001057399',1,'0.50',1,NULL),(1780,'106','PBIP4S8001','13591005852655',1,'0.00',1,NULL),(1781,'106','PBIP4S8001','13591006215084',1,'0.00',1,NULL),(1782,'106','PBHUAG6201','865390020510268',1,'0.00',1,NULL),(1783,'106','PBHUAG6201','865390020510383',1,'0.00',1,NULL),(1784,'106','PSN2562341','895110123001057401',1,'0.00',1,NULL),(1785,'106','PSN2562341','895110123001057402',1,'0.00',1,NULL),(1786,'106','PSN2562341','895110123001057403',1,'0.00',1,NULL),(1787,'106','PSN2562341','895110123001057404',1,'0.00',1,NULL),(1788,'107','PBLLX80003','356119050091691',1,'8.51',1,NULL),(1789,'107','PDHE353101','862552027724555',1,'28.50',1,NULL),(1790,'107','PDHE353101','862552027809919',1,'28.50',1,NULL),(1791,'107','PDHE353101','862552027810149',1,'28.50',1,NULL),(1792,'107','PDHE353101','862552027810008',1,'28.50',1,NULL),(1793,'107','PDHE353101','862552027753315',1,'28.50',1,NULL),(1794,'107','PSN2562341','895110133001544652',1,'0.50',1,NULL),(1795,'107','PSN2562341','895110133001544653',1,'0.50',1,NULL),(1796,'107','PSN2562341','895110133001544654',1,'0.50',1,NULL),(1797,'107','PSN2562341','895110133001544655',1,'0.50',1,NULL),(1798,'107','PSN2562341','895110133001544656',1,'0.50',1,NULL),(1799,'107','PSN2562341','895110133001544657',1,'0.50',1,NULL),(1800,'108','PBLS106007','353783067036131',1,'8.50',1,NULL),(1801,'108','PBLS106001','353783066918487',1,'8.50',1,NULL),(1802,'108','PBLS106001','353783066918511',1,'8.50',1,NULL),(1803,'108','PBLS106001','353783066918636',1,'8.50',1,NULL),(1804,'108','PBLS106001','353783066918685',1,'8.50',1,NULL),(1805,'108','PBLS106001','353783067036271',1,'8.50',1,NULL),(1806,'108','PBLS106007','353783066976832',1,'8.50',1,NULL),(1807,'108','PBLS106007','353783066977897',1,'8.50',1,NULL),(1808,'108','PBLS106007','353783067036271',1,'8.50',1,NULL),(1809,'108','PBLS106007','353783066978788',1,'8.50',1,NULL),(1810,'108','PSN2562341','895110123001057430',1,'0.50',1,NULL),(1811,'108','PSN2562341','895110123001057431',1,'0.50',1,NULL),(1812,'108','PSN2562341','895110123001057432',1,'0.50',1,NULL),(1813,'108','PSN2562341','895110123001057433',1,'0.50',1,NULL),(1814,'108','PSN2562341','895110123001057434',1,'0.50',1,NULL),(1815,'108','PSN2562341','895110123001057435',1,'0.50',1,NULL),(1816,'108','PSN2562341','895110123001057436',1,'0.50',1,NULL),(1817,'108','PSN2562341','895110123001057437',1,'0.50',1,NULL),(1818,'108','PSN2562341','895110123001057438',1,'0.50',1,NULL),(1819,'108','PSN2562341','895110123001057439',1,'0.50',1,NULL),(1820,'109','PBLGF60D31','356233061034572',1,'0.50',1,NULL),(1821,'109','PSN2562341','895110123001057405',1,'0.50',1,NULL),(1822,'110','PBLGF60D31','356233061054737',1,'0.50',1,NULL),(1823,'110','PBLGF60D31','356233061035363',1,'0.50',1,NULL),(1824,'110','PSN2562341','895110123001057406',1,'0.50',1,NULL),(1825,'110','PSN2562341','895110123001057407',1,'0.50',1,NULL),(1826,'111','PBSSGS4ME1','357957057739575',1,'0.50',1,NULL),(1827,'111','PSN2562341','895110123001057408',1,'0.50',1,NULL),(1828,'112','PBLGF60D31','356233061035157',1,'0.50',1,NULL),(1829,'112','PBLGF60D32','356233061439987',1,'0.50',1,NULL),(1830,'112','PSN2562341','895110123001057425',1,'0.50',1,NULL),(1831,'112','PSN2562341','895110123001057426',1,'0.50',1,NULL),(1832,'113','PBAZL2N002','359066053977490',1,'51.00',1,NULL),(1833,'113','PBAZL2N002','359066053977722',1,'51.00',1,NULL),(1834,'113','PBLGF60D31','356233061035157',1,'0.50',1,NULL),(1835,'113','PBLGF60D32','356233061439987',1,'0.50',1,NULL),(1836,'113','PBPCDG1401','865834023823970',1,'42.00',1,NULL),(1837,'113','PBPCDG1401','865834023835990',1,'42.00',1,NULL),(1838,'113','PBPCDG1401','865834023854488',1,'42.00',1,NULL),(1839,'113','PSN12834SN','895110052205212170',1,'15.00',1,NULL),(1840,'113','PSN12834SN','895110052205212171',1,'15.00',1,NULL),(1841,'113','PSN12834SN','895110052205212172',1,'15.00',1,NULL),(1842,'113','PSN12834SN','895110052205212166',1,'15.00',1,NULL),(1843,'113','PSN12834SN','895110052205212167',1,'15.00',1,NULL),(1844,'113','PSN12834SN','895110052205212168',1,'15.00',1,NULL),(1845,'113','PSN12834SN','895110052205212169',1,'15.00',1,NULL),(1846,'114','PBVKI12901','353159069869441',1,'51.00',1,NULL),(1847,'114','PBVKI12901','353159069432927',1,'51.00',1,NULL),(1848,'114','PBVKI12901','353159069733985',1,'51.00',1,NULL),(1849,'114','PBVKI12901','353159069802137',1,'51.00',1,NULL),(1850,'114','PBVKI12901','353159068552766',1,'51.00',1,NULL),(1851,'114','PSN12834SN','895110052205212187',1,'15.00',1,NULL),(1852,'114','PSN12834SN','895110052205212188',1,'15.00',1,NULL),(1853,'114','PSN12834SN','895110052205212189',1,'15.00',1,NULL),(1854,'114','PSN12834SN','895110052205212190',1,'15.00',1,NULL),(1855,'114','PSN12834SN','895110052205212191',1,'15.00',1,NULL),(1856,'115','PBAZL2N001','359066052506902',1,'42.00',1,NULL),(1857,'115','PBLLX80001','356119050112075',1,'101.00',1,NULL),(1858,'115','PBLLX80002','356119050165610',1,'101.00',1,NULL),(1859,'115','PBLW320001','356861063629039',1,'42.00',1,NULL),(1860,'115','PBLW320001','356861063632116',1,'42.00',1,NULL),(1861,'115','PBLW320002','351524062977768',1,'42.00',1,NULL),(1862,'115','PBLW320002','356861062653576',1,'42.00',1,NULL),(1863,'115','PSN12834SN','895110052205176556',1,'15.00',1,NULL),(1864,'115','PSN12834SN','895110052205176557',1,'15.00',1,NULL),(1865,'115','PSN12834SN','895110052205176558',1,'15.00',1,NULL),(1866,'115','PSN12834SN','895110052205176559',1,'15.00',1,NULL),(1867,'115','PSN12834SN','895110052205176560',1,'15.00',1,NULL),(1868,'115','PSN12834SN','895110052205176561',1,'15.00',1,NULL),(1869,'115','PSN12834SN','895110052205176562',1,'15.00',1,NULL),(1870,'116','PSN12834SL','895110052005536750',1,'2.00',1,NULL),(1871,'116','PSN12834SL','895110052005536751',1,'2.00',1,NULL),(1872,'116','PSN12834SL','895110052005536752',1,'2.00',1,NULL),(1873,'116','PSN12834SL','895110052005536753',1,'2.00',1,NULL),(1874,'116','PSN12834SL','895110052005536754',1,'2.00',1,NULL),(1875,'116','PSN12834SL','895110052005536755',1,'2.00',1,NULL),(1876,'116','PSN12834SL','895110052005536756',1,'2.00',1,NULL),(1877,'116','PSN12834SL','895110052005536757',1,'2.00',1,NULL),(1878,'116','PSN12834SL','895110052005536758',1,'2.00',1,NULL),(1879,'116','PSN12834SL','895110052005536759',1,'2.00',1,NULL),(1880,'116','PSN12834SL','895110052005536760',1,'2.00',1,NULL),(1881,'116','PSN12834SL','895110052005536761',1,'2.00',1,NULL),(1882,'116','PSN12834SL','895110052005536762',1,'2.00',1,NULL),(1883,'116','PSN12834SL','895110052005536763',1,'2.00',1,NULL),(1884,'116','PSN12834SL','895110052005536764',1,'2.00',1,NULL),(1885,'116','PSN12834SL','895110052005536765',1,'2.00',1,NULL),(1886,'116','PSN12834SL','895110052005536766',1,'2.00',1,NULL),(1887,'116','PSN12834SL','895110052005536767',1,'2.00',1,NULL),(1888,'116','PSN12834SL','895110052005536768',1,'2.00',1,NULL),(1889,'116','PSN12834SL','895110052005536769',1,'2.00',1,NULL),(1890,'116','PSN12834SL','895110052005536770',1,'2.00',1,NULL),(1891,'116','PSN12834SL','895110052005536771',1,'2.00',1,NULL),(1892,'116','PSN12834SL','895110052005536772',1,'2.00',1,NULL),(1893,'116','PSN12834SL','895110052005536773',1,'2.00',1,NULL),(1894,'116','PSN12834SL','895110052005536774',1,'2.00',1,NULL),(1895,'116','PSN12834SL','895110052005536775',1,'2.00',1,NULL),(1896,'116','PSN12834SL','895110052005536776',1,'2.00',1,NULL),(1897,'116','PSN12834SL','895110052005536777',1,'2.00',1,NULL),(1898,'116','PSN12834SL','895110052005536778',1,'2.00',1,NULL),(1899,'116','PSN12834SL','895110052005536779',1,'2.00',1,NULL),(1900,'116','PSN12834SL','895110052005536780',1,'2.00',1,NULL),(1901,'116','PSN12834SL','895110052005536781',1,'2.00',1,NULL),(1902,'116','PSN12834SL','895110052005536782',1,'2.00',1,NULL),(1903,'116','PSN12834SL','895110052005536783',1,'2.00',1,NULL),(1904,'116','PSN12834SL','895110052005536784',1,'2.00',1,NULL),(1905,'116','PSN12834SL','895110052005536785',1,'2.00',1,NULL),(1906,'116','PSN12834SL','895110052005536786',1,'2.00',1,NULL),(1907,'116','PSN12834SL','895110052005536787',1,'2.00',1,NULL),(1908,'116','PSN12834SL','895110052005536788',1,'2.00',1,NULL),(1909,'116','PSN12834SL','895110052005536789',1,'2.00',1,NULL),(1910,'116','PSN12834SL','895110052005536790',1,'2.00',1,NULL),(1911,'116','PSN12834SL','895110052005536791',1,'2.00',1,NULL),(1912,'116','PSN12834SL','895110052005536792',1,'2.00',1,NULL),(1913,'116','PSN12834SL','895110052005536793',1,'2.00',1,NULL),(1914,'116','PSN12834SL','895110052005536794',1,'2.00',1,NULL),(1915,'116','PSN12834SL','895110052005536795',1,'2.00',1,NULL),(1916,'116','PSN12834SL','895110052005536796',1,'2.00',1,NULL),(1917,'116','PSN12834SL','895110052005536797',1,'2.00',1,NULL),(1918,'116','PSN12834SL','895110052005536798',1,'2.00',1,NULL),(1919,'116','PSN12834SL','895110052005536799',1,'2.00',1,NULL),(1920,'116','PSN12834SL','895110052005536800',1,'2.00',1,NULL),(1921,'116','PSN12834SL','895110052005536801',1,'2.00',1,NULL),(1922,'116','PSN12834SL','895110052005536802',1,'2.00',1,NULL),(1923,'116','PSN12834SL','895110052005536803',1,'2.00',1,NULL),(1924,'116','PSN12834SL','895110052005536804',1,'2.00',1,NULL),(1925,'116','PSN12834SL','895110052005536805',1,'2.00',1,NULL),(1926,'116','PSN12834SL','895110052005536806',1,'2.00',1,NULL),(1927,'116','PSN12834SL','895110052005536807',1,'2.00',1,NULL),(1928,'116','PSN12834SL','895110052005536808',1,'2.00',1,NULL),(1929,'116','PSN12834SL','895110052005536809',1,'2.00',1,NULL),(1930,'116','PSN12834SL','895110052005536810',1,'2.00',1,NULL),(1931,'116','PSN12834SL','895110052005536811',1,'2.00',1,NULL),(1932,'116','PSN12834SL','895110052005536812',1,'2.00',1,NULL),(1933,'116','PSN12834SL','895110052005536813',1,'2.00',1,NULL),(1934,'116','PSN12834SL','895110052005536814',1,'2.00',1,NULL),(1935,'116','PSN12834SL','895110052005536815',1,'2.00',1,NULL),(1936,'116','PSN12834SL','895110052005536816',1,'2.00',1,NULL),(1937,'116','PSN12834SL','895110052005536817',1,'2.00',1,NULL),(1938,'116','PSN12834SL','895110052005536818',1,'2.00',1,NULL),(1939,'116','PSN12834SL','895110052005536819',1,'2.00',1,NULL),(1940,'116','PSN12834SL','895110052005536820',1,'2.00',1,NULL),(1941,'116','PSN12834SL','895110052005536821',1,'2.00',1,NULL),(1942,'116','PSN12834SL','895110052005536822',1,'2.00',1,NULL),(1943,'116','PSN12834SL','895110052005536823',1,'2.00',1,NULL),(1944,'116','PSN12834SL','895110052005536824',1,'2.00',1,NULL),(1945,'116','PSN12834SL','895110052005536825',1,'2.00',1,NULL),(1946,'116','PSN12834SL','895110052005536826',1,'2.00',1,NULL),(1947,'116','PSN12834SL','895110052005536827',1,'2.00',1,NULL),(1948,'116','PSN12834SL','895110052005536828',1,'2.00',1,NULL),(1949,'116','PSN12834SL','895110052005536829',1,'2.00',1,NULL),(1950,'116','PSN12834SL','895110052005536830',1,'2.00',1,NULL),(1951,'116','PSN12834SL','895110052005536831',1,'2.00',1,NULL),(1952,'116','PSN12834SL','895110052005536832',1,'2.00',1,NULL),(1953,'116','PSN12834SL','895110052005536833',1,'2.00',1,NULL),(1954,'116','PSN12834SL','895110052005536834',1,'2.00',1,NULL),(1955,'116','PSN12834SL','895110052005536835',1,'2.00',1,NULL),(1956,'116','PSN12834SL','895110052005536836',1,'2.00',1,NULL),(1957,'116','PSN12834SL','895110052005536837',1,'2.00',1,NULL),(1958,'116','PSN12834SL','895110052005536838',1,'2.00',1,NULL),(1959,'116','PSN12834SL','895110052005536839',1,'2.00',1,NULL),(1960,'116','PSN12834SL','895110052005536840',1,'2.00',1,NULL),(1961,'116','PSN12834SL','895110052005536841',1,'2.00',1,NULL),(1962,'116','PSN12834SL','895110052005536842',1,'2.00',1,NULL),(1963,'116','PSN12834SL','895110052005536843',1,'2.00',1,NULL),(1964,'116','PSN12834SL','895110052005536844',1,'2.00',1,NULL),(1965,'116','PSN12834SL','895110052005536845',1,'2.00',1,NULL),(1966,'116','PSN12834SL','895110052005536846',1,'2.00',1,NULL),(1967,'116','PSN12834SL','895110052005536847',1,'2.00',1,NULL),(1968,'116','PSN12834SL','895110052005536848',1,'2.00',1,NULL),(1969,'116','PSN12834SL','895110052005536849',1,'2.00',1,NULL),(1970,'116','PSN12834SL','895110052005536850',1,'2.00',1,NULL),(1971,'116','PSN12834SL','895110052005536851',1,'2.00',1,NULL),(1972,'116','PSN12834SL','895110052005536852',1,'2.00',1,NULL),(1973,'116','PSN12834SL','895110052005536853',1,'2.00',1,NULL),(1974,'116','PSN12834SL','895110052005536854',1,'2.00',1,NULL),(1975,'116','PSN12834SL','895110052005536855',1,'2.00',1,NULL),(1976,'116','PSN12834SL','895110052005536856',1,'2.00',1,NULL),(1977,'116','PSN12834SL','895110052005536857',1,'2.00',1,NULL),(1978,'116','PSN12834SL','895110052005536858',1,'2.00',1,NULL),(1979,'116','PSN12834SL','895110052005536859',1,'2.00',1,NULL),(1980,'116','PSN12834SL','895110052005536860',1,'2.00',1,NULL),(1981,'116','PSN12834SL','895110052005536861',1,'2.00',1,NULL),(1982,'116','PSN12834SL','895110052005536862',1,'2.00',1,NULL),(1983,'116','PSN12834SL','895110052005536863',1,'2.00',1,NULL),(1984,'116','PSN12834SL','895110052005536864',1,'2.00',1,NULL),(1985,'116','PSN12834SL','895110052005536865',1,'2.00',1,NULL),(1986,'116','PSN12834SL','895110052005536866',1,'2.00',1,NULL),(1987,'116','PSN12834SL','895110052005536867',1,'2.00',1,NULL),(1988,'116','PSN12834SL','895110052005536868',1,'2.00',1,NULL),(1989,'116','PSN12834SL','895110052005536869',1,'2.00',1,NULL),(1990,'116','PSN12834SL','895110052005536870',1,'2.00',1,NULL),(1991,'116','PSN12834SL','895110052005536871',1,'2.00',1,NULL),(1992,'116','PSN12834SL','895110052005536872',1,'2.00',1,NULL),(1993,'116','PSN12834SL','895110052005536873',1,'2.00',1,NULL),(1994,'116','PSN12834SL','895110052005536874',1,'2.00',1,NULL),(1995,'116','PSN12834SL','895110052005536875',1,'2.00',1,NULL),(1996,'116','PSN12834SL','895110052005536876',1,'2.00',1,NULL),(1997,'116','PSN12834SL','895110052005536877',1,'2.00',1,NULL),(1998,'116','PSN12834SL','895110052005536878',1,'2.00',1,NULL),(1999,'116','PSN12834SL','895110052005536879',1,'2.00',1,NULL),(2000,'116','PSN12834SL','895110052005536880',1,'2.00',1,NULL),(2001,'116','PSN12834SL','895110052005536881',1,'2.00',1,NULL),(2002,'116','PSN12834SL','895110052005536882',1,'2.00',1,NULL),(2003,'116','PSN12834SL','895110052005536883',1,'2.00',1,NULL),(2004,'116','PSN12834SL','895110052005536884',1,'2.00',1,NULL),(2005,'116','PSN12834SL','895110052005536885',1,'2.00',1,NULL),(2006,'116','PSN12834SL','895110052005536886',1,'2.00',1,NULL),(2007,'116','PSN12834SL','895110052005536887',1,'2.00',1,NULL),(2008,'116','PSN12834SL','895110052005536888',1,'2.00',1,NULL),(2009,'116','PSN12834SL','895110052005536889',1,'2.00',1,NULL),(2010,'116','PSN12834SL','895110052005536890',1,'2.00',1,NULL),(2011,'116','PSN12834SL','895110052005536891',1,'2.00',1,NULL),(2012,'116','PSN12834SL','895110052005536892',1,'2.00',1,NULL),(2013,'116','PSN12834SL','895110052005536893',1,'2.00',1,NULL),(2014,'116','PSN12834SL','895110052005536894',1,'2.00',1,NULL),(2015,'116','PSN12834SL','895110052005536895',1,'2.00',1,NULL),(2016,'116','PSN12834SL','895110052005536896',1,'2.00',1,NULL),(2017,'116','PSN12834SL','895110052005536897',1,'2.00',1,NULL),(2018,'116','PSN12834SL','895110052005536898',1,'2.00',1,NULL),(2019,'116','PSN12834SL','895110052005536899',1,'2.00',1,NULL),(2020,'116','PSN12834SL','895110052005536900',1,'2.00',1,NULL),(2021,'116','PSN12834SL','895110052005536901',1,'2.00',1,NULL),(2022,'116','PSN12834SL','895110052005536902',1,'2.00',1,NULL),(2023,'116','PSN12834SL','895110052005536903',1,'2.00',1,NULL),(2024,'116','PSN12834SL','895110052005536904',1,'2.00',1,NULL),(2025,'116','PSN12834SL','895110052005536905',1,'2.00',1,NULL),(2026,'116','PSN12834SL','895110052005536906',1,'2.00',1,NULL),(2027,'116','PSN12834SL','895110052005536907',1,'2.00',1,NULL),(2028,'116','PSN12834SL','895110052005536908',1,'2.00',1,NULL),(2029,'116','PSN12834SL','895110052005536909',1,'2.00',1,NULL),(2030,'116','PSN12834SL','895110052005536910',1,'2.00',1,NULL),(2031,'116','PSN12834SL','895110052005536911',1,'2.00',1,NULL),(2032,'116','PSN12834SL','895110052005536912',1,'2.00',1,NULL),(2033,'116','PSN12834SL','895110052005536913',1,'2.00',1,NULL),(2034,'116','PSN12834SL','895110052005536914',1,'2.00',1,NULL),(2035,'116','PSN12834SL','895110052005536915',1,'2.00',1,NULL),(2036,'116','PSN12834SL','895110052005536916',1,'2.00',1,NULL),(2037,'116','PSN12834SL','895110052005536917',1,'2.00',1,NULL),(2038,'116','PSN12834SL','895110052005536918',1,'2.00',1,NULL),(2039,'116','PSN12834SL','895110052005536919',1,'2.00',1,NULL),(2040,'116','PSN12834SL','895110052005536920',1,'2.00',1,NULL),(2041,'116','PSN12834SL','895110052005536921',1,'2.00',1,NULL),(2042,'116','PSN12834SL','895110052005536922',1,'2.00',1,NULL),(2043,'116','PSN12834SL','895110052005536923',1,'2.00',1,NULL),(2044,'116','PSN12834SL','895110052005536924',1,'2.00',1,NULL),(2045,'116','PSN12834SL','895110052005536925',1,'2.00',1,NULL),(2046,'116','PSN12834SL','895110052005536926',1,'2.00',1,NULL),(2047,'116','PSN12834SL','895110052005536927',1,'2.00',1,NULL),(2048,'116','PSN12834SL','895110052005536928',1,'2.00',1,NULL),(2049,'116','PSN12834SL','895110052005536929',1,'2.00',1,NULL),(2050,'116','PSN12834SL','895110052005536930',1,'2.00',1,NULL),(2051,'116','PSN12834SL','895110052005536931',1,'2.00',1,NULL),(2052,'116','PSN12834SL','895110052005536932',1,'2.00',1,NULL),(2053,'116','PSN12834SL','895110052005536933',1,'2.00',1,NULL),(2054,'116','PSN12834SL','895110052005536934',1,'2.00',1,NULL),(2055,'116','PSN12834SL','895110052005536935',1,'2.00',1,NULL),(2056,'116','PSN12834SL','895110052005536936',1,'2.00',1,NULL),(2057,'116','PSN12834SL','895110052005536937',1,'2.00',1,NULL),(2058,'116','PSN12834SL','895110052005536938',1,'2.00',1,NULL),(2059,'116','PSN12834SL','895110052005536939',1,'2.00',1,NULL),(2060,'116','PSN12834SL','895110052005536940',1,'2.00',1,NULL),(2061,'116','PSN12834SL','895110052005536941',1,'2.00',1,NULL),(2062,'116','PSN12834SL','895110052005536942',1,'2.00',1,NULL),(2063,'116','PSN12834SL','895110052005536943',1,'2.00',1,NULL),(2064,'116','PSN12834SL','895110052005536944',1,'2.00',1,NULL),(2065,'116','PSN12834SL','895110052005536945',1,'2.00',1,NULL),(2066,'116','PSN12834SL','895110052005536946',1,'2.00',1,NULL),(2067,'116','PSN12834SL','895110052005536947',1,'2.00',1,NULL),(2068,'116','PSN12834SL','895110052005536948',1,'2.00',1,NULL),(2069,'116','PSN12834SL','895110052005536949',1,'2.00',1,NULL);

/*Table structure for table `ingrealmacendetpiezas` */

